{"id":19,"date":"2016-11-25T16:30:13","date_gmt":"2016-11-25T15:30:13","guid":{"rendered":"http:\/\/www.scolaire-collines.com\/lycee-ndc\/?page_id=19"},"modified":"2016-11-25T16:30:13","modified_gmt":"2016-11-25T15:30:13","slug":"etablissement","status":"publish","type":"page","link":"https:\/\/www.scolaire-collines.com\/lycee\/etablissement\/","title":{"rendered":"Etablissement"},"content":{"rendered":"<div id=\"post-2\" class=\"post-2 page hentry category-non-classe clearfix\">\n<div class=\"post-content clearfix\">\n<p><span style=\"font-family: arial,helvetica,sans-serif; color: #000000;\">Un lyc\u00e9e vivant qui\u2026<\/span><\/p>\n<p><span style=\"font-family: arial,helvetica,sans-serif; color: #3366ff;\"> <strong>\u2026accueille chacun avec sa propre histoire :<\/strong><\/span><\/p>\n<p><span style=\"font-family: arial,helvetica,sans-serif; color: #000000;\">gr\u00e2ce \u00e0 :<\/span><br \/>\n<span style=\"font-family: arial,helvetica,sans-serif; color: #000000;\"> &#8211; une remise en confiance des \u00e9l\u00e8ves<\/span><br \/>\n<span style=\"font-family: arial,helvetica,sans-serif; color: #000000;\"> &#8211; un emploi du temps compact et am\u00e9nag\u00e9 selon les besoins<\/span><br \/>\n<span style=\"font-family: arial,helvetica,sans-serif; color: #000000;\"> &#8211; un accueil des \u00e9l\u00e8ves nouvellement arriv\u00e9s en France<\/span><br \/>\n<span style=\"font-family: arial,helvetica,sans-serif; color: #000000;\"> &#8211; une aide aux anciens \u00e9l\u00e8ves pour la poursuite d\u2019\u00e9tudes<\/span><\/p>\n<p><span style=\"font-family: arial,helvetica,sans-serif; color: #000000;\"><strong><span style=\"color: #3366ff;\">\u2026aide chaque jeune dans son d\u00e9veloppement :<\/span> <\/strong><\/span><br \/>\n<span style=\"font-family: arial,helvetica,sans-serif; color: #000000;\"> gr\u00e2ce \u00e0 :<\/span><br \/>\n<span style=\"font-family: arial,helvetica,sans-serif; color: #000000;\"> &#8211; un lien \u00e9troit avec des professionnels et des p\u00e9riodes de formation en entreprises<\/span><br \/>\n<span style=\"font-family: arial,helvetica,sans-serif; color: #000000;\"> &#8211; des ouvertures sur l\u2019ext\u00e9rieur : visites, intervenants, sorties et associations en lien avec l\u2019\u00e9tablissement<\/span><br \/>\n<span style=\"font-family: arial,helvetica,sans-serif; color: #000000;\"> &#8211; des activit\u00e9s du temps de midi<\/span><\/p>\n<p><span style=\"font-family: arial,helvetica,sans-serif; color: #3366ff;\"><strong>\u2026accompagne l\u2019\u00e9ducation de chacun :<\/strong><\/span><br \/>\n<span style=\"font-family: arial,helvetica,sans-serif; color: #000000;\"> gr\u00e2ce \u00e0 :<\/span><br \/>\n<span style=\"font-family: arial,helvetica,sans-serif; color: #000000;\"> &#8211; des effectifs raisonnables encadr\u00e9s par un personnel comp\u00e9tent (\u00e9ducateur, psychologue)<\/span><br \/>\n<span style=\"font-family: arial,helvetica,sans-serif; color: #000000;\"> &#8211; une p\u00e9dagogie adapt\u00e9e avec des r\u00e9alisations concr\u00e8tes<\/span><br \/>\n<span style=\"font-family: arial,helvetica,sans-serif; color: #000000;\"> &#8211; deux secteurs d\u2019activit\u00e9s : b\u00e2timent et tertiaire, dot\u00e9s de mat\u00e9riel performant<\/span><br \/>\n<span style=\"font-family: arial,helvetica,sans-serif; color: #000000;\"> &#8211; des formations allant du pr\u00e9-apprentissage au bac pro.<\/span><\/p>\n<\/div>\n<\/div>\n","protected":false},"excerpt":{"rendered":"<p>Un lyc\u00e9e vivant qui\u2026 \u2026accueille chacun avec sa propre histoire : gr\u00e2ce \u00e0 : &#8211; une remise en confiance des \u00e9l\u00e8ves &#8211; un emploi du temps compact et am\u00e9nag\u00e9 selon [&hellip;]<\/p>\n","protected":false},"author":2,"featured_media":0,"parent":0,"menu_order":0,"comment_status":"closed","ping_status":"closed","template":"","meta":{"_acf_changed":false,"jetpack_post_was_ever_published":false,"footnotes":""},"class_list":["post-19","page","type-page","status-publish","hentry"],"acf":[],"yoast_head":"<!-- This site is optimized with the Yoast SEO plugin v24.2 - https:\/\/yoast.com\/wordpress\/plugins\/seo\/ -->\n<title>Etablissement - Lyc\u00e9e Notre Dame des Collines<\/title>\n<meta name=\"robots\" content=\"index, follow, max-snippet:-1, max-image-preview:large, max-video-preview:-1\" \/>\n<link rel=\"canonical\" href=\"https:\/\/www.scolaire-collines.com\/lycee\/etablissement\/\" \/>\n<meta property=\"og:locale\" content=\"fr_FR\" \/>\n<meta property=\"og:type\" content=\"article\" \/>\n<meta property=\"og:title\" content=\"Etablissement - Lyc\u00e9e Notre Dame des Collines\" \/>\n<meta property=\"og:description\" content=\"Un lyc\u00e9e vivant qui\u2026 \u2026accueille chacun avec sa propre histoire : gr\u00e2ce \u00e0 : &#8211; une remise en confiance des \u00e9l\u00e8ves &#8211; un emploi du temps compact et am\u00e9nag\u00e9 selon [&hellip;]\" \/>\n<meta property=\"og:url\" content=\"https:\/\/www.scolaire-collines.com\/lycee\/etablissement\/\" \/>\n<meta property=\"og:site_name\" content=\"Lyc\u00e9e Notre Dame des Collines\" \/>\n<meta name=\"twitter:card\" content=\"summary_large_image\" \/>\n<meta name=\"twitter:label1\" content=\"Dur\u00e9e de lecture estim\u00e9e\" \/>\n\t<meta name=\"twitter:data1\" content=\"1 minute\" \/>\n<script type=\"application\/ld+json\" class=\"yoast-schema-graph\">{\"@context\":\"https:\/\/schema.org\",\"@graph\":[{\"@type\":\"WebPage\",\"@id\":\"https:\/\/www.scolaire-collines.com\/lycee\/etablissement\/\",\"url\":\"https:\/\/www.scolaire-collines.com\/lycee\/etablissement\/\",\"name\":\"Etablissement - Lyc\u00e9e Notre Dame des Collines\",\"isPartOf\":{\"@id\":\"https:\/\/www.scolaire-collines.com\/lycee\/#website\"},\"datePublished\":\"2016-11-25T15:30:13+00:00\",\"dateModified\":\"2016-11-25T15:30:13+00:00\",\"breadcrumb\":{\"@id\":\"https:\/\/www.scolaire-collines.com\/lycee\/etablissement\/#breadcrumb\"},\"inLanguage\":\"fr-FR\",\"potentialAction\":[{\"@type\":\"ReadAction\",\"target\":[\"https:\/\/www.scolaire-collines.com\/lycee\/etablissement\/\"]}]},{\"@type\":\"BreadcrumbList\",\"@id\":\"https:\/\/www.scolaire-collines.com\/lycee\/etablissement\/#breadcrumb\",\"itemListElement\":[{\"@type\":\"ListItem\",\"position\":1,\"name\":\"Accueil\",\"item\":\"https:\/\/www.scolaire-collines.com\/lycee\/\"},{\"@type\":\"ListItem\",\"position\":2,\"name\":\"Etablissement\"}]},{\"@type\":\"WebSite\",\"@id\":\"https:\/\/www.scolaire-collines.com\/lycee\/#website\",\"url\":\"https:\/\/www.scolaire-collines.com\/lycee\/\",\"name\":\"Lyc\u00e9e Notre Dame des Collines\",\"description\":\"Un lyc\u00e9e pour apprendre et s&#039;\u00e9panouir\",\"potentialAction\":[{\"@type\":\"SearchAction\",\"target\":{\"@type\":\"EntryPoint\",\"urlTemplate\":\"https:\/\/www.scolaire-collines.com\/lycee\/?s={search_term_string}\"},\"query-input\":{\"@type\":\"PropertyValueSpecification\",\"valueRequired\":true,\"valueName\":\"search_term_string\"}}],\"inLanguage\":\"fr-FR\"}]}<\/script>\n<!-- \/ Yoast SEO plugin. -->","yoast_head_json":{"title":"Etablissement - Lyc\u00e9e Notre Dame des Collines","robots":{"index":"index","follow":"follow","max-snippet":"max-snippet:-1","max-image-preview":"max-image-preview:large","max-video-preview":"max-video-preview:-1"},"canonical":"https:\/\/www.scolaire-collines.com\/lycee\/etablissement\/","og_locale":"fr_FR","og_type":"article","og_title":"Etablissement - Lyc\u00e9e Notre Dame des Collines","og_description":"Un lyc\u00e9e vivant qui\u2026 \u2026accueille chacun avec sa propre histoire : gr\u00e2ce \u00e0 : &#8211; une remise en confiance des \u00e9l\u00e8ves &#8211; un emploi du temps compact et am\u00e9nag\u00e9 selon [&hellip;]","og_url":"https:\/\/www.scolaire-collines.com\/lycee\/etablissement\/","og_site_name":"Lyc\u00e9e Notre Dame des Collines","twitter_card":"summary_large_image","twitter_misc":{"Dur\u00e9e de lecture estim\u00e9e":"1 minute"},"schema":{"@context":"https:\/\/schema.org","@graph":[{"@type":"WebPage","@id":"https:\/\/www.scolaire-collines.com\/lycee\/etablissement\/","url":"https:\/\/www.scolaire-collines.com\/lycee\/etablissement\/","name":"Etablissement - Lyc\u00e9e Notre Dame des Collines","isPartOf":{"@id":"https:\/\/www.scolaire-collines.com\/lycee\/#website"},"datePublished":"2016-11-25T15:30:13+00:00","dateModified":"2016-11-25T15:30:13+00:00","breadcrumb":{"@id":"https:\/\/www.scolaire-collines.com\/lycee\/etablissement\/#breadcrumb"},"inLanguage":"fr-FR","potentialAction":[{"@type":"ReadAction","target":["https:\/\/www.scolaire-collines.com\/lycee\/etablissement\/"]}]},{"@type":"BreadcrumbList","@id":"https:\/\/www.scolaire-collines.com\/lycee\/etablissement\/#breadcrumb","itemListElement":[{"@type":"ListItem","position":1,"name":"Accueil","item":"https:\/\/www.scolaire-collines.com\/lycee\/"},{"@type":"ListItem","position":2,"name":"Etablissement"}]},{"@type":"WebSite","@id":"https:\/\/www.scolaire-collines.com\/lycee\/#website","url":"https:\/\/www.scolaire-collines.com\/lycee\/","name":"Lyc\u00e9e Notre Dame des Collines","description":"Un lyc\u00e9e pour apprendre et s&#039;\u00e9panouir","potentialAction":[{"@type":"SearchAction","target":{"@type":"EntryPoint","urlTemplate":"https:\/\/www.scolaire-collines.com\/lycee\/?s={search_term_string}"},"query-input":{"@type":"PropertyValueSpecification","valueRequired":true,"valueName":"search_term_string"}}],"inLanguage":"fr-FR"}]}},"jetpack_sharing_enabled":true,"jetpack_shortlink":"https:\/\/wp.me\/P9EMeB-j","jetpack-related-posts":[],"_links":{"self":[{"href":"https:\/\/www.scolaire-collines.com\/lycee\/wp-json\/wp\/v2\/pages\/19","targetHints":{"allow":["GET"]}}],"collection":[{"href":"https:\/\/www.scolaire-collines.com\/lycee\/wp-json\/wp\/v2\/pages"}],"about":[{"href":"https:\/\/www.scolaire-collines.com\/lycee\/wp-json\/wp\/v2\/types\/page"}],"author":[{"embeddable":true,"href":"https:\/\/www.scolaire-collines.com\/lycee\/wp-json\/wp\/v2\/users\/2"}],"replies":[{"embeddable":true,"href":"https:\/\/www.scolaire-collines.com\/lycee\/wp-json\/wp\/v2\/comments?post=19"}],"version-history":[{"count":1,"href":"https:\/\/www.scolaire-collines.com\/lycee\/wp-json\/wp\/v2\/pages\/19\/revisions"}],"predecessor-version":[{"id":20,"href":"https:\/\/www.scolaire-collines.com\/lycee\/wp-json\/wp\/v2\/pages\/19\/revisions\/20"}],"wp:attachment":[{"href":"https:\/\/www.scolaire-collines.com\/lycee\/wp-json\/wp\/v2\/media?parent=19"}],"curies":[{"name":"wp","href":"https:\/\/api.w.org\/{rel}","templated":true}]}}

<div id="post-2" class="post-2 page hentry category-non-classe clearfix">
<div class="post-content clearfix">
<p><span style="font-family: arial,helvetica,sans-serif; color: #000000;">Un lycée vivant qui…</span></p>
<p><span style="font-family: arial,helvetica,sans-serif; color: #3366ff;"> <strong>…accueille chacun avec sa propre histoire :</strong></span></p>
<p><span style="font-family: arial,helvetica,sans-serif; color: #000000;">grâce à :</span><br />
<span style="font-family: arial,helvetica,sans-serif; color: #000000;"> &#8211; une remise en confiance des élèves</span><br />
<span style="font-family: arial,helvetica,sans-serif; color: #000000;"> &#8211; un emploi du temps compact et aménagé selon les besoins</span><br />
<span style="font-family: arial,helvetica,sans-serif; color: #000000;"> &#8211; un accueil des élèves nouvellement arrivés en France</span><br />
<span style="font-family: arial,helvetica,sans-serif; color: #000000;"> &#8211; une aide aux anciens élèves pour la poursuite d’études</span></p>
<p><span style="font-family: arial,helvetica,sans-serif; color: #000000;"><strong><span style="color: #3366ff;">…aide chaque jeune dans son développement :</span> </strong></span><br />
<span style="font-family: arial,helvetica,sans-serif; color: #000000;"> grâce à :</span><br />
<span style="font-family: arial,helvetica,sans-serif; color: #000000;"> &#8211; un lien étroit avec des professionnels et des périodes de formation en entreprises</span><br />
<span style="font-family: arial,helvetica,sans-serif; color: #000000;"> &#8211; des ouvertures sur l’extérieur : visites, intervenants, sorties et associations en lien avec l’établissement</span><br />
<span style="font-family: arial,helvetica,sans-serif; color: #000000;"> &#8211; des activités du temps de midi</span></p>
<p><span style="font-family: arial,helvetica,sans-serif; color: #3366ff;"><strong>…accompagne l’éducation de chacun :</strong></span><br />
<span style="font-family: arial,helvetica,sans-serif; color: #000000;"> grâce à :</span><br />
<span style="font-family: arial,helvetica,sans-serif; color: #000000;"> &#8211; des effectifs raisonnables encadrés par un personnel compétent (éducateur, psychologue)</span><br />
<span style="font-family: arial,helvetica,sans-serif; color: #000000;"> &#8211; une pédagogie adaptée avec des réalisations concrètes</span><br />
<span style="font-family: arial,helvetica,sans-serif; color: #000000;"> &#8211; deux secteurs d’activités : bâtiment et tertiaire, dotés de matériel performant</span><br />
<span style="font-family: arial,helvetica,sans-serif; color: #000000;"> &#8211; des formations allant du pré-apprentissage au bac pro.</span></p>
</div>
</div>

<p>Un lycée vivant qui… …accueille chacun avec sa propre histoire : grâce à : &#8211; une remise en confiance des élèves &#8211; un emploi du temps compact et aménagé selon [&hellip;]</p>

<!-- This site is optimized with the Yoast SEO plugin v24.2 - https://yoast.com/wordpress/plugins/seo/ -->
<title>Etablissement - Lycée Notre Dame des Collines</title>
<meta name="robots" content="index, follow, max-snippet:-1, max-image-preview:large, max-video-preview:-1" />
<link rel="canonical" href="https://www.scolaire-collines.com/lycee/etablissement/" />
<meta property="og:locale" content="fr_FR" />
<meta property="og:type" content="article" />
<meta property="og:title" content="Etablissement - Lycée Notre Dame des Collines" />
<meta property="og:description" content="Un lycée vivant qui… …accueille chacun avec sa propre histoire : grâce à : &#8211; une remise en confiance des élèves &#8211; un emploi du temps compact et aménagé selon [&hellip;]" />
<meta property="og:url" content="https://www.scolaire-collines.com/lycee/etablissement/" />
<meta property="og:site_name" content="Lycée Notre Dame des Collines" />
<meta name="twitter:card" content="summary_large_image" />
<meta name="twitter:label1" content="Durée de lecture estimée" />
	<meta name="twitter:data1" content="1 minute" />
<script type="application/ld+json" class="yoast-schema-graph">{"@context":"https://schema.org","@graph":[{"@type":"WebPage","@id":"https://www.scolaire-collines.com/lycee/etablissement/","url":"https://www.scolaire-collines.com/lycee/etablissement/","name":"Etablissement - Lycée Notre Dame des Collines","isPartOf":{"@id":"https://www.scolaire-collines.com/lycee/#website"},"datePublished":"2016-11-25T15:30:13+00:00","dateModified":"2016-11-25T15:30:13+00:00","breadcrumb":{"@id":"https://www.scolaire-collines.com/lycee/etablissement/#breadcrumb"},"inLanguage":"fr-FR","potentialAction":[{"@type":"ReadAction","target":["https://www.scolaire-collines.com/lycee/etablissement/"]}]},{"@type":"BreadcrumbList","@id":"https://www.scolaire-collines.com/lycee/etablissement/#breadcrumb","itemListElement":[{"@type":"ListItem","position":1,"name":"Accueil","item":"https://www.scolaire-collines.com/lycee/"},{"@type":"ListItem","position":2,"name":"Etablissement"}]},{"@type":"WebSite","@id":"https://www.scolaire-collines.com/lycee/#website","url":"https://www.scolaire-collines.com/lycee/","name":"Lycée Notre Dame des Collines","description":"Un lycée pour apprendre et s&#039;épanouir","potentialAction":[{"@type":"SearchAction","target":{"@type":"EntryPoint","urlTemplate":"https://www.scolaire-collines.com/lycee/?s={search_term_string}"},"query-input":{"@type":"PropertyValueSpecification","valueRequired":true,"valueName":"search_term_string"}}],"inLanguage":"fr-FR"}]}</script>
<!-- / Yoast SEO plugin. -->

Etablissement - Lycée Notre Dame des Collines

Un lycée vivant qui… …accueille chacun avec sa propre histoire : grâce à : &#8211; une remise en confiance des élèves &#8211; un emploi du temps compact et aménagé selon [&hellip;]

Lycée Notre Dame des Collines

Un lycée pour apprendre et s&#039;épanouir
