{"id":716,"date":"2016-11-28T16:00:19","date_gmt":"2016-11-28T15:00:19","guid":{"rendered":"http:\/\/www.scolaire-collines.com\/college\/?page_id=716"},"modified":"2016-11-28T16:42:08","modified_gmt":"2016-11-28T15:42:08","slug":"groupe-musique","status":"publish","type":"page","link":"https:\/\/www.scolaire-collines.com\/college\/infos-pratiques\/les-activites-du-temps-de-midi\/groupe-musique\/","title":{"rendered":"Atelier Rock"},"content":{"rendered":"<p><strong><a href=\"http:\/\/www.scolaire-collines.com\/college\/wp-content\/uploads\/2011\/01\/musiciens.jpg\"><img loading=\"lazy\" decoding=\"async\" class=\"aligncenter size-full wp-image-717\" title=\"musiciens\" src=\"http:\/\/www.scolaire-collines.com\/college\/wp-content\/uploads\/2011\/01\/musiciens.jpg\" alt=\"\" width=\"320\" height=\"213\" \/><\/a><\/strong><\/p>\n<p style=\"text-align: justify;\"><span style=\"font-family: arial,helvetica,sans-serif;\">Cette activit\u00e9 du temps de midi est reconduite cette ann\u00e9e et, comme l\u2019an pass\u00e9, elle s\u2019adresse \u00e0 tous les \u00e9l\u00e8ves \u2013 motiv\u00e9s &#8211; ayant une pratique instrumentale, d\u00e9butante ou confirm\u00e9e. L\u2019objet de cette activit\u00e9 est de jouer en groupe, de reprendre des morceaux d\u2019un r\u00e9pertoire actuel, plut\u00f4t pop-rock, et de progresser dans la ma\u00eetrise de son instrument. L\u2019an pass\u00e9, le groupe a donn\u00e9 deux\u00a0 mini-concerts, l\u2019un pour le spectacle de fin d\u2019ann\u00e9e \u00e0 l\u2019\u00e9cole Notre-Dame des Collines, et l\u2019autre \u00e0 la salle des f\u00eates de Rive-de-Gier, pendant l\u2019entracte de la repr\u00e9sentation\u00a0th\u00e9\u00e2trale. En ce qui concerne cette ann\u00e9e, les objectifs sont les m\u00eames. Cette activit\u00e9 est encadr\u00e9e par MM. D\u2019Aversa et Hamm, deux professeurs du coll\u00e8ge.<\/span><\/p>\n<p><span style=\"font-family: arial,helvetica,sans-serif;\"><a href=\"http:\/\/www.scolaire-collines.com\/college\/wp-content\/uploads\/2011\/01\/les-chanteuses.jpg\"><img loading=\"lazy\" decoding=\"async\" class=\"aligncenter size-full wp-image-718\" title=\"les chanteuses\" src=\"http:\/\/www.scolaire-collines.com\/college\/wp-content\/uploads\/2011\/01\/les-chanteuses.jpg\" alt=\"\" width=\"312\" height=\"208\" \/><\/a><\/span><\/p>\n","protected":false},"excerpt":{"rendered":"<p>Cette activit\u00e9 du temps de midi est reconduite cette ann\u00e9e et, comme l\u2019an pass\u00e9, elle s\u2019adresse \u00e0 tous les \u00e9l\u00e8ves \u2013 motiv\u00e9s &#8211; ayant une pratique instrumentale, d\u00e9butante ou confirm\u00e9e. L\u2019objet de cette activit\u00e9 est de jouer en groupe, de reprendre des morceaux d\u2019un r\u00e9pertoire actuel, plut\u00f4t pop-rock, et de progresser dans la ma\u00eetrise de [&hellip;]<\/p>\n","protected":false},"author":1,"featured_media":0,"parent":695,"menu_order":2,"comment_status":"closed","ping_status":"closed","template":"","meta":{"_acf_changed":false,"_et_pb_use_builder":"","_et_pb_old_content":"","_et_gb_content_width":"","footnotes":""},"class_list":["post-716","page","type-page","status-publish","hentry"],"acf":[],"yoast_head":"<!-- This site is optimized with the Yoast SEO plugin v27.4 - https:\/\/yoast.com\/product\/yoast-seo-wordpress\/ -->\n<title>Atelier Rock - Coll\u00e8ge Notre-Dame des Collines<\/title>\n<meta name=\"robots\" content=\"index, follow, max-snippet:-1, max-image-preview:large, max-video-preview:-1\" \/>\n<link rel=\"canonical\" href=\"https:\/\/www.scolaire-collines.com\/college\/infos-pratiques\/les-activites-du-temps-de-midi\/groupe-musique\/\" \/>\n<meta property=\"og:locale\" content=\"fr_FR\" \/>\n<meta property=\"og:type\" content=\"article\" \/>\n<meta property=\"og:title\" content=\"Atelier Rock - Coll\u00e8ge Notre-Dame des Collines\" \/>\n<meta property=\"og:description\" content=\"Cette activit\u00e9 du temps de midi est reconduite cette ann\u00e9e et, comme l\u2019an pass\u00e9, elle s\u2019adresse \u00e0 tous les \u00e9l\u00e8ves \u2013 motiv\u00e9s &#8211; ayant une pratique instrumentale, d\u00e9butante ou confirm\u00e9e. L\u2019objet de cette activit\u00e9 est de jouer en groupe, de reprendre des morceaux d\u2019un r\u00e9pertoire actuel, plut\u00f4t pop-rock, et de progresser dans la ma\u00eetrise de [&hellip;]\" \/>\n<meta property=\"og:url\" content=\"https:\/\/www.scolaire-collines.com\/college\/infos-pratiques\/les-activites-du-temps-de-midi\/groupe-musique\/\" \/>\n<meta property=\"og:site_name\" content=\"Coll\u00e8ge Notre-Dame des Collines\" \/>\n<meta property=\"article:modified_time\" content=\"2016-11-28T15:42:08+00:00\" \/>\n<meta property=\"og:image\" content=\"http:\/\/www.scolaire-collines.com\/college\/wp-content\/uploads\/2011\/01\/musiciens.jpg\" \/>\n<meta name=\"twitter:card\" content=\"summary_large_image\" \/>\n<meta name=\"twitter:label1\" content=\"Dur\u00e9e de lecture estim\u00e9e\" \/>\n\t<meta name=\"twitter:data1\" content=\"1 minute\" \/>\n<script type=\"application\/ld+json\" class=\"yoast-schema-graph\">{\"@context\":\"https:\\\/\\\/schema.org\",\"@graph\":[{\"@type\":\"WebPage\",\"@id\":\"https:\\\/\\\/www.scolaire-collines.com\\\/college\\\/infos-pratiques\\\/les-activites-du-temps-de-midi\\\/groupe-musique\\\/\",\"url\":\"https:\\\/\\\/www.scolaire-collines.com\\\/college\\\/infos-pratiques\\\/les-activites-du-temps-de-midi\\\/groupe-musique\\\/\",\"name\":\"Atelier Rock - Coll\u00e8ge Notre-Dame des Collines\",\"isPartOf\":{\"@id\":\"https:\\\/\\\/www.scolaire-collines.com\\\/college\\\/#website\"},\"primaryImageOfPage\":{\"@id\":\"https:\\\/\\\/www.scolaire-collines.com\\\/college\\\/infos-pratiques\\\/les-activites-du-temps-de-midi\\\/groupe-musique\\\/#primaryimage\"},\"image\":{\"@id\":\"https:\\\/\\\/www.scolaire-collines.com\\\/college\\\/infos-pratiques\\\/les-activites-du-temps-de-midi\\\/groupe-musique\\\/#primaryimage\"},\"thumbnailUrl\":\"http:\\\/\\\/www.scolaire-collines.com\\\/college\\\/wp-content\\\/uploads\\\/2011\\\/01\\\/musiciens.jpg\",\"datePublished\":\"2016-11-28T15:00:19+00:00\",\"dateModified\":\"2016-11-28T15:42:08+00:00\",\"breadcrumb\":{\"@id\":\"https:\\\/\\\/www.scolaire-collines.com\\\/college\\\/infos-pratiques\\\/les-activites-du-temps-de-midi\\\/groupe-musique\\\/#breadcrumb\"},\"inLanguage\":\"fr-FR\",\"potentialAction\":[{\"@type\":\"ReadAction\",\"target\":[\"https:\\\/\\\/www.scolaire-collines.com\\\/college\\\/infos-pratiques\\\/les-activites-du-temps-de-midi\\\/groupe-musique\\\/\"]}]},{\"@type\":\"ImageObject\",\"inLanguage\":\"fr-FR\",\"@id\":\"https:\\\/\\\/www.scolaire-collines.com\\\/college\\\/infos-pratiques\\\/les-activites-du-temps-de-midi\\\/groupe-musique\\\/#primaryimage\",\"url\":\"http:\\\/\\\/www.scolaire-collines.com\\\/college\\\/wp-content\\\/uploads\\\/2011\\\/01\\\/musiciens.jpg\",\"contentUrl\":\"http:\\\/\\\/www.scolaire-collines.com\\\/college\\\/wp-content\\\/uploads\\\/2011\\\/01\\\/musiciens.jpg\"},{\"@type\":\"BreadcrumbList\",\"@id\":\"https:\\\/\\\/www.scolaire-collines.com\\\/college\\\/infos-pratiques\\\/les-activites-du-temps-de-midi\\\/groupe-musique\\\/#breadcrumb\",\"itemListElement\":[{\"@type\":\"ListItem\",\"position\":1,\"name\":\"Accueil\",\"item\":\"https:\\\/\\\/www.scolaire-collines.com\\\/college\\\/\"},{\"@type\":\"ListItem\",\"position\":2,\"name\":\"Infos pratiques\",\"item\":\"http:\\\/\\\/www.scolaire-collines.com\\\/college\\\/infos-pratiques\\\/\"},{\"@type\":\"ListItem\",\"position\":3,\"name\":\"Le temps de midi\",\"item\":\"https:\\\/\\\/www.scolaire-collines.com\\\/college\\\/infos-pratiques\\\/les-activites-du-temps-de-midi\\\/\"},{\"@type\":\"ListItem\",\"position\":4,\"name\":\"Atelier Rock\"}]},{\"@type\":\"WebSite\",\"@id\":\"https:\\\/\\\/www.scolaire-collines.com\\\/college\\\/#website\",\"url\":\"https:\\\/\\\/www.scolaire-collines.com\\\/college\\\/\",\"name\":\"Coll\u00e8ge Notre-Dame des Collines\",\"description\":\"Un coll\u00e8ge qui fait grandir\",\"potentialAction\":[{\"@type\":\"SearchAction\",\"target\":{\"@type\":\"EntryPoint\",\"urlTemplate\":\"https:\\\/\\\/www.scolaire-collines.com\\\/college\\\/?s={search_term_string}\"},\"query-input\":{\"@type\":\"PropertyValueSpecification\",\"valueRequired\":true,\"valueName\":\"search_term_string\"}}],\"inLanguage\":\"fr-FR\"}]}<\/script>\n<!-- \/ Yoast SEO plugin. -->","yoast_head_json":{"title":"Atelier Rock - Coll\u00e8ge Notre-Dame des Collines","robots":{"index":"index","follow":"follow","max-snippet":"max-snippet:-1","max-image-preview":"max-image-preview:large","max-video-preview":"max-video-preview:-1"},"canonical":"https:\/\/www.scolaire-collines.com\/college\/infos-pratiques\/les-activites-du-temps-de-midi\/groupe-musique\/","og_locale":"fr_FR","og_type":"article","og_title":"Atelier Rock - Coll\u00e8ge Notre-Dame des Collines","og_description":"Cette activit\u00e9 du temps de midi est reconduite cette ann\u00e9e et, comme l\u2019an pass\u00e9, elle s\u2019adresse \u00e0 tous les \u00e9l\u00e8ves \u2013 motiv\u00e9s &#8211; ayant une pratique instrumentale, d\u00e9butante ou confirm\u00e9e. L\u2019objet de cette activit\u00e9 est de jouer en groupe, de reprendre des morceaux d\u2019un r\u00e9pertoire actuel, plut\u00f4t pop-rock, et de progresser dans la ma\u00eetrise de [&hellip;]","og_url":"https:\/\/www.scolaire-collines.com\/college\/infos-pratiques\/les-activites-du-temps-de-midi\/groupe-musique\/","og_site_name":"Coll\u00e8ge Notre-Dame des Collines","article_modified_time":"2016-11-28T15:42:08+00:00","og_image":[{"url":"http:\/\/www.scolaire-collines.com\/college\/wp-content\/uploads\/2011\/01\/musiciens.jpg","type":"","width":"","height":""}],"twitter_card":"summary_large_image","twitter_misc":{"Dur\u00e9e de lecture estim\u00e9e":"1 minute"},"schema":{"@context":"https:\/\/schema.org","@graph":[{"@type":"WebPage","@id":"https:\/\/www.scolaire-collines.com\/college\/infos-pratiques\/les-activites-du-temps-de-midi\/groupe-musique\/","url":"https:\/\/www.scolaire-collines.com\/college\/infos-pratiques\/les-activites-du-temps-de-midi\/groupe-musique\/","name":"Atelier Rock - Coll\u00e8ge Notre-Dame des Collines","isPartOf":{"@id":"https:\/\/www.scolaire-collines.com\/college\/#website"},"primaryImageOfPage":{"@id":"https:\/\/www.scolaire-collines.com\/college\/infos-pratiques\/les-activites-du-temps-de-midi\/groupe-musique\/#primaryimage"},"image":{"@id":"https:\/\/www.scolaire-collines.com\/college\/infos-pratiques\/les-activites-du-temps-de-midi\/groupe-musique\/#primaryimage"},"thumbnailUrl":"http:\/\/www.scolaire-collines.com\/college\/wp-content\/uploads\/2011\/01\/musiciens.jpg","datePublished":"2016-11-28T15:00:19+00:00","dateModified":"2016-11-28T15:42:08+00:00","breadcrumb":{"@id":"https:\/\/www.scolaire-collines.com\/college\/infos-pratiques\/les-activites-du-temps-de-midi\/groupe-musique\/#breadcrumb"},"inLanguage":"fr-FR","potentialAction":[{"@type":"ReadAction","target":["https:\/\/www.scolaire-collines.com\/college\/infos-pratiques\/les-activites-du-temps-de-midi\/groupe-musique\/"]}]},{"@type":"ImageObject","inLanguage":"fr-FR","@id":"https:\/\/www.scolaire-collines.com\/college\/infos-pratiques\/les-activites-du-temps-de-midi\/groupe-musique\/#primaryimage","url":"http:\/\/www.scolaire-collines.com\/college\/wp-content\/uploads\/2011\/01\/musiciens.jpg","contentUrl":"http:\/\/www.scolaire-collines.com\/college\/wp-content\/uploads\/2011\/01\/musiciens.jpg"},{"@type":"BreadcrumbList","@id":"https:\/\/www.scolaire-collines.com\/college\/infos-pratiques\/les-activites-du-temps-de-midi\/groupe-musique\/#breadcrumb","itemListElement":[{"@type":"ListItem","position":1,"name":"Accueil","item":"https:\/\/www.scolaire-collines.com\/college\/"},{"@type":"ListItem","position":2,"name":"Infos pratiques","item":"http:\/\/www.scolaire-collines.com\/college\/infos-pratiques\/"},{"@type":"ListItem","position":3,"name":"Le temps de midi","item":"https:\/\/www.scolaire-collines.com\/college\/infos-pratiques\/les-activites-du-temps-de-midi\/"},{"@type":"ListItem","position":4,"name":"Atelier Rock"}]},{"@type":"WebSite","@id":"https:\/\/www.scolaire-collines.com\/college\/#website","url":"https:\/\/www.scolaire-collines.com\/college\/","name":"Coll\u00e8ge Notre-Dame des Collines","description":"Un coll\u00e8ge qui fait grandir","potentialAction":[{"@type":"SearchAction","target":{"@type":"EntryPoint","urlTemplate":"https:\/\/www.scolaire-collines.com\/college\/?s={search_term_string}"},"query-input":{"@type":"PropertyValueSpecification","valueRequired":true,"valueName":"search_term_string"}}],"inLanguage":"fr-FR"}]}},"_links":{"self":[{"href":"https:\/\/www.scolaire-collines.com\/college\/wp-json\/wp\/v2\/pages\/716","targetHints":{"allow":["GET"]}}],"collection":[{"href":"https:\/\/www.scolaire-collines.com\/college\/wp-json\/wp\/v2\/pages"}],"about":[{"href":"https:\/\/www.scolaire-collines.com\/college\/wp-json\/wp\/v2\/types\/page"}],"author":[{"embeddable":true,"href":"https:\/\/www.scolaire-collines.com\/college\/wp-json\/wp\/v2\/users\/1"}],"replies":[{"embeddable":true,"href":"https:\/\/www.scolaire-collines.com\/college\/wp-json\/wp\/v2\/comments?post=716"}],"version-history":[{"count":2,"href":"https:\/\/www.scolaire-collines.com\/college\/wp-json\/wp\/v2\/pages\/716\/revisions"}],"predecessor-version":[{"id":2183,"href":"https:\/\/www.scolaire-collines.com\/college\/wp-json\/wp\/v2\/pages\/716\/revisions\/2183"}],"up":[{"embeddable":true,"href":"https:\/\/www.scolaire-collines.com\/college\/wp-json\/wp\/v2\/pages\/695"}],"wp:attachment":[{"href":"https:\/\/www.scolaire-collines.com\/college\/wp-json\/wp\/v2\/media?parent=716"}],"curies":[{"name":"wp","href":"https:\/\/api.w.org\/{rel}","templated":true}]}}

<p><strong><a href="http://www.scolaire-collines.com/college/wp-content/uploads/2011/01/musiciens.jpg"><img loading="lazy" decoding="async" class="aligncenter size-full wp-image-717" title="musiciens" src="http://www.scolaire-collines.com/college/wp-content/uploads/2011/01/musiciens.jpg" alt="" width="320" height="213" /></a></strong></p>
<p style="text-align: justify;"><span style="font-family: arial,helvetica,sans-serif;">Cette activité du temps de midi est reconduite cette année et, comme l’an passé, elle s’adresse à tous les élèves – motivés &#8211; ayant une pratique instrumentale, débutante ou confirmée. L’objet de cette activité est de jouer en groupe, de reprendre des morceaux d’un répertoire actuel, plutôt pop-rock, et de progresser dans la maîtrise de son instrument. L’an passé, le groupe a donné deux  mini-concerts, l’un pour le spectacle de fin d’année à l’école Notre-Dame des Collines, et l’autre à la salle des fêtes de Rive-de-Gier, pendant l’entracte de la représentation théâtrale. En ce qui concerne cette année, les objectifs sont les mêmes. Cette activité est encadrée par MM. D’Aversa et Hamm, deux professeurs du collège.</span></p>
<p><span style="font-family: arial,helvetica,sans-serif;"><a href="http://www.scolaire-collines.com/college/wp-content/uploads/2011/01/les-chanteuses.jpg"><img loading="lazy" decoding="async" class="aligncenter size-full wp-image-718" title="les chanteuses" src="http://www.scolaire-collines.com/college/wp-content/uploads/2011/01/les-chanteuses.jpg" alt="" width="312" height="208" /></a></span></p>

<p>Cette activité du temps de midi est reconduite cette année et, comme l’an passé, elle s’adresse à tous les élèves – motivés &#8211; ayant une pratique instrumentale, débutante ou confirmée. L’objet de cette activité est de jouer en groupe, de reprendre des morceaux d’un répertoire actuel, plutôt pop-rock, et de progresser dans la maîtrise de [&hellip;]</p>

<!-- This site is optimized with the Yoast SEO plugin v27.4 - https://yoast.com/product/yoast-seo-wordpress/ -->
<title>Atelier Rock - Collège Notre-Dame des Collines</title>
<meta name="robots" content="index, follow, max-snippet:-1, max-image-preview:large, max-video-preview:-1" />
<link rel="canonical" href="https://www.scolaire-collines.com/college/infos-pratiques/les-activites-du-temps-de-midi/groupe-musique/" />
<meta property="og:locale" content="fr_FR" />
<meta property="og:type" content="article" />
<meta property="og:title" content="Atelier Rock - Collège Notre-Dame des Collines" />
<meta property="og:description" content="Cette activité du temps de midi est reconduite cette année et, comme l’an passé, elle s’adresse à tous les élèves – motivés &#8211; ayant une pratique instrumentale, débutante ou confirmée. L’objet de cette activité est de jouer en groupe, de reprendre des morceaux d’un répertoire actuel, plutôt pop-rock, et de progresser dans la maîtrise de [&hellip;]" />
<meta property="og:url" content="https://www.scolaire-collines.com/college/infos-pratiques/les-activites-du-temps-de-midi/groupe-musique/" />
<meta property="og:site_name" content="Collège Notre-Dame des Collines" />
<meta property="article:modified_time" content="2016-11-28T15:42:08+00:00" />
<meta property="og:image" content="http://www.scolaire-collines.com/college/wp-content/uploads/2011/01/musiciens.jpg" />
<meta name="twitter:card" content="summary_large_image" />
<meta name="twitter:label1" content="Durée de lecture estimée" />
	<meta name="twitter:data1" content="1 minute" />
<script type="application/ld+json" class="yoast-schema-graph">{"@context":"https:\/\/schema.org","@graph":[{"@type":"WebPage","@id":"https:\/\/www.scolaire-collines.com\/college\/infos-pratiques\/les-activites-du-temps-de-midi\/groupe-musique\/","url":"https:\/\/www.scolaire-collines.com\/college\/infos-pratiques\/les-activites-du-temps-de-midi\/groupe-musique\/","name":"Atelier Rock - Collège Notre-Dame des Collines","isPartOf":{"@id":"https:\/\/www.scolaire-collines.com\/college\/#website"},"primaryImageOfPage":{"@id":"https:\/\/www.scolaire-collines.com\/college\/infos-pratiques\/les-activites-du-temps-de-midi\/groupe-musique\/#primaryimage"},"image":{"@id":"https:\/\/www.scolaire-collines.com\/college\/infos-pratiques\/les-activites-du-temps-de-midi\/groupe-musique\/#primaryimage"},"thumbnailUrl":"http:\/\/www.scolaire-collines.com\/college\/wp-content\/uploads\/2011\/01\/musiciens.jpg","datePublished":"2016-11-28T15:00:19+00:00","dateModified":"2016-11-28T15:42:08+00:00","breadcrumb":{"@id":"https:\/\/www.scolaire-collines.com\/college\/infos-pratiques\/les-activites-du-temps-de-midi\/groupe-musique\/#breadcrumb"},"inLanguage":"fr-FR","potentialAction":[{"@type":"ReadAction","target":["https:\/\/www.scolaire-collines.com\/college\/infos-pratiques\/les-activites-du-temps-de-midi\/groupe-musique\/"]}]},{"@type":"ImageObject","inLanguage":"fr-FR","@id":"https:\/\/www.scolaire-collines.com\/college\/infos-pratiques\/les-activites-du-temps-de-midi\/groupe-musique\/#primaryimage","url":"http:\/\/www.scolaire-collines.com\/college\/wp-content\/uploads\/2011\/01\/musiciens.jpg","contentUrl":"http:\/\/www.scolaire-collines.com\/college\/wp-content\/uploads\/2011\/01\/musiciens.jpg"},{"@type":"BreadcrumbList","@id":"https:\/\/www.scolaire-collines.com\/college\/infos-pratiques\/les-activites-du-temps-de-midi\/groupe-musique\/#breadcrumb","itemListElement":[{"@type":"ListItem","position":1,"name":"Accueil","item":"https:\/\/www.scolaire-collines.com\/college\/"},{"@type":"ListItem","position":2,"name":"Infos pratiques","item":"http:\/\/www.scolaire-collines.com\/college\/infos-pratiques\/"},{"@type":"ListItem","position":3,"name":"Le temps de midi","item":"https:\/\/www.scolaire-collines.com\/college\/infos-pratiques\/les-activites-du-temps-de-midi\/"},{"@type":"ListItem","position":4,"name":"Atelier Rock"}]},{"@type":"WebSite","@id":"https:\/\/www.scolaire-collines.com\/college\/#website","url":"https:\/\/www.scolaire-collines.com\/college\/","name":"Collège Notre-Dame des Collines","description":"Un collège qui fait grandir","potentialAction":[{"@type":"SearchAction","target":{"@type":"EntryPoint","urlTemplate":"https:\/\/www.scolaire-collines.com\/college\/?s={search_term_string}"},"query-input":{"@type":"PropertyValueSpecification","valueRequired":true,"valueName":"search_term_string"}}],"inLanguage":"fr-FR"}]}</script>
<!-- / Yoast SEO plugin. -->

Atelier Rock - Collège Notre-Dame des Collines

Cette activité du temps de midi est reconduite cette année et, comme l’an passé, elle s’adresse à tous les élèves – motivés &#8211; ayant une pratique instrumentale, débutante ou confirmée. L’objet de cette activité est de jouer en groupe, de reprendre des morceaux d’un répertoire actuel, plutôt pop-rock, et de progresser dans la maîtrise de [&hellip;]

Collège Notre-Dame des Collines

Un collège qui fait grandir
