{"id":655,"date":"2016-11-28T12:00:41","date_gmt":"2016-11-28T11:00:41","guid":{"rendered":"http:\/\/www.scolaire-collines.com\/college\/?page_id=655"},"modified":"2016-12-02T13:19:01","modified_gmt":"2016-12-02T12:19:01","slug":"aumonerie","status":"publish","type":"page","link":"https:\/\/www.scolaire-collines.com\/college\/a-propos\/les-options\/aumonerie\/","title":{"rendered":"Pastorale"},"content":{"rendered":"<p><span style=\"font-family: arial,helvetica,sans-serif;\">La pastorale est une <strong>proposition faite \u00e0 tous, \u00e0 laquelle chacun r\u00e9pond librement<\/strong>. Dans les groupes d&rsquo;aum\u00f4nerie, chacun est accueilli tel qu&rsquo;il est, avec son histoire et ses questions, qu&rsquo;il soit croyant ou non.<\/span><\/p>\n<p><span style=\"font-family: arial,helvetica,sans-serif;\">La pastorale\u00a0est un <strong>espace de paroles et d&rsquo;\u00e9coute<\/strong> o\u00f9 se\u00a0fait une exp\u00e9rience de vie en groupe\u00a0dans lequel\u00a0partage, \u00e9change, ouverture d&rsquo;esprit et tol\u00e9rance sont de vraies valeurs v\u00e9cues dans le respect. On y parle de tout sujet d&rsquo;actualit\u00e9 pouvant int\u00e9resser les jeunes et sur lesquels ils ont des questions, mais aussi de leur\u00a0vie quotidienne, au coll\u00e8ge, en famille ou\u00a0entre copains. Cela se vit au moyen de jeux, d&rsquo;expressions artistiques (dessins, BD, affiches, sketch&#8230;) mais aussi de d\u00e9bats. A la suite de ces diverses expressions, un lien est fait avec notre vie de croyant en cherchant dans la Bible ou les \u00c9vangiles comment est v\u00e9cue et appr\u00e9hend\u00e9e la situation sur laquelle a port\u00e9 le th\u00e8me de la rencontre.<\/span><\/p>\n<p><span style=\"font-family: arial,helvetica,sans-serif;\"><img loading=\"lazy\" decoding=\"async\" class=\"aligncenter size-full wp-image-657\" title=\"cr\u00e8che\" src=\"http:\/\/www.scolaire-collines.com\/college\/wp-content\/uploads\/2011\/01\/cr\u00e8che1.jpg\" alt=\"\" width=\"288\" height=\"216\" \/><\/span><\/p>\n<p><span style=\"font-family: arial,helvetica,sans-serif;\">La pastorale \u00a0propose dans certaines rencontres la <strong>d\u00e9couverte de la Bible<\/strong>, Parole de Dieu, pour mieux comprendre ce qu&rsquo;Elle nous invite \u00e0 vivre, <strong>la mettre en pratique dans la vie de tous les jours<\/strong>, et\u00a0de textes d\u2019\u00c9vangile pour <strong>approfondir\u00a0la connaissance de J\u00e9sus<\/strong>, Fils de Dieu et fr\u00e8re des hommes. Cela se fait dans le respect de chaque jeune, quelle que soit sa croyance ou son absence de croyance.<\/span><\/p>\n<p><span style=\"font-family: arial,helvetica,sans-serif;\">La pastorale \u00a0invite \u00e0 <strong>rejoindre des coll\u00e9giens d&rsquo;autres \u00e9tablissements<\/strong> lors de <strong>rencontres\u00a0 <\/strong>un vendredi soir par mois\u00a0\u00e0 la chapelle du Grand Pont, de 17 h 00 \u00e0 \u00a020 h 30 environ. C&rsquo;est l&rsquo;occasion pour chacun de faire de nouvelles connaissances ou de retrouver d&rsquo;anciens camarades de primaire. Dans ces soir\u00e9es, nous recevons tr\u00e8s souvent une personne en lien avec le th\u00e8me envisag\u00e9, venant t\u00e9moigner de sa vie, et de sa vie de croyant. Des exemples: l&rsquo;ann\u00e9e\u00a0derni\u00e8re, nous avons re\u00e7u un journaliste, des personnes handicap\u00e9es, des personnes de pays diff\u00e9rents&#8230;. Cette ann\u00e9e, des rencontres sont pr\u00e9vues avec une personne visiteuse de prison, un religieux&#8230; Ces temps se terminent toujours par un repas partag\u00e9.<\/span><\/p>\n<p style=\"text-align: center;\"><span style=\"font-family: arial,helvetica,sans-serif;\"><a href=\"http:\/\/www.scolaire-collines.com\/college\/wp-content\/uploads\/2011\/01\/devant-le-sapin.jpg\"><img loading=\"lazy\" decoding=\"async\" class=\"size-full wp-image-658 aligncenter\" title=\"devant le sapin\" src=\"http:\/\/www.scolaire-collines.com\/college\/wp-content\/uploads\/2011\/01\/devant-le-sapin.jpg\" alt=\"\" width=\"366\" height=\"375\" \/><\/a><\/span><\/p>\n<p><span style=\"font-family: arial,helvetica,sans-serif;\">Des <strong>temps forts<\/strong> sont aussi organis\u00e9s dans l&rsquo;ann\u00e9e pour aller \u00e0 la rencontre de personnes ayant une passion dans leur vie (par exemple \u00a0un potier, une famille vivant au plus pr\u00e8s de la nature, le directeur du zoo&#8230;) ;\u00a0pour\u00a0vivre un rassemblement avec des mouvements comme le MEJ ou\u00a0la JOC\u00a0;\u00a0pour pr\u00e9parer et se pr\u00e9parer \u00e0 de grandes f\u00eates chr\u00e9tiennes&#8230; De m\u00eame, certains dimanches matin sont propos\u00e9s aux jeunes afin de venir pr\u00e9parer et participer \u00e0 une messe.<\/span><\/p>\n<p><span style=\"font-family: arial,helvetica,sans-serif;\">Ces diff\u00e9rentes propositions sont faites par le coll\u00e8ge en lien avec\u00a0 Mme Nathalie PIERRE-LOUIS \u00a0et Mme Isabelle BONNART, toutes deux animant les rencontres de pastorale dans le coll\u00e8ge.<\/span><\/p>\n<div id=\"attachment_785\" style=\"width: 548px\" class=\"wp-caption aligncenter\"><a href=\"http:\/\/www.scolaire-collines.com\/college\/wp-content\/uploads\/2011\/01\/aum\u00f4nerie-maison-de-retraite-2.jpg\"><img loading=\"lazy\" decoding=\"async\" aria-describedby=\"caption-attachment-785\" class=\"size-large wp-image-785\" title=\"aum\u00f4nerie maison de retraite 2\" src=\"http:\/\/www.scolaire-collines.com\/college\/wp-content\/uploads\/2011\/01\/aum\u00f4nerie-maison-de-retraite-2-768x1024.jpg\" alt=\"\" width=\"538\" height=\"717\" \/><\/a><p id=\"caption-attachment-785\" class=\"wp-caption-text\"><span style=\"font-family: arial,helvetica,sans-serif;\">No\u00ebl : visite \u00e0 la maison de retraite<\/span><\/p><\/div>\n<p>&nbsp;<\/p>\n","protected":false},"excerpt":{"rendered":"<p>La pastorale est une proposition faite \u00e0 tous, \u00e0 laquelle chacun r\u00e9pond librement. Dans les groupes d&rsquo;aum\u00f4nerie, chacun est accueilli tel qu&rsquo;il est, avec son histoire et ses questions, qu&rsquo;il soit croyant ou non. La pastorale\u00a0est un espace de paroles et d&rsquo;\u00e9coute o\u00f9 se\u00a0fait une exp\u00e9rience de vie en groupe\u00a0dans lequel\u00a0partage, \u00e9change, ouverture d&rsquo;esprit et [&hellip;]<\/p>\n","protected":false},"author":1,"featured_media":0,"parent":369,"menu_order":0,"comment_status":"closed","ping_status":"closed","template":"","meta":{"_acf_changed":false,"_et_pb_use_builder":"","_et_pb_old_content":"","_et_gb_content_width":"","footnotes":""},"class_list":["post-655","page","type-page","status-publish","hentry"],"acf":[],"yoast_head":"<!-- This site is optimized with the Yoast SEO plugin v27.4 - https:\/\/yoast.com\/product\/yoast-seo-wordpress\/ -->\n<title>Pastorale - Coll\u00e8ge Notre-Dame des Collines<\/title>\n<meta name=\"robots\" content=\"index, follow, max-snippet:-1, max-image-preview:large, max-video-preview:-1\" \/>\n<link rel=\"canonical\" href=\"https:\/\/www.scolaire-collines.com\/college\/a-propos\/les-options\/aumonerie\/\" \/>\n<meta property=\"og:locale\" content=\"fr_FR\" \/>\n<meta property=\"og:type\" content=\"article\" \/>\n<meta property=\"og:title\" content=\"Pastorale - Coll\u00e8ge Notre-Dame des Collines\" \/>\n<meta property=\"og:description\" content=\"La pastorale est une proposition faite \u00e0 tous, \u00e0 laquelle chacun r\u00e9pond librement. Dans les groupes d&rsquo;aum\u00f4nerie, chacun est accueilli tel qu&rsquo;il est, avec son histoire et ses questions, qu&rsquo;il soit croyant ou non. La pastorale\u00a0est un espace de paroles et d&rsquo;\u00e9coute o\u00f9 se\u00a0fait une exp\u00e9rience de vie en groupe\u00a0dans lequel\u00a0partage, \u00e9change, ouverture d&rsquo;esprit et [&hellip;]\" \/>\n<meta property=\"og:url\" content=\"https:\/\/www.scolaire-collines.com\/college\/a-propos\/les-options\/aumonerie\/\" \/>\n<meta property=\"og:site_name\" content=\"Coll\u00e8ge Notre-Dame des Collines\" \/>\n<meta property=\"article:modified_time\" content=\"2016-12-02T12:19:01+00:00\" \/>\n<meta property=\"og:image\" content=\"http:\/\/www.scolaire-collines.com\/college\/wp-content\/uploads\/2011\/01\/devant-le-sapin.jpg\" \/>\n<meta name=\"twitter:card\" content=\"summary_large_image\" \/>\n<meta name=\"twitter:label1\" content=\"Dur\u00e9e de lecture estim\u00e9e\" \/>\n\t<meta name=\"twitter:data1\" content=\"2 minutes\" \/>\n<script type=\"application\/ld+json\" class=\"yoast-schema-graph\">{\"@context\":\"https:\\\/\\\/schema.org\",\"@graph\":[{\"@type\":\"WebPage\",\"@id\":\"https:\\\/\\\/www.scolaire-collines.com\\\/college\\\/a-propos\\\/les-options\\\/aumonerie\\\/\",\"url\":\"https:\\\/\\\/www.scolaire-collines.com\\\/college\\\/a-propos\\\/les-options\\\/aumonerie\\\/\",\"name\":\"Pastorale - Coll\u00e8ge Notre-Dame des Collines\",\"isPartOf\":{\"@id\":\"http:\\\/\\\/www.scolaire-collines.com\\\/college\\\/#website\"},\"primaryImageOfPage\":{\"@id\":\"https:\\\/\\\/www.scolaire-collines.com\\\/college\\\/a-propos\\\/les-options\\\/aumonerie\\\/#primaryimage\"},\"image\":{\"@id\":\"https:\\\/\\\/www.scolaire-collines.com\\\/college\\\/a-propos\\\/les-options\\\/aumonerie\\\/#primaryimage\"},\"thumbnailUrl\":\"http:\\\/\\\/www.scolaire-collines.com\\\/college\\\/wp-content\\\/uploads\\\/2011\\\/01\\\/devant-le-sapin.jpg\",\"datePublished\":\"2016-11-28T11:00:41+00:00\",\"dateModified\":\"2016-12-02T12:19:01+00:00\",\"breadcrumb\":{\"@id\":\"https:\\\/\\\/www.scolaire-collines.com\\\/college\\\/a-propos\\\/les-options\\\/aumonerie\\\/#breadcrumb\"},\"inLanguage\":\"fr-FR\",\"potentialAction\":[{\"@type\":\"ReadAction\",\"target\":[\"https:\\\/\\\/www.scolaire-collines.com\\\/college\\\/a-propos\\\/les-options\\\/aumonerie\\\/\"]}]},{\"@type\":\"ImageObject\",\"inLanguage\":\"fr-FR\",\"@id\":\"https:\\\/\\\/www.scolaire-collines.com\\\/college\\\/a-propos\\\/les-options\\\/aumonerie\\\/#primaryimage\",\"url\":\"http:\\\/\\\/www.scolaire-collines.com\\\/college\\\/wp-content\\\/uploads\\\/2011\\\/01\\\/devant-le-sapin.jpg\",\"contentUrl\":\"http:\\\/\\\/www.scolaire-collines.com\\\/college\\\/wp-content\\\/uploads\\\/2011\\\/01\\\/devant-le-sapin.jpg\"},{\"@type\":\"BreadcrumbList\",\"@id\":\"https:\\\/\\\/www.scolaire-collines.com\\\/college\\\/a-propos\\\/les-options\\\/aumonerie\\\/#breadcrumb\",\"itemListElement\":[{\"@type\":\"ListItem\",\"position\":1,\"name\":\"Accueil\",\"item\":\"http:\\\/\\\/www.scolaire-collines.com\\\/college\\\/\"},{\"@type\":\"ListItem\",\"position\":2,\"name\":\"Les classes\",\"item\":\"https:\\\/\\\/www.scolaire-collines.com\\\/college\\\/a-propos\\\/\"},{\"@type\":\"ListItem\",\"position\":3,\"name\":\"Nos sp\u00e9cificit\u00e9s\",\"item\":\"https:\\\/\\\/www.scolaire-collines.com\\\/college\\\/a-propos\\\/les-options\\\/\"},{\"@type\":\"ListItem\",\"position\":4,\"name\":\"Pastorale\"}]},{\"@type\":\"WebSite\",\"@id\":\"http:\\\/\\\/www.scolaire-collines.com\\\/college\\\/#website\",\"url\":\"http:\\\/\\\/www.scolaire-collines.com\\\/college\\\/\",\"name\":\"Coll\u00e8ge Notre-Dame des Collines\",\"description\":\"Un coll\u00e8ge qui fait grandir\",\"potentialAction\":[{\"@type\":\"SearchAction\",\"target\":{\"@type\":\"EntryPoint\",\"urlTemplate\":\"http:\\\/\\\/www.scolaire-collines.com\\\/college\\\/?s={search_term_string}\"},\"query-input\":{\"@type\":\"PropertyValueSpecification\",\"valueRequired\":true,\"valueName\":\"search_term_string\"}}],\"inLanguage\":\"fr-FR\"}]}<\/script>\n<!-- \/ Yoast SEO plugin. -->","yoast_head_json":{"title":"Pastorale - Coll\u00e8ge Notre-Dame des Collines","robots":{"index":"index","follow":"follow","max-snippet":"max-snippet:-1","max-image-preview":"max-image-preview:large","max-video-preview":"max-video-preview:-1"},"canonical":"https:\/\/www.scolaire-collines.com\/college\/a-propos\/les-options\/aumonerie\/","og_locale":"fr_FR","og_type":"article","og_title":"Pastorale - Coll\u00e8ge Notre-Dame des Collines","og_description":"La pastorale est une proposition faite \u00e0 tous, \u00e0 laquelle chacun r\u00e9pond librement. Dans les groupes d&rsquo;aum\u00f4nerie, chacun est accueilli tel qu&rsquo;il est, avec son histoire et ses questions, qu&rsquo;il soit croyant ou non. La pastorale\u00a0est un espace de paroles et d&rsquo;\u00e9coute o\u00f9 se\u00a0fait une exp\u00e9rience de vie en groupe\u00a0dans lequel\u00a0partage, \u00e9change, ouverture d&rsquo;esprit et [&hellip;]","og_url":"https:\/\/www.scolaire-collines.com\/college\/a-propos\/les-options\/aumonerie\/","og_site_name":"Coll\u00e8ge Notre-Dame des Collines","article_modified_time":"2016-12-02T12:19:01+00:00","og_image":[{"url":"http:\/\/www.scolaire-collines.com\/college\/wp-content\/uploads\/2011\/01\/devant-le-sapin.jpg","type":"","width":"","height":""}],"twitter_card":"summary_large_image","twitter_misc":{"Dur\u00e9e de lecture estim\u00e9e":"2 minutes"},"schema":{"@context":"https:\/\/schema.org","@graph":[{"@type":"WebPage","@id":"https:\/\/www.scolaire-collines.com\/college\/a-propos\/les-options\/aumonerie\/","url":"https:\/\/www.scolaire-collines.com\/college\/a-propos\/les-options\/aumonerie\/","name":"Pastorale - Coll\u00e8ge Notre-Dame des Collines","isPartOf":{"@id":"http:\/\/www.scolaire-collines.com\/college\/#website"},"primaryImageOfPage":{"@id":"https:\/\/www.scolaire-collines.com\/college\/a-propos\/les-options\/aumonerie\/#primaryimage"},"image":{"@id":"https:\/\/www.scolaire-collines.com\/college\/a-propos\/les-options\/aumonerie\/#primaryimage"},"thumbnailUrl":"http:\/\/www.scolaire-collines.com\/college\/wp-content\/uploads\/2011\/01\/devant-le-sapin.jpg","datePublished":"2016-11-28T11:00:41+00:00","dateModified":"2016-12-02T12:19:01+00:00","breadcrumb":{"@id":"https:\/\/www.scolaire-collines.com\/college\/a-propos\/les-options\/aumonerie\/#breadcrumb"},"inLanguage":"fr-FR","potentialAction":[{"@type":"ReadAction","target":["https:\/\/www.scolaire-collines.com\/college\/a-propos\/les-options\/aumonerie\/"]}]},{"@type":"ImageObject","inLanguage":"fr-FR","@id":"https:\/\/www.scolaire-collines.com\/college\/a-propos\/les-options\/aumonerie\/#primaryimage","url":"http:\/\/www.scolaire-collines.com\/college\/wp-content\/uploads\/2011\/01\/devant-le-sapin.jpg","contentUrl":"http:\/\/www.scolaire-collines.com\/college\/wp-content\/uploads\/2011\/01\/devant-le-sapin.jpg"},{"@type":"BreadcrumbList","@id":"https:\/\/www.scolaire-collines.com\/college\/a-propos\/les-options\/aumonerie\/#breadcrumb","itemListElement":[{"@type":"ListItem","position":1,"name":"Accueil","item":"http:\/\/www.scolaire-collines.com\/college\/"},{"@type":"ListItem","position":2,"name":"Les classes","item":"https:\/\/www.scolaire-collines.com\/college\/a-propos\/"},{"@type":"ListItem","position":3,"name":"Nos sp\u00e9cificit\u00e9s","item":"https:\/\/www.scolaire-collines.com\/college\/a-propos\/les-options\/"},{"@type":"ListItem","position":4,"name":"Pastorale"}]},{"@type":"WebSite","@id":"http:\/\/www.scolaire-collines.com\/college\/#website","url":"http:\/\/www.scolaire-collines.com\/college\/","name":"Coll\u00e8ge Notre-Dame des Collines","description":"Un coll\u00e8ge qui fait grandir","potentialAction":[{"@type":"SearchAction","target":{"@type":"EntryPoint","urlTemplate":"http:\/\/www.scolaire-collines.com\/college\/?s={search_term_string}"},"query-input":{"@type":"PropertyValueSpecification","valueRequired":true,"valueName":"search_term_string"}}],"inLanguage":"fr-FR"}]}},"_links":{"self":[{"href":"https:\/\/www.scolaire-collines.com\/college\/wp-json\/wp\/v2\/pages\/655","targetHints":{"allow":["GET"]}}],"collection":[{"href":"https:\/\/www.scolaire-collines.com\/college\/wp-json\/wp\/v2\/pages"}],"about":[{"href":"https:\/\/www.scolaire-collines.com\/college\/wp-json\/wp\/v2\/types\/page"}],"author":[{"embeddable":true,"href":"https:\/\/www.scolaire-collines.com\/college\/wp-json\/wp\/v2\/users\/1"}],"replies":[{"embeddable":true,"href":"https:\/\/www.scolaire-collines.com\/college\/wp-json\/wp\/v2\/comments?post=655"}],"version-history":[{"count":5,"href":"https:\/\/www.scolaire-collines.com\/college\/wp-json\/wp\/v2\/pages\/655\/revisions"}],"predecessor-version":[{"id":2300,"href":"https:\/\/www.scolaire-collines.com\/college\/wp-json\/wp\/v2\/pages\/655\/revisions\/2300"}],"up":[{"embeddable":true,"href":"https:\/\/www.scolaire-collines.com\/college\/wp-json\/wp\/v2\/pages\/369"}],"wp:attachment":[{"href":"https:\/\/www.scolaire-collines.com\/college\/wp-json\/wp\/v2\/media?parent=655"}],"curies":[{"name":"wp","href":"https:\/\/api.w.org\/{rel}","templated":true}]}}