{"id":376,"date":"2016-11-28T12:00:19","date_gmt":"2016-11-28T11:00:19","guid":{"rendered":"http:\/\/www.scolaire-collines.com\/college\/?page_id=376"},"modified":"2016-11-28T13:06:15","modified_gmt":"2016-11-28T12:06:15","slug":"handball","status":"publish","type":"page","link":"https:\/\/www.scolaire-collines.com\/college\/a-propos\/les-options\/handball\/","title":{"rendered":"Handball"},"content":{"rendered":"<div><\/div>\n<div id=\"attachment_596\" style=\"width: 310px\" class=\"wp-caption alignleft\"><a href=\"http:\/\/www.scolaire-collines.com\/college\/wp-content\/uploads\/2010\/10\/HAND-5-me-JEUX-DE-L-AVENIR-97-0011.jpg\"><img loading=\"lazy\" decoding=\"async\" aria-describedby=\"caption-attachment-596\" class=\"size-medium wp-image-596 \" title=\"HAND 5-me JEUX DE L-AVENIR 97 001[1]\" src=\"http:\/\/www.scolaire-collines.com\/college\/wp-content\/uploads\/2010\/10\/HAND-5-me-JEUX-DE-L-AVENIR-97-0011-300x229.jpg\" alt=\"\" width=\"300\" height=\"229\" \/><\/a><p id=\"caption-attachment-596\" class=\"wp-caption-text\">L&rsquo;\u00e9quipe de handball du coll\u00e8ge, 5\u00e8me aux Jeux de l&rsquo;Avenir en 1997<\/p><\/div>\n<p style=\"text-align: justify;\"><span style=\"font-family: arial,helvetica,sans-serif;\">Cr\u00e9\u00e9e en 1992, la classe \u00e0 option hand\u00a0 a subi plusieurs \u00e9volutions.\u00a0\u00a0\u00a0\u00a0\u00a0\u00a0\u00a0\u00a0\u00a0<\/span><\/p>\n<p style=\"text-align: justify;\"><span style=\"font-family: arial,helvetica,sans-serif;\">D\u2019abord organis\u00e9e sous la\u00a0\u00a0forme d\u2019ateliers,\u00a0 elle s\u2019est rapidement transform\u00e9e\u00a0\u00a0en option (1993), gr\u00e2ce \u00e0 la volont\u00e9 de M. Denis Michel, ancien Directeur du\u00a0\u00a0Coll\u00e8ge des Combes \u00e0 l\u2019\u00e9poque, et \u00e0 l\u2019aide financi\u00e8re du Conseil G\u00e9n\u00e9ral.\u00a0\u00a0\u00a0\u00a0\u00a0\u00a0\u00a0\u00a0\u00a0<\/span><\/p>\n<p style=\"text-align: justify;\"><span style=\"font-family: arial,helvetica,sans-serif;\">Puis une ouverture aux \u00e9l\u00e8ves de troisi\u00e8me fut possible.\u00a0\u00a0\u00a0\u00a0\u00a0\u00a0\u00a0<span style=\"color: #ffffff;\">\u00a0.\u00a0.\u00a0<\/span> \u00a0\u00a0\u00a0\u00a0\u00a0\u00a0\u00a0<\/span><\/p>\n<p><span style=\"font-family: arial,helvetica,sans-serif;\"><span style=\"color: #ffffff;\">\u00a0.<\/span>\u00a0\u00a0\u00a0\u00a0\u00a0\u00a0<\/span><\/p>\n<div><span style=\"color: #ffffff; font-family: arial,helvetica,sans-serif;\">..<\/span><\/div>\n<div><span style=\"font-family: arial,helvetica,sans-serif;\"><span style=\"color: #ffffff;\">\u00a0<\/span>\u00a0<\/span><\/div>\n<div><span style=\"color: #ffffff; font-family: arial,helvetica,sans-serif;\">.<\/span><\/div>\n<div><span style=\"font-family: arial,helvetica,sans-serif;\">Elle est reconnue officiellement en 2008\u00a0 par le rectorat et elle est d\u00e9sormais inscrite sur le r\u00e9f\u00e9rentiel des Sections Sportives de l\u2019Acad\u00e9mie de Lyon.\u00a0\u00a0\u00a0\u00a0\u00a0\u00a0\u00a0\u00a0<\/span><\/div>\n<div><span style=\"font-family: arial,helvetica,sans-serif;\">Cette option est\u00a0 ouverte\u00a0aux \u00e9l\u00e8ves de 6<sup>\u00e8me<\/sup> et 5<sup>\u00e8me<\/sup>.\u00a0\u00a0\u00a0<img loading=\"lazy\" decoding=\"async\" class=\"size-medium wp-image-512 alignright\" src=\"http:\/\/www.scolaire-collines.com\/college\/wp-content\/uploads\/2010\/10\/handball-300x167.jpg\" alt=\"\" width=\"300\" height=\"167\" srcset=\"https:\/\/www.scolaire-collines.com\/college\/wp-content\/uploads\/2010\/10\/handball-300x167.jpg 300w, https:\/\/www.scolaire-collines.com\/college\/wp-content\/uploads\/2010\/10\/handball-768x428.jpg 768w, https:\/\/www.scolaire-collines.com\/college\/wp-content\/uploads\/2010\/10\/handball.jpg 876w\" sizes=\"(max-width: 300px) 100vw, 300px\" \/>\u00a0<\/span><\/div>\n<div><span style=\"font-family: arial,helvetica,sans-serif;\">Depuis la rentr\u00e9e 2010 une convention de partenariat a \u00e9t\u00e9 instaur\u00e9e entre le St-Chamond hand-ball Pays du Gier (SCHPG) et le Coll\u00e8ge.\u00a0\u00a0\u00a0\u00a0<\/span><\/div>\n<div><span style=\"font-family: arial,helvetica,sans-serif;\">\u00a0<\/span><\/div>\n<div><span style=\"font-family: arial,helvetica,sans-serif;\">Les sections handball sont ouvertes \u00e0 une vingtaine d\u2019\u00e9l\u00e8ves, filles et gar\u00e7ons.\u00a0\u00a0\u00a0\u00a0\u00a0<\/span><\/div>\n<div><span style=\"font-family: arial,helvetica,sans-serif;\">\u00a0<\/span><\/div>\n<div><span style=\"font-family: arial,helvetica,sans-serif;\">Les candidats doivent passer des tests physiques et un entretien\u00a0 avec la responsable de l\u2019option Mme Martine Theillard. Un dossier est remis aux \u00e9l\u00e8ves retenus, dossier qu\u2019ils doivent rendre le jour de la rentr\u00e9e au responsable de l\u2019option.\u00a0\u00a0\u00a0\u00a0\u00a0\u00a0\u00a0\u00a0<\/span><\/div>\n<div><span style=\"font-family: arial,helvetica,sans-serif;\">\u00a0<\/span><\/div>\n<div><span style=\"font-family: arial,helvetica,sans-serif;\">\u00a0Cette Option est int\u00e9gr\u00e9e \u00e0 l\u2019emploi du temps de la classe et se d\u00e9roule sous la forme de s\u00e9ances d\u20191 heure par semaine ou 2 heures par quinzaine.\u00a0\u00a0\u00a0\u00a0\u00a0\u00a0\u00a0<\/span><\/div>\n<div><span style=\"font-family: arial,helvetica,sans-serif;\">\u00a0En parall\u00e8le \u00e0 cette inscription, les \u00e9l\u00e8ves retenus <span style=\"text-decoration: underline;\">doivent aussi s\u2019inscrire \u00e0 l\u2019ASSOCIATION SORTIVE du Coll\u00e8ge.(voir A.S.UNSS).<\/span>\u00a0\u00a0\u00a0\u00a0\u00a0\u00a0\u00a0\u00a0\u00a0\u00a0\u00a0\u00a0\u00a0\u00a0\u00a0<\/span><\/div>\n<div><span style=\"font-family: arial,helvetica,sans-serif;\">\u00a0<\/span><\/div>\n<div><span style=\"font-family: arial,helvetica,sans-serif;\">\u00a0<\/span><\/div>\n","protected":false},"excerpt":{"rendered":"<p>Cr\u00e9\u00e9e en 1992, la classe \u00e0 option hand\u00a0 a subi plusieurs \u00e9volutions.\u00a0\u00a0\u00a0\u00a0\u00a0\u00a0\u00a0\u00a0\u00a0 D\u2019abord organis\u00e9e sous la\u00a0\u00a0forme d\u2019ateliers,\u00a0 elle s\u2019est rapidement transform\u00e9e\u00a0\u00a0en option (1993), gr\u00e2ce \u00e0 la volont\u00e9 de M. Denis Michel, ancien Directeur du\u00a0\u00a0Coll\u00e8ge des Combes \u00e0 l\u2019\u00e9poque, et \u00e0 l\u2019aide financi\u00e8re du Conseil G\u00e9n\u00e9ral.\u00a0\u00a0\u00a0\u00a0\u00a0\u00a0\u00a0\u00a0\u00a0 Puis une ouverture aux \u00e9l\u00e8ves de troisi\u00e8me fut possible.\u00a0\u00a0\u00a0\u00a0\u00a0\u00a0\u00a0\u00a0.\u00a0.\u00a0 \u00a0\u00a0\u00a0\u00a0\u00a0\u00a0\u00a0 [&hellip;]<\/p>\n","protected":false},"author":1,"featured_media":0,"parent":369,"menu_order":2,"comment_status":"closed","ping_status":"closed","template":"","meta":{"_acf_changed":false,"_et_pb_use_builder":"","_et_pb_old_content":"","_et_gb_content_width":"","footnotes":""},"class_list":["post-376","page","type-page","status-publish","hentry"],"acf":[],"yoast_head":"<!-- This site is optimized with the Yoast SEO plugin v27.4 - https:\/\/yoast.com\/product\/yoast-seo-wordpress\/ -->\n<title>Handball - Coll\u00e8ge Notre-Dame des Collines<\/title>\n<meta name=\"robots\" content=\"index, follow, max-snippet:-1, max-image-preview:large, max-video-preview:-1\" \/>\n<link rel=\"canonical\" href=\"https:\/\/www.scolaire-collines.com\/college\/a-propos\/les-options\/handball\/\" \/>\n<meta property=\"og:locale\" content=\"fr_FR\" \/>\n<meta property=\"og:type\" content=\"article\" \/>\n<meta property=\"og:title\" content=\"Handball - Coll\u00e8ge Notre-Dame des Collines\" \/>\n<meta property=\"og:description\" content=\"Cr\u00e9\u00e9e en 1992, la classe \u00e0 option hand\u00a0 a subi plusieurs \u00e9volutions.\u00a0\u00a0\u00a0\u00a0\u00a0\u00a0\u00a0\u00a0\u00a0 D\u2019abord organis\u00e9e sous la\u00a0\u00a0forme d\u2019ateliers,\u00a0 elle s\u2019est rapidement transform\u00e9e\u00a0\u00a0en option (1993), gr\u00e2ce \u00e0 la volont\u00e9 de M. Denis Michel, ancien Directeur du\u00a0\u00a0Coll\u00e8ge des Combes \u00e0 l\u2019\u00e9poque, et \u00e0 l\u2019aide financi\u00e8re du Conseil G\u00e9n\u00e9ral.\u00a0\u00a0\u00a0\u00a0\u00a0\u00a0\u00a0\u00a0\u00a0 Puis une ouverture aux \u00e9l\u00e8ves de troisi\u00e8me fut possible.\u00a0\u00a0\u00a0\u00a0\u00a0\u00a0\u00a0\u00a0.\u00a0.\u00a0 \u00a0\u00a0\u00a0\u00a0\u00a0\u00a0\u00a0 [&hellip;]\" \/>\n<meta property=\"og:url\" content=\"https:\/\/www.scolaire-collines.com\/college\/a-propos\/les-options\/handball\/\" \/>\n<meta property=\"og:site_name\" content=\"Coll\u00e8ge Notre-Dame des Collines\" \/>\n<meta property=\"article:modified_time\" content=\"2016-11-28T12:06:15+00:00\" \/>\n<meta property=\"og:image\" content=\"http:\/\/www.scolaire-collines.com\/college\/wp-content\/uploads\/2010\/10\/HAND-5-me-JEUX-DE-L-AVENIR-97-0011-300x229.jpg\" \/>\n<meta name=\"twitter:card\" content=\"summary_large_image\" \/>\n<meta name=\"twitter:label1\" content=\"Dur\u00e9e de lecture estim\u00e9e\" \/>\n\t<meta name=\"twitter:data1\" content=\"1 minute\" \/>\n<script type=\"application\/ld+json\" class=\"yoast-schema-graph\">{\"@context\":\"https:\\\/\\\/schema.org\",\"@graph\":[{\"@type\":\"WebPage\",\"@id\":\"https:\\\/\\\/www.scolaire-collines.com\\\/college\\\/a-propos\\\/les-options\\\/handball\\\/\",\"url\":\"https:\\\/\\\/www.scolaire-collines.com\\\/college\\\/a-propos\\\/les-options\\\/handball\\\/\",\"name\":\"Handball - Coll\u00e8ge Notre-Dame des Collines\",\"isPartOf\":{\"@id\":\"http:\\\/\\\/www.scolaire-collines.com\\\/college\\\/#website\"},\"primaryImageOfPage\":{\"@id\":\"https:\\\/\\\/www.scolaire-collines.com\\\/college\\\/a-propos\\\/les-options\\\/handball\\\/#primaryimage\"},\"image\":{\"@id\":\"https:\\\/\\\/www.scolaire-collines.com\\\/college\\\/a-propos\\\/les-options\\\/handball\\\/#primaryimage\"},\"thumbnailUrl\":\"http:\\\/\\\/www.scolaire-collines.com\\\/college\\\/wp-content\\\/uploads\\\/2010\\\/10\\\/HAND-5-me-JEUX-DE-L-AVENIR-97-0011-300x229.jpg\",\"datePublished\":\"2016-11-28T11:00:19+00:00\",\"dateModified\":\"2016-11-28T12:06:15+00:00\",\"breadcrumb\":{\"@id\":\"https:\\\/\\\/www.scolaire-collines.com\\\/college\\\/a-propos\\\/les-options\\\/handball\\\/#breadcrumb\"},\"inLanguage\":\"fr-FR\",\"potentialAction\":[{\"@type\":\"ReadAction\",\"target\":[\"https:\\\/\\\/www.scolaire-collines.com\\\/college\\\/a-propos\\\/les-options\\\/handball\\\/\"]}]},{\"@type\":\"ImageObject\",\"inLanguage\":\"fr-FR\",\"@id\":\"https:\\\/\\\/www.scolaire-collines.com\\\/college\\\/a-propos\\\/les-options\\\/handball\\\/#primaryimage\",\"url\":\"http:\\\/\\\/www.scolaire-collines.com\\\/college\\\/wp-content\\\/uploads\\\/2010\\\/10\\\/HAND-5-me-JEUX-DE-L-AVENIR-97-0011-300x229.jpg\",\"contentUrl\":\"http:\\\/\\\/www.scolaire-collines.com\\\/college\\\/wp-content\\\/uploads\\\/2010\\\/10\\\/HAND-5-me-JEUX-DE-L-AVENIR-97-0011-300x229.jpg\"},{\"@type\":\"BreadcrumbList\",\"@id\":\"https:\\\/\\\/www.scolaire-collines.com\\\/college\\\/a-propos\\\/les-options\\\/handball\\\/#breadcrumb\",\"itemListElement\":[{\"@type\":\"ListItem\",\"position\":1,\"name\":\"Accueil\",\"item\":\"http:\\\/\\\/www.scolaire-collines.com\\\/college\\\/\"},{\"@type\":\"ListItem\",\"position\":2,\"name\":\"Les classes\",\"item\":\"http:\\\/\\\/www.scolaire-collines.com\\\/college\\\/a-propos\\\/\"},{\"@type\":\"ListItem\",\"position\":3,\"name\":\"Nos sp\u00e9cificit\u00e9s\",\"item\":\"http:\\\/\\\/www.scolaire-collines.com\\\/college\\\/a-propos\\\/les-options\\\/\"},{\"@type\":\"ListItem\",\"position\":4,\"name\":\"Handball\"}]},{\"@type\":\"WebSite\",\"@id\":\"http:\\\/\\\/www.scolaire-collines.com\\\/college\\\/#website\",\"url\":\"http:\\\/\\\/www.scolaire-collines.com\\\/college\\\/\",\"name\":\"Coll\u00e8ge Notre-Dame des Collines\",\"description\":\"Un coll\u00e8ge qui fait grandir\",\"potentialAction\":[{\"@type\":\"SearchAction\",\"target\":{\"@type\":\"EntryPoint\",\"urlTemplate\":\"http:\\\/\\\/www.scolaire-collines.com\\\/college\\\/?s={search_term_string}\"},\"query-input\":{\"@type\":\"PropertyValueSpecification\",\"valueRequired\":true,\"valueName\":\"search_term_string\"}}],\"inLanguage\":\"fr-FR\"}]}<\/script>\n<!-- \/ Yoast SEO plugin. -->","yoast_head_json":{"title":"Handball - Coll\u00e8ge Notre-Dame des Collines","robots":{"index":"index","follow":"follow","max-snippet":"max-snippet:-1","max-image-preview":"max-image-preview:large","max-video-preview":"max-video-preview:-1"},"canonical":"https:\/\/www.scolaire-collines.com\/college\/a-propos\/les-options\/handball\/","og_locale":"fr_FR","og_type":"article","og_title":"Handball - Coll\u00e8ge Notre-Dame des Collines","og_description":"Cr\u00e9\u00e9e en 1992, la classe \u00e0 option hand\u00a0 a subi plusieurs \u00e9volutions.\u00a0\u00a0\u00a0\u00a0\u00a0\u00a0\u00a0\u00a0\u00a0 D\u2019abord organis\u00e9e sous la\u00a0\u00a0forme d\u2019ateliers,\u00a0 elle s\u2019est rapidement transform\u00e9e\u00a0\u00a0en option (1993), gr\u00e2ce \u00e0 la volont\u00e9 de M. Denis Michel, ancien Directeur du\u00a0\u00a0Coll\u00e8ge des Combes \u00e0 l\u2019\u00e9poque, et \u00e0 l\u2019aide financi\u00e8re du Conseil G\u00e9n\u00e9ral.\u00a0\u00a0\u00a0\u00a0\u00a0\u00a0\u00a0\u00a0\u00a0 Puis une ouverture aux \u00e9l\u00e8ves de troisi\u00e8me fut possible.\u00a0\u00a0\u00a0\u00a0\u00a0\u00a0\u00a0\u00a0.\u00a0.\u00a0 \u00a0\u00a0\u00a0\u00a0\u00a0\u00a0\u00a0 [&hellip;]","og_url":"https:\/\/www.scolaire-collines.com\/college\/a-propos\/les-options\/handball\/","og_site_name":"Coll\u00e8ge Notre-Dame des Collines","article_modified_time":"2016-11-28T12:06:15+00:00","og_image":[{"url":"http:\/\/www.scolaire-collines.com\/college\/wp-content\/uploads\/2010\/10\/HAND-5-me-JEUX-DE-L-AVENIR-97-0011-300x229.jpg","type":"","width":"","height":""}],"twitter_card":"summary_large_image","twitter_misc":{"Dur\u00e9e de lecture estim\u00e9e":"1 minute"},"schema":{"@context":"https:\/\/schema.org","@graph":[{"@type":"WebPage","@id":"https:\/\/www.scolaire-collines.com\/college\/a-propos\/les-options\/handball\/","url":"https:\/\/www.scolaire-collines.com\/college\/a-propos\/les-options\/handball\/","name":"Handball - Coll\u00e8ge Notre-Dame des Collines","isPartOf":{"@id":"http:\/\/www.scolaire-collines.com\/college\/#website"},"primaryImageOfPage":{"@id":"https:\/\/www.scolaire-collines.com\/college\/a-propos\/les-options\/handball\/#primaryimage"},"image":{"@id":"https:\/\/www.scolaire-collines.com\/college\/a-propos\/les-options\/handball\/#primaryimage"},"thumbnailUrl":"http:\/\/www.scolaire-collines.com\/college\/wp-content\/uploads\/2010\/10\/HAND-5-me-JEUX-DE-L-AVENIR-97-0011-300x229.jpg","datePublished":"2016-11-28T11:00:19+00:00","dateModified":"2016-11-28T12:06:15+00:00","breadcrumb":{"@id":"https:\/\/www.scolaire-collines.com\/college\/a-propos\/les-options\/handball\/#breadcrumb"},"inLanguage":"fr-FR","potentialAction":[{"@type":"ReadAction","target":["https:\/\/www.scolaire-collines.com\/college\/a-propos\/les-options\/handball\/"]}]},{"@type":"ImageObject","inLanguage":"fr-FR","@id":"https:\/\/www.scolaire-collines.com\/college\/a-propos\/les-options\/handball\/#primaryimage","url":"http:\/\/www.scolaire-collines.com\/college\/wp-content\/uploads\/2010\/10\/HAND-5-me-JEUX-DE-L-AVENIR-97-0011-300x229.jpg","contentUrl":"http:\/\/www.scolaire-collines.com\/college\/wp-content\/uploads\/2010\/10\/HAND-5-me-JEUX-DE-L-AVENIR-97-0011-300x229.jpg"},{"@type":"BreadcrumbList","@id":"https:\/\/www.scolaire-collines.com\/college\/a-propos\/les-options\/handball\/#breadcrumb","itemListElement":[{"@type":"ListItem","position":1,"name":"Accueil","item":"http:\/\/www.scolaire-collines.com\/college\/"},{"@type":"ListItem","position":2,"name":"Les classes","item":"http:\/\/www.scolaire-collines.com\/college\/a-propos\/"},{"@type":"ListItem","position":3,"name":"Nos sp\u00e9cificit\u00e9s","item":"http:\/\/www.scolaire-collines.com\/college\/a-propos\/les-options\/"},{"@type":"ListItem","position":4,"name":"Handball"}]},{"@type":"WebSite","@id":"http:\/\/www.scolaire-collines.com\/college\/#website","url":"http:\/\/www.scolaire-collines.com\/college\/","name":"Coll\u00e8ge Notre-Dame des Collines","description":"Un coll\u00e8ge qui fait grandir","potentialAction":[{"@type":"SearchAction","target":{"@type":"EntryPoint","urlTemplate":"http:\/\/www.scolaire-collines.com\/college\/?s={search_term_string}"},"query-input":{"@type":"PropertyValueSpecification","valueRequired":true,"valueName":"search_term_string"}}],"inLanguage":"fr-FR"}]}},"_links":{"self":[{"href":"https:\/\/www.scolaire-collines.com\/college\/wp-json\/wp\/v2\/pages\/376","targetHints":{"allow":["GET"]}}],"collection":[{"href":"https:\/\/www.scolaire-collines.com\/college\/wp-json\/wp\/v2\/pages"}],"about":[{"href":"https:\/\/www.scolaire-collines.com\/college\/wp-json\/wp\/v2\/types\/page"}],"author":[{"embeddable":true,"href":"https:\/\/www.scolaire-collines.com\/college\/wp-json\/wp\/v2\/users\/1"}],"replies":[{"embeddable":true,"href":"https:\/\/www.scolaire-collines.com\/college\/wp-json\/wp\/v2\/comments?post=376"}],"version-history":[{"count":2,"href":"https:\/\/www.scolaire-collines.com\/college\/wp-json\/wp\/v2\/pages\/376\/revisions"}],"predecessor-version":[{"id":2154,"href":"https:\/\/www.scolaire-collines.com\/college\/wp-json\/wp\/v2\/pages\/376\/revisions\/2154"}],"up":[{"embeddable":true,"href":"https:\/\/www.scolaire-collines.com\/college\/wp-json\/wp\/v2\/pages\/369"}],"wp:attachment":[{"href":"https:\/\/www.scolaire-collines.com\/college\/wp-json\/wp\/v2\/media?parent=376"}],"curies":[{"name":"wp","href":"https:\/\/api.w.org\/{rel}","templated":true}]}}