{"id":371,"date":"2016-11-28T12:00:17","date_gmt":"2016-11-28T11:00:17","guid":{"rendered":"http:\/\/www.scolaire-collines.com\/college\/?page_id=371"},"modified":"2022-11-17T12:06:18","modified_gmt":"2022-11-17T11:06:18","slug":"latin","status":"publish","type":"page","link":"https:\/\/www.scolaire-collines.com\/college\/a-propos\/les-options\/latin\/","title":{"rendered":"Latin"},"content":{"rendered":"<p><span style=\"font-family: arial,helvetica,sans-serif;\">\u00a0<\/span><\/p>\n<p><span style=\"font-family: arial,helvetica,sans-serif;\">(professeur responsable : Mme D&rsquo;Oliveira Pascaline)\u00a0 \u00a0<\/span><\/p>\n<p><span style=\"font-family: arial,helvetica,sans-serif;\"><strong><span style=\"color: #99cc00;\"><span style=\"color: #99cc00;\"><a href=\"http:\/\/www.scolaire-collines.com\/college\/wp-content\/uploads\/2010\/10\/colis\u00e9e.jpg\"><img loading=\"lazy\" decoding=\"async\" class=\"alignleft size-medium wp-image-543\" src=\"http:\/\/www.scolaire-collines.com\/college\/wp-content\/uploads\/2010\/10\/colis\u00e9e-300x196.jpg\" alt=\"\" width=\"300\" height=\"196\" \/><\/a><\/span><\/span><\/strong>\u00a0\u00a0\u00a0\u00a0<\/span><\/p>\n<p><span style=\"font-family: arial,helvetica,sans-serif;\">L&rsquo;option latin concerne trois niveaux :\u00a0\u00a0\u00a0<\/span><\/p>\n<ul>\n<li><span style=\"font-family: arial,helvetica,sans-serif;\"><strong>cinqui\u00e8me <\/strong>(deux heures hebdomadaires)<\/span><\/li>\n<li><span style=\"font-family: arial,helvetica,sans-serif;\"><strong>quatri\u00e8me<\/strong> (trois heures)<\/span><\/li>\n<li><span style=\"font-family: arial,helvetica,sans-serif;\"><strong>troisi\u00e8me <\/strong>(deux heures).<\/span><\/li>\n<\/ul>\n<p><span style=\"font-family: arial,helvetica,sans-serif;\">La langue latine est une langue de culture par excellence, qui a des prolongements multiples dans la litt\u00e9rature fran\u00e7aise et europ\u00e9enne.\u00a0\u00a0\u00a0<\/span><\/p>\n<p><span style=\"font-family: arial,helvetica,sans-serif;\"><span style=\"color: #ffffff;\">.<\/span>\u00a0\u00a0\u00a0<\/span><\/p>\n<p><span style=\"font-family: arial,helvetica,sans-serif;\">Cette mati\u00e8re int\u00e8gre tous les piliers de comp\u00e9tences du socle commun de connaissances.\u00a0\u00a0\u00a0<\/span><\/p>\n<p><span style=\"font-family: arial,helvetica,sans-serif;\">Elle demande de la rigueur et un travail soutenu, mais offre une vision \u00e9tendue du monde antique tout \u00e0 fait attrayante.\u00a0\u00a0\u00a0<\/span><\/p>\n<p style=\"text-align: left;\"><span style=\"font-family: arial,helvetica,sans-serif;\">De la cinqui\u00e8me \u00e0 la troisi\u00e8me, la progression ob\u00e9it \u00e0 une coh\u00e9rence chronologique et th\u00e9matique, proposant une vision dynamique et \u00e9largie de la latinit\u00e9.\u00a0\u00a0\u00a0<\/span><\/p>\n<div class=\"mceTemp mceIEcenter\"><span style=\"font-family: arial,helvetica,sans-serif;\">\u00a0<\/span><\/div>\n<div class=\"mceTemp mceIEcenter\"><span style=\"font-family: arial,helvetica,sans-serif;\">\u00a0<\/span><\/div>\n<p style=\"text-align: center;\"><span style=\"font-family: arial,helvetica,sans-serif;\"><img loading=\"lazy\" decoding=\"async\" class=\"size-medium wp-image-541 aligncenter\" src=\"http:\/\/www.scolaire-collines.com\/college\/wp-content\/uploads\/2010\/10\/ast\u00e9rix-262x300.jpg\" alt=\"\" width=\"262\" height=\"300\" \/><\/span><\/p>\n<div id=\"attachment_1187\" style=\"width: 631px\" class=\"wp-caption aligncenter\"><a href=\"http:\/\/www.scolaire-collines.com\/college\/wp-content\/uploads\/2010\/10\/journ\u00e9e-romaine-2012-05-29.jpg\"><img loading=\"lazy\" decoding=\"async\" aria-describedby=\"caption-attachment-1187\" class=\"size-large wp-image-1187 \" title=\"journ\u00e9e romaine 2012 05 29\" src=\"http:\/\/www.scolaire-collines.com\/college\/wp-content\/uploads\/2010\/10\/journ\u00e9e-romaine-2012-05-29-887x1024.jpg\" alt=\"\" width=\"621\" height=\"717\" \/><\/a><p id=\"caption-attachment-1187\" class=\"wp-caption-text\">Le Progr\u00e8s, 31 mai 2012<\/p><\/div>\n","protected":false},"excerpt":{"rendered":"<p>\u00a0 (professeur responsable : Mme D&rsquo;Oliveira Pascaline)\u00a0 \u00a0 \u00a0\u00a0\u00a0\u00a0 L&rsquo;option latin concerne trois niveaux :\u00a0\u00a0\u00a0 cinqui\u00e8me (deux heures hebdomadaires) quatri\u00e8me (trois heures) troisi\u00e8me (deux heures). La langue latine est une langue de culture par excellence, qui a des prolongements multiples dans la litt\u00e9rature fran\u00e7aise et europ\u00e9enne.\u00a0\u00a0\u00a0 .\u00a0\u00a0\u00a0 Cette mati\u00e8re int\u00e8gre tous les piliers de comp\u00e9tences [&hellip;]<\/p>\n","protected":false},"author":1,"featured_media":0,"parent":369,"menu_order":5,"comment_status":"closed","ping_status":"closed","template":"","meta":{"_acf_changed":false,"_et_pb_use_builder":"","_et_pb_old_content":"","_et_gb_content_width":"","footnotes":""},"class_list":["post-371","page","type-page","status-publish","hentry"],"acf":[],"yoast_head":"<!-- This site is optimized with the Yoast SEO plugin v27.4 - https:\/\/yoast.com\/product\/yoast-seo-wordpress\/ -->\n<title>Latin - Coll\u00e8ge Notre-Dame des Collines<\/title>\n<meta name=\"robots\" content=\"index, follow, max-snippet:-1, max-image-preview:large, max-video-preview:-1\" \/>\n<link rel=\"canonical\" href=\"https:\/\/www.scolaire-collines.com\/college\/a-propos\/les-options\/latin\/\" \/>\n<meta property=\"og:locale\" content=\"fr_FR\" \/>\n<meta property=\"og:type\" content=\"article\" \/>\n<meta property=\"og:title\" content=\"Latin - Coll\u00e8ge Notre-Dame des Collines\" \/>\n<meta property=\"og:description\" content=\"\u00a0 (professeur responsable : Mme D&rsquo;Oliveira Pascaline)\u00a0 \u00a0 \u00a0\u00a0\u00a0\u00a0 L&rsquo;option latin concerne trois niveaux :\u00a0\u00a0\u00a0 cinqui\u00e8me (deux heures hebdomadaires) quatri\u00e8me (trois heures) troisi\u00e8me (deux heures). La langue latine est une langue de culture par excellence, qui a des prolongements multiples dans la litt\u00e9rature fran\u00e7aise et europ\u00e9enne.\u00a0\u00a0\u00a0 .\u00a0\u00a0\u00a0 Cette mati\u00e8re int\u00e8gre tous les piliers de comp\u00e9tences [&hellip;]\" \/>\n<meta property=\"og:url\" content=\"https:\/\/www.scolaire-collines.com\/college\/a-propos\/les-options\/latin\/\" \/>\n<meta property=\"og:site_name\" content=\"Coll\u00e8ge Notre-Dame des Collines\" \/>\n<meta property=\"article:modified_time\" content=\"2022-11-17T11:06:18+00:00\" \/>\n<meta name=\"twitter:card\" content=\"summary_large_image\" \/>\n<meta name=\"twitter:label1\" content=\"Dur\u00e9e de lecture estim\u00e9e\" \/>\n\t<meta name=\"twitter:data1\" content=\"1 minute\" \/>\n<script type=\"application\/ld+json\" class=\"yoast-schema-graph\">{\"@context\":\"https:\\\/\\\/schema.org\",\"@graph\":[{\"@type\":\"WebPage\",\"@id\":\"https:\\\/\\\/www.scolaire-collines.com\\\/college\\\/a-propos\\\/les-options\\\/latin\\\/\",\"url\":\"https:\\\/\\\/www.scolaire-collines.com\\\/college\\\/a-propos\\\/les-options\\\/latin\\\/\",\"name\":\"Latin - Coll\u00e8ge Notre-Dame des Collines\",\"isPartOf\":{\"@id\":\"https:\\\/\\\/www.scolaire-collines.com\\\/college\\\/#website\"},\"datePublished\":\"2016-11-28T11:00:17+00:00\",\"dateModified\":\"2022-11-17T11:06:18+00:00\",\"breadcrumb\":{\"@id\":\"https:\\\/\\\/www.scolaire-collines.com\\\/college\\\/a-propos\\\/les-options\\\/latin\\\/#breadcrumb\"},\"inLanguage\":\"fr-FR\",\"potentialAction\":[{\"@type\":\"ReadAction\",\"target\":[\"https:\\\/\\\/www.scolaire-collines.com\\\/college\\\/a-propos\\\/les-options\\\/latin\\\/\"]}]},{\"@type\":\"BreadcrumbList\",\"@id\":\"https:\\\/\\\/www.scolaire-collines.com\\\/college\\\/a-propos\\\/les-options\\\/latin\\\/#breadcrumb\",\"itemListElement\":[{\"@type\":\"ListItem\",\"position\":1,\"name\":\"Accueil\",\"item\":\"https:\\\/\\\/www.scolaire-collines.com\\\/college\\\/\"},{\"@type\":\"ListItem\",\"position\":2,\"name\":\"Les classes\",\"item\":\"https:\\\/\\\/www.scolaire-collines.com\\\/college\\\/a-propos\\\/\"},{\"@type\":\"ListItem\",\"position\":3,\"name\":\"Nos sp\u00e9cificit\u00e9s\",\"item\":\"https:\\\/\\\/www.scolaire-collines.com\\\/college\\\/a-propos\\\/les-options\\\/\"},{\"@type\":\"ListItem\",\"position\":4,\"name\":\"Latin\"}]},{\"@type\":\"WebSite\",\"@id\":\"https:\\\/\\\/www.scolaire-collines.com\\\/college\\\/#website\",\"url\":\"https:\\\/\\\/www.scolaire-collines.com\\\/college\\\/\",\"name\":\"Coll\u00e8ge Notre-Dame des Collines\",\"description\":\"Un coll\u00e8ge qui fait grandir\",\"potentialAction\":[{\"@type\":\"SearchAction\",\"target\":{\"@type\":\"EntryPoint\",\"urlTemplate\":\"https:\\\/\\\/www.scolaire-collines.com\\\/college\\\/?s={search_term_string}\"},\"query-input\":{\"@type\":\"PropertyValueSpecification\",\"valueRequired\":true,\"valueName\":\"search_term_string\"}}],\"inLanguage\":\"fr-FR\"}]}<\/script>\n<!-- \/ Yoast SEO plugin. -->","yoast_head_json":{"title":"Latin - Coll\u00e8ge Notre-Dame des Collines","robots":{"index":"index","follow":"follow","max-snippet":"max-snippet:-1","max-image-preview":"max-image-preview:large","max-video-preview":"max-video-preview:-1"},"canonical":"https:\/\/www.scolaire-collines.com\/college\/a-propos\/les-options\/latin\/","og_locale":"fr_FR","og_type":"article","og_title":"Latin - Coll\u00e8ge Notre-Dame des Collines","og_description":"\u00a0 (professeur responsable : Mme D&rsquo;Oliveira Pascaline)\u00a0 \u00a0 \u00a0\u00a0\u00a0\u00a0 L&rsquo;option latin concerne trois niveaux :\u00a0\u00a0\u00a0 cinqui\u00e8me (deux heures hebdomadaires) quatri\u00e8me (trois heures) troisi\u00e8me (deux heures). La langue latine est une langue de culture par excellence, qui a des prolongements multiples dans la litt\u00e9rature fran\u00e7aise et europ\u00e9enne.\u00a0\u00a0\u00a0 .\u00a0\u00a0\u00a0 Cette mati\u00e8re int\u00e8gre tous les piliers de comp\u00e9tences [&hellip;]","og_url":"https:\/\/www.scolaire-collines.com\/college\/a-propos\/les-options\/latin\/","og_site_name":"Coll\u00e8ge Notre-Dame des Collines","article_modified_time":"2022-11-17T11:06:18+00:00","twitter_card":"summary_large_image","twitter_misc":{"Dur\u00e9e de lecture estim\u00e9e":"1 minute"},"schema":{"@context":"https:\/\/schema.org","@graph":[{"@type":"WebPage","@id":"https:\/\/www.scolaire-collines.com\/college\/a-propos\/les-options\/latin\/","url":"https:\/\/www.scolaire-collines.com\/college\/a-propos\/les-options\/latin\/","name":"Latin - Coll\u00e8ge Notre-Dame des Collines","isPartOf":{"@id":"https:\/\/www.scolaire-collines.com\/college\/#website"},"datePublished":"2016-11-28T11:00:17+00:00","dateModified":"2022-11-17T11:06:18+00:00","breadcrumb":{"@id":"https:\/\/www.scolaire-collines.com\/college\/a-propos\/les-options\/latin\/#breadcrumb"},"inLanguage":"fr-FR","potentialAction":[{"@type":"ReadAction","target":["https:\/\/www.scolaire-collines.com\/college\/a-propos\/les-options\/latin\/"]}]},{"@type":"BreadcrumbList","@id":"https:\/\/www.scolaire-collines.com\/college\/a-propos\/les-options\/latin\/#breadcrumb","itemListElement":[{"@type":"ListItem","position":1,"name":"Accueil","item":"https:\/\/www.scolaire-collines.com\/college\/"},{"@type":"ListItem","position":2,"name":"Les classes","item":"https:\/\/www.scolaire-collines.com\/college\/a-propos\/"},{"@type":"ListItem","position":3,"name":"Nos sp\u00e9cificit\u00e9s","item":"https:\/\/www.scolaire-collines.com\/college\/a-propos\/les-options\/"},{"@type":"ListItem","position":4,"name":"Latin"}]},{"@type":"WebSite","@id":"https:\/\/www.scolaire-collines.com\/college\/#website","url":"https:\/\/www.scolaire-collines.com\/college\/","name":"Coll\u00e8ge Notre-Dame des Collines","description":"Un coll\u00e8ge qui fait grandir","potentialAction":[{"@type":"SearchAction","target":{"@type":"EntryPoint","urlTemplate":"https:\/\/www.scolaire-collines.com\/college\/?s={search_term_string}"},"query-input":{"@type":"PropertyValueSpecification","valueRequired":true,"valueName":"search_term_string"}}],"inLanguage":"fr-FR"}]}},"_links":{"self":[{"href":"https:\/\/www.scolaire-collines.com\/college\/wp-json\/wp\/v2\/pages\/371","targetHints":{"allow":["GET"]}}],"collection":[{"href":"https:\/\/www.scolaire-collines.com\/college\/wp-json\/wp\/v2\/pages"}],"about":[{"href":"https:\/\/www.scolaire-collines.com\/college\/wp-json\/wp\/v2\/types\/page"}],"author":[{"embeddable":true,"href":"https:\/\/www.scolaire-collines.com\/college\/wp-json\/wp\/v2\/users\/1"}],"replies":[{"embeddable":true,"href":"https:\/\/www.scolaire-collines.com\/college\/wp-json\/wp\/v2\/comments?post=371"}],"version-history":[{"count":2,"href":"https:\/\/www.scolaire-collines.com\/college\/wp-json\/wp\/v2\/pages\/371\/revisions"}],"predecessor-version":[{"id":2757,"href":"https:\/\/www.scolaire-collines.com\/college\/wp-json\/wp\/v2\/pages\/371\/revisions\/2757"}],"up":[{"embeddable":true,"href":"https:\/\/www.scolaire-collines.com\/college\/wp-json\/wp\/v2\/pages\/369"}],"wp:attachment":[{"href":"https:\/\/www.scolaire-collines.com\/college\/wp-json\/wp\/v2\/media?parent=371"}],"curies":[{"name":"wp","href":"https:\/\/api.w.org\/{rel}","templated":true}]}}

<p><span style="font-family: arial,helvetica,sans-serif;"> </span></p>
<p><span style="font-family: arial,helvetica,sans-serif;">(professeur responsable : Mme D&rsquo;Oliveira Pascaline)   </span></p>
<p><span style="font-family: arial,helvetica,sans-serif;"><strong><span style="color: #99cc00;"><span style="color: #99cc00;"><a href="http://www.scolaire-collines.com/college/wp-content/uploads/2010/10/colisée.jpg"><img loading="lazy" decoding="async" class="alignleft size-medium wp-image-543" src="http://www.scolaire-collines.com/college/wp-content/uploads/2010/10/colisée-300x196.jpg" alt="" width="300" height="196" /></a></span></span></strong>    </span></p>
<p><span style="font-family: arial,helvetica,sans-serif;">L&rsquo;option latin concerne trois niveaux :   </span></p>
<ul>
<li><span style="font-family: arial,helvetica,sans-serif;"><strong>cinquième </strong>(deux heures hebdomadaires)</span></li>
<li><span style="font-family: arial,helvetica,sans-serif;"><strong>quatrième</strong> (trois heures)</span></li>
<li><span style="font-family: arial,helvetica,sans-serif;"><strong>troisième </strong>(deux heures).</span></li>
</ul>
<p><span style="font-family: arial,helvetica,sans-serif;">La langue latine est une langue de culture par excellence, qui a des prolongements multiples dans la littérature française et européenne.   </span></p>
<p><span style="font-family: arial,helvetica,sans-serif;"><span style="color: #ffffff;">.</span>   </span></p>
<p><span style="font-family: arial,helvetica,sans-serif;">Cette matière intègre tous les piliers de compétences du socle commun de connaissances.   </span></p>
<p><span style="font-family: arial,helvetica,sans-serif;">Elle demande de la rigueur et un travail soutenu, mais offre une vision étendue du monde antique tout à fait attrayante.   </span></p>
<p style="text-align: left;"><span style="font-family: arial,helvetica,sans-serif;">De la cinquième à la troisième, la progression obéit à une cohérence chronologique et thématique, proposant une vision dynamique et élargie de la latinité.   </span></p>
<div class="mceTemp mceIEcenter"><span style="font-family: arial,helvetica,sans-serif;"> </span></div>
<div class="mceTemp mceIEcenter"><span style="font-family: arial,helvetica,sans-serif;"> </span></div>
<p style="text-align: center;"><span style="font-family: arial,helvetica,sans-serif;"><img loading="lazy" decoding="async" class="size-medium wp-image-541 aligncenter" src="http://www.scolaire-collines.com/college/wp-content/uploads/2010/10/astérix-262x300.jpg" alt="" width="262" height="300" /></span></p>
<div id="attachment_1187" style="width: 631px" class="wp-caption aligncenter"><a href="http://www.scolaire-collines.com/college/wp-content/uploads/2010/10/journée-romaine-2012-05-29.jpg"><img loading="lazy" decoding="async" aria-describedby="caption-attachment-1187" class="size-large wp-image-1187 " title="journée romaine 2012 05 29" src="http://www.scolaire-collines.com/college/wp-content/uploads/2010/10/journée-romaine-2012-05-29-887x1024.jpg" alt="" width="621" height="717" /></a><p id="caption-attachment-1187" class="wp-caption-text">Le Progrès, 31 mai 2012</p></div>

<p>  (professeur responsable : Mme D&rsquo;Oliveira Pascaline)         L&rsquo;option latin concerne trois niveaux :    cinquième (deux heures hebdomadaires) quatrième (trois heures) troisième (deux heures). La langue latine est une langue de culture par excellence, qui a des prolongements multiples dans la littérature française et européenne.    .    Cette matière intègre tous les piliers de compétences [&hellip;]</p>

<!-- This site is optimized with the Yoast SEO plugin v27.4 - https://yoast.com/product/yoast-seo-wordpress/ -->
<title>Latin - Collège Notre-Dame des Collines</title>
<meta name="robots" content="index, follow, max-snippet:-1, max-image-preview:large, max-video-preview:-1" />
<link rel="canonical" href="https://www.scolaire-collines.com/college/a-propos/les-options/latin/" />
<meta property="og:locale" content="fr_FR" />
<meta property="og:type" content="article" />
<meta property="og:title" content="Latin - Collège Notre-Dame des Collines" />
<meta property="og:description" content="  (professeur responsable : Mme D&rsquo;Oliveira Pascaline)         L&rsquo;option latin concerne trois niveaux :    cinquième (deux heures hebdomadaires) quatrième (trois heures) troisième (deux heures). La langue latine est une langue de culture par excellence, qui a des prolongements multiples dans la littérature française et européenne.    .    Cette matière intègre tous les piliers de compétences [&hellip;]" />
<meta property="og:url" content="https://www.scolaire-collines.com/college/a-propos/les-options/latin/" />
<meta property="og:site_name" content="Collège Notre-Dame des Collines" />
<meta property="article:modified_time" content="2022-11-17T11:06:18+00:00" />
<meta name="twitter:card" content="summary_large_image" />
<meta name="twitter:label1" content="Durée de lecture estimée" />
	<meta name="twitter:data1" content="1 minute" />
<script type="application/ld+json" class="yoast-schema-graph">{"@context":"https:\/\/schema.org","@graph":[{"@type":"WebPage","@id":"https:\/\/www.scolaire-collines.com\/college\/a-propos\/les-options\/latin\/","url":"https:\/\/www.scolaire-collines.com\/college\/a-propos\/les-options\/latin\/","name":"Latin - Collège Notre-Dame des Collines","isPartOf":{"@id":"https:\/\/www.scolaire-collines.com\/college\/#website"},"datePublished":"2016-11-28T11:00:17+00:00","dateModified":"2022-11-17T11:06:18+00:00","breadcrumb":{"@id":"https:\/\/www.scolaire-collines.com\/college\/a-propos\/les-options\/latin\/#breadcrumb"},"inLanguage":"fr-FR","potentialAction":[{"@type":"ReadAction","target":["https:\/\/www.scolaire-collines.com\/college\/a-propos\/les-options\/latin\/"]}]},{"@type":"BreadcrumbList","@id":"https:\/\/www.scolaire-collines.com\/college\/a-propos\/les-options\/latin\/#breadcrumb","itemListElement":[{"@type":"ListItem","position":1,"name":"Accueil","item":"https:\/\/www.scolaire-collines.com\/college\/"},{"@type":"ListItem","position":2,"name":"Les classes","item":"https:\/\/www.scolaire-collines.com\/college\/a-propos\/"},{"@type":"ListItem","position":3,"name":"Nos spécificités","item":"https:\/\/www.scolaire-collines.com\/college\/a-propos\/les-options\/"},{"@type":"ListItem","position":4,"name":"Latin"}]},{"@type":"WebSite","@id":"https:\/\/www.scolaire-collines.com\/college\/#website","url":"https:\/\/www.scolaire-collines.com\/college\/","name":"Collège Notre-Dame des Collines","description":"Un collège qui fait grandir","potentialAction":[{"@type":"SearchAction","target":{"@type":"EntryPoint","urlTemplate":"https:\/\/www.scolaire-collines.com\/college\/?s={search_term_string}"},"query-input":{"@type":"PropertyValueSpecification","valueRequired":true,"valueName":"search_term_string"}}],"inLanguage":"fr-FR"}]}</script>
<!-- / Yoast SEO plugin. -->

Latin - Collège Notre-Dame des Collines

(professeur responsable : Mme D&rsquo;Oliveira Pascaline)         L&rsquo;option latin concerne trois niveaux :    cinquième (deux heures hebdomadaires) quatrième (trois heures) troisième (deux heures). La langue latine est une langue de culture par excellence, qui a des prolongements multiples dans la littérature française et européenne.    .    Cette matière intègre tous les piliers de compétences [&hellip;]

Collège Notre-Dame des Collines

Nos spécificités

Un collège qui fait grandir
