{"id":42,"date":"2013-10-31T15:09:08","date_gmt":"2013-10-31T14:09:08","guid":{"rendered":"http:\/\/www.scolaire-collines.com\/sacrecoeur\/?page_id=42"},"modified":"2016-08-26T09:58:22","modified_gmt":"2016-08-26T07:58:22","slug":"projet-educatif","status":"publish","type":"page","link":"http:\/\/www.scolaire-collines.com\/sacrecoeur\/projets\/projet-educatif\/","title":{"rendered":"Projet \u00e9ducatif"},"content":{"rendered":"<p style=\"text-align: justify;\">L\u2019\u00e9cole primaire du Sacr\u00e9 C\u0153ur \u00e0 Rive de Gier fait partie int\u00e9grante du groupe scolaire Notre Dame des Collines englobant l&rsquo;\u00e9cole maternelle et \u00e9l\u00e9mentaire, le coll\u00e8ge et le lyc\u00e9e professionnel.<\/p>\n<p style=\"text-align: justify;\">Notre \u00e9cole, Etablissement Catholique d\u2019Enseignement, sous contrat d\u2019association avec l\u2019Etat, est engag\u00e9e dans la mission de service public de l\u2019Education Nationale. La sp\u00e9cificit\u00e9 de son projet en r\u00e9f\u00e9rence \u00e0 l\u2019Evangile est propos\u00e9e aux parents lors de l\u2019inscription de leur enfant.<\/p>\n<p style=\"text-align: justify;\">Les membres de l\u2019\u00e9quipe \u00e9ducative, dans leur diversit\u00e9 et leur coh\u00e9rence, soucieux d\u2019\u00eatre \u00ab\u00a0 des passeurs de savoirs, de comp\u00e9tences et d\u2019humanit\u00e9\u00a0\u00bb, veulent contribuer\u00a0 ensemble \u00e0 l\u2019\u00e9panouissement de chacun au sein de la communaut\u00e9 \u00e9ducative\u00a0:<br \/>\n<BR\/><div class=\"su-row\">\n<div class=\"su-column su-column-size-1-3\"><div class=\"su-column-inner su-u-clearfix su-u-trim\">\n<p style=\"text-align: justify;\"><strong>Pour que notre \u00e9cole soit <span style=\"color: #9e438f;\">un lieu de construction de savoirs pour tous,<\/span> nous voulons :<\/strong><\/p>\n<ul>\n<li style=\"text-align: justify;\">Articuler l\u2019apprentissage des savoirs fondamentaux, le socle commun des comp\u00e9tences et les d\u00e9marches p\u00e9dagogiques de mani\u00e8re coh\u00e9rente en fonction des enfants accueillis et des cycles.<\/li>\n<li style=\"text-align: justify;\">Valoriser les r\u00e9ussites, porter attention aux enfants en difficult\u00e9s et travailler \u00e0 la consolidation des acquis.<\/li>\n<li style=\"text-align: justify;\">D\u00e9velopper le go\u00fbt de la recherche et de la curiosit\u00e9, de la cr\u00e9ativit\u00e9 et la motivation des enfants pour les apprentissages.<\/li>\n<li style=\"text-align: justify;\">Sensibiliser les enfants aux dimensions religieuses au travers des diverses disciplines enseign\u00e9es.<\/li>\n<\/ul>\n<\/div><\/div>\n<div class=\"su-column su-column-size-1-3\"><div class=\"su-column-inner su-u-clearfix su-u-trim\">\n<p style=\"text-align: justify;\"><strong>Pour que notre \u00e9cole soit <span style=\"color: #9e438f;\">un lieu de vie et d\u2019humanisation pour tous,<\/span> nous voulons :<\/strong><\/p>\n<ul>\n<li style=\"text-align: justify;\">Porter attention &#8211; accueillir &#8211; \u00e9couter chacun dans ses richesses, comp\u00e9tences et limites.<\/li>\n<li style=\"text-align: justify;\">D\u00e9velopper\u00a0 le dialogue, l\u2019\u00e9change et le partage les moments de convivialit\u00e9 entre tous,<\/li>\n<li style=\"text-align: justify;\">Favoriser le vivre ensemble par l\u2019\u00e9ducation au respect de soi-m\u00eame, des diff\u00e9rences,\u00a0 des r\u00e8gles de vie communes.<\/li>\n<li style=\"text-align: justify;\">Permettre une approche sp\u00e9cifique et \u00e9ducative de la mixit\u00e9 sociale et culturelle des enfants et des familles qui fr\u00e9quentent notre \u00e9cole.<\/li>\n<li style=\"text-align: justify;\">D\u00e9velopper la r\u00e9flexion sur les valeurs partag\u00e9es au regard de la dimension catholique de notre \u00e9cole<\/li>\n<\/ul>\n<\/div><\/div>\n<div class=\"su-column su-column-size-1-3\"><div class=\"su-column-inner su-u-clearfix su-u-trim\">\n<p style=\"text-align: justify;\"><strong>Pour que notre \u00e9cole soit <span style=\"color: #9e438f;\">un lieu de structuration de la personne en devenir, pour chaque membre de notre communaut\u00e9 \u00e9ducative,<\/span> nous voulons\u00a0:<\/strong><\/p>\n<ul>\n<li style=\"text-align: justify;\">Proposer, pour les enfants, un cadre d\u2019\u00e9ducation structurant et en coh\u00e9rence avec le t\u00e9moignage des adultes.<\/li>\n<li style=\"text-align: justify;\">D\u00e9velopper la confiance entre tous les acteurs \u00e9ducatifs pour renforcer cette compl\u00e9mentarit\u00e9 indispensable \u00e0 un bon accompagnement \u00e9ducatif des enfants.<\/li>\n<li style=\"text-align: justify;\">Favoriser tout ce qui permet l\u2019acquisition de l\u2019autonomie, la responsabilit\u00e9 et l\u2019apprentissage de la libert\u00e9.<\/li>\n<li style=\"text-align: justify;\">Proposer des chemins de d\u00e9couverte et d\u2019approfondissement de la foi chr\u00e9tienne<\/li>\n<\/ul>\n<\/div><\/div>\n<\/div>\n<p style=\"text-align: center;\"><span style=\"color: #9e438f;\"><strong>C\u2019est tous ensemble, avec les parents d\u00e9sireux de partager ce projet, <\/strong><\/span><\/p>\n<p style=\"text-align: center;\"><span style=\"color: #9e438f;\"><strong>que nous r\u00e9ussirons nos t\u00e2ches d\u2019enseignement et d\u2019\u00e9ducation aupr\u00e8s des enfants qui nous sont confi\u00e9s.<\/strong><\/span><\/p>\n","protected":false},"excerpt":{"rendered":"<p>L\u2019\u00e9cole primaire du Sacr\u00e9 C\u0153ur \u00e0 Rive de Gier fait partie int\u00e9grante du groupe scolaire Notre Dame des Collines englobant l&rsquo;\u00e9cole maternelle et \u00e9l\u00e9mentaire, le [&hellip;]<\/p>\n","protected":false},"author":1,"featured_media":0,"parent":40,"menu_order":18,"comment_status":"closed","ping_status":"closed","template":"","meta":{"_acf_changed":false,"footnotes":""},"class_list":["post-42","page","type-page","status-publish","hentry"],"acf":[],"yoast_head":"<!-- This site is optimized with the Yoast SEO plugin v24.2 - https:\/\/yoast.com\/wordpress\/plugins\/seo\/ -->\n<title>Projet \u00e9ducatif - Ecole du Sacr\u00e9 Coeur<\/title>\n<meta name=\"robots\" content=\"index, follow, max-snippet:-1, max-image-preview:large, max-video-preview:-1\" \/>\n<link rel=\"canonical\" href=\"http:\/\/www.scolaire-collines.com\/sacrecoeur\/projets\/projet-educatif\/\" \/>\n<meta property=\"og:locale\" content=\"fr_FR\" \/>\n<meta property=\"og:type\" content=\"article\" \/>\n<meta property=\"og:title\" content=\"Projet \u00e9ducatif - Ecole du Sacr\u00e9 Coeur\" \/>\n<meta property=\"og:description\" content=\"L\u2019\u00e9cole primaire du Sacr\u00e9 C\u0153ur \u00e0 Rive de Gier fait partie int\u00e9grante du groupe scolaire Notre Dame des Collines englobant l&rsquo;\u00e9cole maternelle et \u00e9l\u00e9mentaire, le [&hellip;]\" \/>\n<meta property=\"og:url\" content=\"http:\/\/www.scolaire-collines.com\/sacrecoeur\/projets\/projet-educatif\/\" \/>\n<meta property=\"og:site_name\" content=\"Ecole du Sacr\u00e9 Coeur\" \/>\n<meta property=\"article:modified_time\" content=\"2016-08-26T07:58:22+00:00\" \/>\n<meta name=\"twitter:card\" content=\"summary_large_image\" \/>\n<meta name=\"twitter:label1\" content=\"Dur\u00e9e de lecture estim\u00e9e\" \/>\n\t<meta name=\"twitter:data1\" content=\"2 minutes\" \/>\n<script type=\"application\/ld+json\" class=\"yoast-schema-graph\">{\"@context\":\"https:\/\/schema.org\",\"@graph\":[{\"@type\":\"WebPage\",\"@id\":\"http:\/\/www.scolaire-collines.com\/sacrecoeur\/projets\/projet-educatif\/\",\"url\":\"http:\/\/www.scolaire-collines.com\/sacrecoeur\/projets\/projet-educatif\/\",\"name\":\"Projet \u00e9ducatif - Ecole du Sacr\u00e9 Coeur\",\"isPartOf\":{\"@id\":\"http:\/\/www.scolaire-collines.com\/sacrecoeur\/#website\"},\"datePublished\":\"2013-10-31T14:09:08+00:00\",\"dateModified\":\"2016-08-26T07:58:22+00:00\",\"breadcrumb\":{\"@id\":\"http:\/\/www.scolaire-collines.com\/sacrecoeur\/projets\/projet-educatif\/#breadcrumb\"},\"inLanguage\":\"fr-FR\",\"potentialAction\":[{\"@type\":\"ReadAction\",\"target\":[\"http:\/\/www.scolaire-collines.com\/sacrecoeur\/projets\/projet-educatif\/\"]}]},{\"@type\":\"BreadcrumbList\",\"@id\":\"http:\/\/www.scolaire-collines.com\/sacrecoeur\/projets\/projet-educatif\/#breadcrumb\",\"itemListElement\":[{\"@type\":\"ListItem\",\"position\":1,\"name\":\"Accueil\",\"item\":\"http:\/\/www.scolaire-collines.com\/sacrecoeur\/\"},{\"@type\":\"ListItem\",\"position\":2,\"name\":\"Projets\",\"item\":\"http:\/\/www.scolaire-collines.com\/sacrecoeur\/projets\/\"},{\"@type\":\"ListItem\",\"position\":3,\"name\":\"Projet \u00e9ducatif\"}]},{\"@type\":\"WebSite\",\"@id\":\"http:\/\/www.scolaire-collines.com\/sacrecoeur\/#website\",\"url\":\"http:\/\/www.scolaire-collines.com\/sacrecoeur\/\",\"name\":\"Ecole du Sacr\u00e9 Coeur\",\"description\":\"\u00e9cole du sacr\u00e9 coeur\",\"potentialAction\":[{\"@type\":\"SearchAction\",\"target\":{\"@type\":\"EntryPoint\",\"urlTemplate\":\"http:\/\/www.scolaire-collines.com\/sacrecoeur\/?s={search_term_string}\"},\"query-input\":{\"@type\":\"PropertyValueSpecification\",\"valueRequired\":true,\"valueName\":\"search_term_string\"}}],\"inLanguage\":\"fr-FR\"}]}<\/script>\n<!-- \/ Yoast SEO plugin. -->","yoast_head_json":{"title":"Projet \u00e9ducatif - Ecole du Sacr\u00e9 Coeur","robots":{"index":"index","follow":"follow","max-snippet":"max-snippet:-1","max-image-preview":"max-image-preview:large","max-video-preview":"max-video-preview:-1"},"canonical":"http:\/\/www.scolaire-collines.com\/sacrecoeur\/projets\/projet-educatif\/","og_locale":"fr_FR","og_type":"article","og_title":"Projet \u00e9ducatif - Ecole du Sacr\u00e9 Coeur","og_description":"L\u2019\u00e9cole primaire du Sacr\u00e9 C\u0153ur \u00e0 Rive de Gier fait partie int\u00e9grante du groupe scolaire Notre Dame des Collines englobant l&rsquo;\u00e9cole maternelle et \u00e9l\u00e9mentaire, le [&hellip;]","og_url":"http:\/\/www.scolaire-collines.com\/sacrecoeur\/projets\/projet-educatif\/","og_site_name":"Ecole du Sacr\u00e9 Coeur","article_modified_time":"2016-08-26T07:58:22+00:00","twitter_card":"summary_large_image","twitter_misc":{"Dur\u00e9e de lecture estim\u00e9e":"2 minutes"},"schema":{"@context":"https:\/\/schema.org","@graph":[{"@type":"WebPage","@id":"http:\/\/www.scolaire-collines.com\/sacrecoeur\/projets\/projet-educatif\/","url":"http:\/\/www.scolaire-collines.com\/sacrecoeur\/projets\/projet-educatif\/","name":"Projet \u00e9ducatif - Ecole du Sacr\u00e9 Coeur","isPartOf":{"@id":"http:\/\/www.scolaire-collines.com\/sacrecoeur\/#website"},"datePublished":"2013-10-31T14:09:08+00:00","dateModified":"2016-08-26T07:58:22+00:00","breadcrumb":{"@id":"http:\/\/www.scolaire-collines.com\/sacrecoeur\/projets\/projet-educatif\/#breadcrumb"},"inLanguage":"fr-FR","potentialAction":[{"@type":"ReadAction","target":["http:\/\/www.scolaire-collines.com\/sacrecoeur\/projets\/projet-educatif\/"]}]},{"@type":"BreadcrumbList","@id":"http:\/\/www.scolaire-collines.com\/sacrecoeur\/projets\/projet-educatif\/#breadcrumb","itemListElement":[{"@type":"ListItem","position":1,"name":"Accueil","item":"http:\/\/www.scolaire-collines.com\/sacrecoeur\/"},{"@type":"ListItem","position":2,"name":"Projets","item":"http:\/\/www.scolaire-collines.com\/sacrecoeur\/projets\/"},{"@type":"ListItem","position":3,"name":"Projet \u00e9ducatif"}]},{"@type":"WebSite","@id":"http:\/\/www.scolaire-collines.com\/sacrecoeur\/#website","url":"http:\/\/www.scolaire-collines.com\/sacrecoeur\/","name":"Ecole du Sacr\u00e9 Coeur","description":"\u00e9cole du sacr\u00e9 coeur","potentialAction":[{"@type":"SearchAction","target":{"@type":"EntryPoint","urlTemplate":"http:\/\/www.scolaire-collines.com\/sacrecoeur\/?s={search_term_string}"},"query-input":{"@type":"PropertyValueSpecification","valueRequired":true,"valueName":"search_term_string"}}],"inLanguage":"fr-FR"}]}},"_links":{"self":[{"href":"http:\/\/www.scolaire-collines.com\/sacrecoeur\/wp-json\/wp\/v2\/pages\/42","targetHints":{"allow":["GET"]}}],"collection":[{"href":"http:\/\/www.scolaire-collines.com\/sacrecoeur\/wp-json\/wp\/v2\/pages"}],"about":[{"href":"http:\/\/www.scolaire-collines.com\/sacrecoeur\/wp-json\/wp\/v2\/types\/page"}],"author":[{"embeddable":true,"href":"http:\/\/www.scolaire-collines.com\/sacrecoeur\/wp-json\/wp\/v2\/users\/1"}],"replies":[{"embeddable":true,"href":"http:\/\/www.scolaire-collines.com\/sacrecoeur\/wp-json\/wp\/v2\/comments?post=42"}],"version-history":[{"count":6,"href":"http:\/\/www.scolaire-collines.com\/sacrecoeur\/wp-json\/wp\/v2\/pages\/42\/revisions"}],"predecessor-version":[{"id":276,"href":"http:\/\/www.scolaire-collines.com\/sacrecoeur\/wp-json\/wp\/v2\/pages\/42\/revisions\/276"}],"up":[{"embeddable":true,"href":"http:\/\/www.scolaire-collines.com\/sacrecoeur\/wp-json\/wp\/v2\/pages\/40"}],"wp:attachment":[{"href":"http:\/\/www.scolaire-collines.com\/sacrecoeur\/wp-json\/wp\/v2\/media?parent=42"}],"curies":[{"name":"wp","href":"https:\/\/api.w.org\/{rel}","templated":true}]}}