{"id":70,"date":"2016-11-28T08:52:42","date_gmt":"2016-11-28T07:52:42","guid":{"rendered":"http:\/\/www.scolaire-collines.com\/lycee-ndc\/?page_id=70"},"modified":"2021-11-04T16:34:17","modified_gmt":"2021-11-04T15:34:17","slug":"horaires-des-cours","status":"publish","type":"page","link":"http:\/\/www.scolaire-collines.com\/lycee\/horaires-des-cours\/","title":{"rendered":"Horaires des cours"},"content":{"rendered":"<p><span style=\"font-family: arial,helvetica,sans-serif;\">Lundi, mardi, mercredi, jeudi et vendredi de 8 h 05 \u00e0 12h et de 13 h 40 \u00e0 17 h 10<\/span><\/p>\n<p>Possibilit\u00e9 certains jours de reprendre \u00e0 13h10<\/p>\n","protected":false},"excerpt":{"rendered":"<p>Lundi, mardi, mercredi, jeudi et vendredi de 8 h 05 \u00e0 12h et de 13 h 40 \u00e0 17 h 10 Possibilit\u00e9 certains jours de reprendre \u00e0 13h10<\/p>\n","protected":false},"author":2,"featured_media":0,"parent":0,"menu_order":0,"comment_status":"closed","ping_status":"closed","template":"","meta":{"_acf_changed":false,"jetpack_post_was_ever_published":false,"footnotes":""},"class_list":["post-70","page","type-page","status-publish","hentry"],"acf":[],"yoast_head":"<!-- This site is optimized with the Yoast SEO plugin v24.2 - https:\/\/yoast.com\/wordpress\/plugins\/seo\/ -->\n<title>Horaires des cours - Lyc\u00e9e Notre Dame des Collines<\/title>\n<meta name=\"robots\" content=\"index, follow, max-snippet:-1, max-image-preview:large, max-video-preview:-1\" \/>\n<link rel=\"canonical\" href=\"http:\/\/www.scolaire-collines.com\/lycee\/horaires-des-cours\/\" \/>\n<meta property=\"og:locale\" content=\"fr_FR\" \/>\n<meta property=\"og:type\" content=\"article\" \/>\n<meta property=\"og:title\" content=\"Horaires des cours - Lyc\u00e9e Notre Dame des Collines\" \/>\n<meta property=\"og:description\" content=\"Lundi, mardi, mercredi, jeudi et vendredi de 8 h 05 \u00e0 12h et de 13 h 40 \u00e0 17 h 10 Possibilit\u00e9 certains jours de reprendre \u00e0 13h10\" \/>\n<meta property=\"og:url\" content=\"http:\/\/www.scolaire-collines.com\/lycee\/horaires-des-cours\/\" \/>\n<meta property=\"og:site_name\" content=\"Lyc\u00e9e Notre Dame des Collines\" \/>\n<meta property=\"article:modified_time\" content=\"2021-11-04T15:34:17+00:00\" \/>\n<meta name=\"twitter:card\" content=\"summary_large_image\" \/>\n<script type=\"application\/ld+json\" class=\"yoast-schema-graph\">{\"@context\":\"https:\/\/schema.org\",\"@graph\":[{\"@type\":\"WebPage\",\"@id\":\"http:\/\/www.scolaire-collines.com\/lycee\/horaires-des-cours\/\",\"url\":\"http:\/\/www.scolaire-collines.com\/lycee\/horaires-des-cours\/\",\"name\":\"Horaires des cours - Lyc\u00e9e Notre Dame des Collines\",\"isPartOf\":{\"@id\":\"http:\/\/www.scolaire-collines.com\/lycee\/#website\"},\"datePublished\":\"2016-11-28T07:52:42+00:00\",\"dateModified\":\"2021-11-04T15:34:17+00:00\",\"breadcrumb\":{\"@id\":\"http:\/\/www.scolaire-collines.com\/lycee\/horaires-des-cours\/#breadcrumb\"},\"inLanguage\":\"fr-FR\",\"potentialAction\":[{\"@type\":\"ReadAction\",\"target\":[\"http:\/\/www.scolaire-collines.com\/lycee\/horaires-des-cours\/\"]}]},{\"@type\":\"BreadcrumbList\",\"@id\":\"http:\/\/www.scolaire-collines.com\/lycee\/horaires-des-cours\/#breadcrumb\",\"itemListElement\":[{\"@type\":\"ListItem\",\"position\":1,\"name\":\"Accueil\",\"item\":\"http:\/\/www.scolaire-collines.com\/lycee\/\"},{\"@type\":\"ListItem\",\"position\":2,\"name\":\"Horaires des cours\"}]},{\"@type\":\"WebSite\",\"@id\":\"http:\/\/www.scolaire-collines.com\/lycee\/#website\",\"url\":\"http:\/\/www.scolaire-collines.com\/lycee\/\",\"name\":\"Lyc\u00e9e Notre Dame des Collines\",\"description\":\"Un lyc\u00e9e pour apprendre et s&#039;\u00e9panouir\",\"potentialAction\":[{\"@type\":\"SearchAction\",\"target\":{\"@type\":\"EntryPoint\",\"urlTemplate\":\"http:\/\/www.scolaire-collines.com\/lycee\/?s={search_term_string}\"},\"query-input\":{\"@type\":\"PropertyValueSpecification\",\"valueRequired\":true,\"valueName\":\"search_term_string\"}}],\"inLanguage\":\"fr-FR\"}]}<\/script>\n<!-- \/ Yoast SEO plugin. -->","yoast_head_json":{"title":"Horaires des cours - Lyc\u00e9e Notre Dame des Collines","robots":{"index":"index","follow":"follow","max-snippet":"max-snippet:-1","max-image-preview":"max-image-preview:large","max-video-preview":"max-video-preview:-1"},"canonical":"http:\/\/www.scolaire-collines.com\/lycee\/horaires-des-cours\/","og_locale":"fr_FR","og_type":"article","og_title":"Horaires des cours - Lyc\u00e9e Notre Dame des Collines","og_description":"Lundi, mardi, mercredi, jeudi et vendredi de 8 h 05 \u00e0 12h et de 13 h 40 \u00e0 17 h 10 Possibilit\u00e9 certains jours de reprendre \u00e0 13h10","og_url":"http:\/\/www.scolaire-collines.com\/lycee\/horaires-des-cours\/","og_site_name":"Lyc\u00e9e Notre Dame des Collines","article_modified_time":"2021-11-04T15:34:17+00:00","twitter_card":"summary_large_image","schema":{"@context":"https:\/\/schema.org","@graph":[{"@type":"WebPage","@id":"http:\/\/www.scolaire-collines.com\/lycee\/horaires-des-cours\/","url":"http:\/\/www.scolaire-collines.com\/lycee\/horaires-des-cours\/","name":"Horaires des cours - Lyc\u00e9e Notre Dame des Collines","isPartOf":{"@id":"http:\/\/www.scolaire-collines.com\/lycee\/#website"},"datePublished":"2016-11-28T07:52:42+00:00","dateModified":"2021-11-04T15:34:17+00:00","breadcrumb":{"@id":"http:\/\/www.scolaire-collines.com\/lycee\/horaires-des-cours\/#breadcrumb"},"inLanguage":"fr-FR","potentialAction":[{"@type":"ReadAction","target":["http:\/\/www.scolaire-collines.com\/lycee\/horaires-des-cours\/"]}]},{"@type":"BreadcrumbList","@id":"http:\/\/www.scolaire-collines.com\/lycee\/horaires-des-cours\/#breadcrumb","itemListElement":[{"@type":"ListItem","position":1,"name":"Accueil","item":"http:\/\/www.scolaire-collines.com\/lycee\/"},{"@type":"ListItem","position":2,"name":"Horaires des cours"}]},{"@type":"WebSite","@id":"http:\/\/www.scolaire-collines.com\/lycee\/#website","url":"http:\/\/www.scolaire-collines.com\/lycee\/","name":"Lyc\u00e9e Notre Dame des Collines","description":"Un lyc\u00e9e pour apprendre et s&#039;\u00e9panouir","potentialAction":[{"@type":"SearchAction","target":{"@type":"EntryPoint","urlTemplate":"http:\/\/www.scolaire-collines.com\/lycee\/?s={search_term_string}"},"query-input":{"@type":"PropertyValueSpecification","valueRequired":true,"valueName":"search_term_string"}}],"inLanguage":"fr-FR"}]}},"jetpack_sharing_enabled":true,"jetpack_shortlink":"https:\/\/wp.me\/P9EMeB-18","jetpack-related-posts":[],"_links":{"self":[{"href":"http:\/\/www.scolaire-collines.com\/lycee\/wp-json\/wp\/v2\/pages\/70","targetHints":{"allow":["GET"]}}],"collection":[{"href":"http:\/\/www.scolaire-collines.com\/lycee\/wp-json\/wp\/v2\/pages"}],"about":[{"href":"http:\/\/www.scolaire-collines.com\/lycee\/wp-json\/wp\/v2\/types\/page"}],"author":[{"embeddable":true,"href":"http:\/\/www.scolaire-collines.com\/lycee\/wp-json\/wp\/v2\/users\/2"}],"replies":[{"embeddable":true,"href":"http:\/\/www.scolaire-collines.com\/lycee\/wp-json\/wp\/v2\/comments?post=70"}],"version-history":[{"count":3,"href":"http:\/\/www.scolaire-collines.com\/lycee\/wp-json\/wp\/v2\/pages\/70\/revisions"}],"predecessor-version":[{"id":602,"href":"http:\/\/www.scolaire-collines.com\/lycee\/wp-json\/wp\/v2\/pages\/70\/revisions\/602"}],"wp:attachment":[{"href":"http:\/\/www.scolaire-collines.com\/lycee\/wp-json\/wp\/v2\/media?parent=70"}],"curies":[{"name":"wp","href":"https:\/\/api.w.org\/{rel}","templated":true}]}}

<p><span style="font-family: arial,helvetica,sans-serif;">Lundi, mardi, mercredi, jeudi et vendredi de 8 h 05 à 12h et de 13 h 40 à 17 h 10</span></p>
<p>Possibilité certains jours de reprendre à 13h10</p>

<p>Lundi, mardi, mercredi, jeudi et vendredi de 8 h 05 à 12h et de 13 h 40 à 17 h 10 Possibilité certains jours de reprendre à 13h10</p>

<!-- This site is optimized with the Yoast SEO plugin v24.2 - https://yoast.com/wordpress/plugins/seo/ -->
<title>Horaires des cours - Lycée Notre Dame des Collines</title>
<meta name="robots" content="index, follow, max-snippet:-1, max-image-preview:large, max-video-preview:-1" />
<link rel="canonical" href="http://www.scolaire-collines.com/lycee/horaires-des-cours/" />
<meta property="og:locale" content="fr_FR" />
<meta property="og:type" content="article" />
<meta property="og:title" content="Horaires des cours - Lycée Notre Dame des Collines" />
<meta property="og:description" content="Lundi, mardi, mercredi, jeudi et vendredi de 8 h 05 à 12h et de 13 h 40 à 17 h 10 Possibilité certains jours de reprendre à 13h10" />
<meta property="og:url" content="http://www.scolaire-collines.com/lycee/horaires-des-cours/" />
<meta property="og:site_name" content="Lycée Notre Dame des Collines" />
<meta property="article:modified_time" content="2021-11-04T15:34:17+00:00" />
<meta name="twitter:card" content="summary_large_image" />
<script type="application/ld+json" class="yoast-schema-graph">{"@context":"https://schema.org","@graph":[{"@type":"WebPage","@id":"http://www.scolaire-collines.com/lycee/horaires-des-cours/","url":"http://www.scolaire-collines.com/lycee/horaires-des-cours/","name":"Horaires des cours - Lycée Notre Dame des Collines","isPartOf":{"@id":"http://www.scolaire-collines.com/lycee/#website"},"datePublished":"2016-11-28T07:52:42+00:00","dateModified":"2021-11-04T15:34:17+00:00","breadcrumb":{"@id":"http://www.scolaire-collines.com/lycee/horaires-des-cours/#breadcrumb"},"inLanguage":"fr-FR","potentialAction":[{"@type":"ReadAction","target":["http://www.scolaire-collines.com/lycee/horaires-des-cours/"]}]},{"@type":"BreadcrumbList","@id":"http://www.scolaire-collines.com/lycee/horaires-des-cours/#breadcrumb","itemListElement":[{"@type":"ListItem","position":1,"name":"Accueil","item":"http://www.scolaire-collines.com/lycee/"},{"@type":"ListItem","position":2,"name":"Horaires des cours"}]},{"@type":"WebSite","@id":"http://www.scolaire-collines.com/lycee/#website","url":"http://www.scolaire-collines.com/lycee/","name":"Lycée Notre Dame des Collines","description":"Un lycée pour apprendre et s&#039;épanouir","potentialAction":[{"@type":"SearchAction","target":{"@type":"EntryPoint","urlTemplate":"http://www.scolaire-collines.com/lycee/?s={search_term_string}"},"query-input":{"@type":"PropertyValueSpecification","valueRequired":true,"valueName":"search_term_string"}}],"inLanguage":"fr-FR"}]}</script>
<!-- / Yoast SEO plugin. -->

Horaires des cours - Lycée Notre Dame des Collines

Lundi, mardi, mercredi, jeudi et vendredi de 8 h 05 à 12h et de 13 h 40 à 17 h 10 Possibilité certains jours de reprendre à 13h10

Lycée Notre Dame des Collines

Un lycée pour apprendre et s&#039;épanouir
