{"id":609,"date":"2022-02-01T21:14:55","date_gmt":"2022-02-01T20:14:55","guid":{"rendered":"http:\/\/www.scolaire-collines.com\/lycee\/?page_id=609"},"modified":"2022-04-15T16:20:20","modified_gmt":"2022-04-15T14:20:20","slug":"apprentissage","status":"publish","type":"page","link":"http:\/\/www.scolaire-collines.com\/lycee\/apprentissage\/","title":{"rendered":"APPRENTISSAGE"},"content":{"rendered":"<p>Tu veux devenir apprenti\u00a0?<\/p>\n<p>L\u2019UFA du Lyc\u00e9e Notre-Dame des Collines te propose 6 formations en alternance\u00a0:<\/p>\n<ul>\n<li>CAP Ma\u00e7on<\/li>\n<li>BP Ma\u00e7on<\/li>\n<li>CAP Carreleur-Mosa\u00efste<\/li>\n<li>BP Carreleur-Mosa\u00efste<\/li>\n<li>CAP Peintre Applicateur de Rev\u00eatements<\/li>\n<li>CAP M\u00e9tiers du Pl\u00e2tre et de l\u2019Innovation<\/li>\n<li>Bac Pro Am\u00e9nagement et Finitions du B\u00e2timent<\/li>\n<\/ul>\n<p>&nbsp;<\/p>\n<p>Si tu es int\u00e9ress\u00e9, clique sur ce lien\u00a0:\u00a0 <a href=\"https:\/\/akteap.ymag.cloud\/index.php\/preinscription\">https:\/\/akteap.ymag.cloud\/index.php\/preinscription<\/a><\/p>\n<p><img loading=\"lazy\" decoding=\"async\" data-attachment-id=\"665\" data-permalink=\"http:\/\/www.scolaire-collines.com\/lycee\/affiche-v15\/\" data-orig-file=\"http:\/\/www.scolaire-collines.com\/lycee\/wp-content\/uploads\/2022\/04\/affiche-v15.png\" data-orig-size=\"790,540\" data-comments-opened=\"0\" data-image-meta=\"{&quot;aperture&quot;:&quot;0&quot;,&quot;credit&quot;:&quot;&quot;,&quot;camera&quot;:&quot;&quot;,&quot;caption&quot;:&quot;&quot;,&quot;created_timestamp&quot;:&quot;0&quot;,&quot;copyright&quot;:&quot;&quot;,&quot;focal_length&quot;:&quot;0&quot;,&quot;iso&quot;:&quot;0&quot;,&quot;shutter_speed&quot;:&quot;0&quot;,&quot;title&quot;:&quot;&quot;,&quot;orientation&quot;:&quot;0&quot;}\" data-image-title=\"affiche v15\" data-image-description=\"\" data-image-caption=\"\" data-medium-file=\"http:\/\/www.scolaire-collines.com\/lycee\/wp-content\/uploads\/2022\/04\/affiche-v15-300x205.png\" data-large-file=\"http:\/\/www.scolaire-collines.com\/lycee\/wp-content\/uploads\/2022\/04\/affiche-v15.png\" class=\"aligncenter size-full wp-image-665\" src=\"http:\/\/www.scolaire-collines.com\/lycee\/wp-content\/uploads\/2022\/04\/affiche-v15.png\" alt=\"\" width=\"790\" height=\"540\" srcset=\"http:\/\/www.scolaire-collines.com\/lycee\/wp-content\/uploads\/2022\/04\/affiche-v15.png 790w, http:\/\/www.scolaire-collines.com\/lycee\/wp-content\/uploads\/2022\/04\/affiche-v15-300x205.png 300w, http:\/\/www.scolaire-collines.com\/lycee\/wp-content\/uploads\/2022\/04\/affiche-v15-768x525.png 768w\" sizes=\"auto, (max-width: 790px) 100vw, 790px\" \/><\/p>\n<p>&nbsp;<\/p>\n<p style=\"text-align: center;\">\n","protected":false},"excerpt":{"rendered":"<p>Tu veux devenir apprenti\u00a0? L\u2019UFA du Lyc\u00e9e Notre-Dame des Collines te propose 6 formations en alternance\u00a0: CAP Ma\u00e7on BP Ma\u00e7on CAP Carreleur-Mosa\u00efste BP Carreleur-Mosa\u00efste CAP Peintre Applicateur de Rev\u00eatements CAP [&hellip;]<\/p>\n","protected":false},"author":2,"featured_media":0,"parent":0,"menu_order":0,"comment_status":"closed","ping_status":"closed","template":"","meta":{"_acf_changed":false,"jetpack_post_was_ever_published":false,"footnotes":""},"class_list":["post-609","page","type-page","status-publish","hentry"],"acf":[],"yoast_head":"<!-- This site is optimized with the Yoast SEO plugin v24.2 - https:\/\/yoast.com\/wordpress\/plugins\/seo\/ -->\n<title>APPRENTISSAGE - Lyc\u00e9e Notre Dame des Collines<\/title>\n<meta name=\"robots\" content=\"index, follow, max-snippet:-1, max-image-preview:large, max-video-preview:-1\" \/>\n<link rel=\"canonical\" href=\"http:\/\/www.scolaire-collines.com\/lycee\/apprentissage\/\" \/>\n<meta property=\"og:locale\" content=\"fr_FR\" \/>\n<meta property=\"og:type\" content=\"article\" \/>\n<meta property=\"og:title\" content=\"APPRENTISSAGE - Lyc\u00e9e Notre Dame des Collines\" \/>\n<meta property=\"og:description\" content=\"Tu veux devenir apprenti\u00a0? L\u2019UFA du Lyc\u00e9e Notre-Dame des Collines te propose 6 formations en alternance\u00a0: CAP Ma\u00e7on BP Ma\u00e7on CAP Carreleur-Mosa\u00efste BP Carreleur-Mosa\u00efste CAP Peintre Applicateur de Rev\u00eatements CAP [&hellip;]\" \/>\n<meta property=\"og:url\" content=\"http:\/\/www.scolaire-collines.com\/lycee\/apprentissage\/\" \/>\n<meta property=\"og:site_name\" content=\"Lyc\u00e9e Notre Dame des Collines\" \/>\n<meta property=\"article:modified_time\" content=\"2022-04-15T14:20:20+00:00\" \/>\n<meta property=\"og:image\" content=\"http:\/\/www.scolaire-collines.com\/lycee\/wp-content\/uploads\/2022\/04\/affiche-v15.png\" \/>\n<meta name=\"twitter:card\" content=\"summary_large_image\" \/>\n<script type=\"application\/ld+json\" class=\"yoast-schema-graph\">{\"@context\":\"https:\/\/schema.org\",\"@graph\":[{\"@type\":\"WebPage\",\"@id\":\"http:\/\/www.scolaire-collines.com\/lycee\/apprentissage\/\",\"url\":\"http:\/\/www.scolaire-collines.com\/lycee\/apprentissage\/\",\"name\":\"APPRENTISSAGE - Lyc\u00e9e Notre Dame des Collines\",\"isPartOf\":{\"@id\":\"http:\/\/www.scolaire-collines.com\/lycee\/#website\"},\"primaryImageOfPage\":{\"@id\":\"http:\/\/www.scolaire-collines.com\/lycee\/apprentissage\/#primaryimage\"},\"image\":{\"@id\":\"http:\/\/www.scolaire-collines.com\/lycee\/apprentissage\/#primaryimage\"},\"thumbnailUrl\":\"http:\/\/www.scolaire-collines.com\/lycee\/wp-content\/uploads\/2022\/04\/affiche-v15.png\",\"datePublished\":\"2022-02-01T20:14:55+00:00\",\"dateModified\":\"2022-04-15T14:20:20+00:00\",\"breadcrumb\":{\"@id\":\"http:\/\/www.scolaire-collines.com\/lycee\/apprentissage\/#breadcrumb\"},\"inLanguage\":\"fr-FR\",\"potentialAction\":[{\"@type\":\"ReadAction\",\"target\":[\"http:\/\/www.scolaire-collines.com\/lycee\/apprentissage\/\"]}]},{\"@type\":\"ImageObject\",\"inLanguage\":\"fr-FR\",\"@id\":\"http:\/\/www.scolaire-collines.com\/lycee\/apprentissage\/#primaryimage\",\"url\":\"http:\/\/www.scolaire-collines.com\/lycee\/wp-content\/uploads\/2022\/04\/affiche-v15.png\",\"contentUrl\":\"http:\/\/www.scolaire-collines.com\/lycee\/wp-content\/uploads\/2022\/04\/affiche-v15.png\",\"width\":790,\"height\":540},{\"@type\":\"BreadcrumbList\",\"@id\":\"http:\/\/www.scolaire-collines.com\/lycee\/apprentissage\/#breadcrumb\",\"itemListElement\":[{\"@type\":\"ListItem\",\"position\":1,\"name\":\"Accueil\",\"item\":\"http:\/\/www.scolaire-collines.com\/lycee\/\"},{\"@type\":\"ListItem\",\"position\":2,\"name\":\"APPRENTISSAGE\"}]},{\"@type\":\"WebSite\",\"@id\":\"http:\/\/www.scolaire-collines.com\/lycee\/#website\",\"url\":\"http:\/\/www.scolaire-collines.com\/lycee\/\",\"name\":\"Lyc\u00e9e Notre Dame des Collines\",\"description\":\"Un lyc\u00e9e pour apprendre et s&#039;\u00e9panouir\",\"potentialAction\":[{\"@type\":\"SearchAction\",\"target\":{\"@type\":\"EntryPoint\",\"urlTemplate\":\"http:\/\/www.scolaire-collines.com\/lycee\/?s={search_term_string}\"},\"query-input\":{\"@type\":\"PropertyValueSpecification\",\"valueRequired\":true,\"valueName\":\"search_term_string\"}}],\"inLanguage\":\"fr-FR\"}]}<\/script>\n<!-- \/ Yoast SEO plugin. -->","yoast_head_json":{"title":"APPRENTISSAGE - Lyc\u00e9e Notre Dame des Collines","robots":{"index":"index","follow":"follow","max-snippet":"max-snippet:-1","max-image-preview":"max-image-preview:large","max-video-preview":"max-video-preview:-1"},"canonical":"http:\/\/www.scolaire-collines.com\/lycee\/apprentissage\/","og_locale":"fr_FR","og_type":"article","og_title":"APPRENTISSAGE - Lyc\u00e9e Notre Dame des Collines","og_description":"Tu veux devenir apprenti\u00a0? L\u2019UFA du Lyc\u00e9e Notre-Dame des Collines te propose 6 formations en alternance\u00a0: CAP Ma\u00e7on BP Ma\u00e7on CAP Carreleur-Mosa\u00efste BP Carreleur-Mosa\u00efste CAP Peintre Applicateur de Rev\u00eatements CAP [&hellip;]","og_url":"http:\/\/www.scolaire-collines.com\/lycee\/apprentissage\/","og_site_name":"Lyc\u00e9e Notre Dame des Collines","article_modified_time":"2022-04-15T14:20:20+00:00","og_image":[{"url":"http:\/\/www.scolaire-collines.com\/lycee\/wp-content\/uploads\/2022\/04\/affiche-v15.png","type":"","width":"","height":""}],"twitter_card":"summary_large_image","schema":{"@context":"https:\/\/schema.org","@graph":[{"@type":"WebPage","@id":"http:\/\/www.scolaire-collines.com\/lycee\/apprentissage\/","url":"http:\/\/www.scolaire-collines.com\/lycee\/apprentissage\/","name":"APPRENTISSAGE - Lyc\u00e9e Notre Dame des Collines","isPartOf":{"@id":"http:\/\/www.scolaire-collines.com\/lycee\/#website"},"primaryImageOfPage":{"@id":"http:\/\/www.scolaire-collines.com\/lycee\/apprentissage\/#primaryimage"},"image":{"@id":"http:\/\/www.scolaire-collines.com\/lycee\/apprentissage\/#primaryimage"},"thumbnailUrl":"http:\/\/www.scolaire-collines.com\/lycee\/wp-content\/uploads\/2022\/04\/affiche-v15.png","datePublished":"2022-02-01T20:14:55+00:00","dateModified":"2022-04-15T14:20:20+00:00","breadcrumb":{"@id":"http:\/\/www.scolaire-collines.com\/lycee\/apprentissage\/#breadcrumb"},"inLanguage":"fr-FR","potentialAction":[{"@type":"ReadAction","target":["http:\/\/www.scolaire-collines.com\/lycee\/apprentissage\/"]}]},{"@type":"ImageObject","inLanguage":"fr-FR","@id":"http:\/\/www.scolaire-collines.com\/lycee\/apprentissage\/#primaryimage","url":"http:\/\/www.scolaire-collines.com\/lycee\/wp-content\/uploads\/2022\/04\/affiche-v15.png","contentUrl":"http:\/\/www.scolaire-collines.com\/lycee\/wp-content\/uploads\/2022\/04\/affiche-v15.png","width":790,"height":540},{"@type":"BreadcrumbList","@id":"http:\/\/www.scolaire-collines.com\/lycee\/apprentissage\/#breadcrumb","itemListElement":[{"@type":"ListItem","position":1,"name":"Accueil","item":"http:\/\/www.scolaire-collines.com\/lycee\/"},{"@type":"ListItem","position":2,"name":"APPRENTISSAGE"}]},{"@type":"WebSite","@id":"http:\/\/www.scolaire-collines.com\/lycee\/#website","url":"http:\/\/www.scolaire-collines.com\/lycee\/","name":"Lyc\u00e9e Notre Dame des Collines","description":"Un lyc\u00e9e pour apprendre et s&#039;\u00e9panouir","potentialAction":[{"@type":"SearchAction","target":{"@type":"EntryPoint","urlTemplate":"http:\/\/www.scolaire-collines.com\/lycee\/?s={search_term_string}"},"query-input":{"@type":"PropertyValueSpecification","valueRequired":true,"valueName":"search_term_string"}}],"inLanguage":"fr-FR"}]}},"jetpack_sharing_enabled":true,"jetpack_shortlink":"https:\/\/wp.me\/P9EMeB-9P","jetpack-related-posts":[],"_links":{"self":[{"href":"http:\/\/www.scolaire-collines.com\/lycee\/wp-json\/wp\/v2\/pages\/609","targetHints":{"allow":["GET"]}}],"collection":[{"href":"http:\/\/www.scolaire-collines.com\/lycee\/wp-json\/wp\/v2\/pages"}],"about":[{"href":"http:\/\/www.scolaire-collines.com\/lycee\/wp-json\/wp\/v2\/types\/page"}],"author":[{"embeddable":true,"href":"http:\/\/www.scolaire-collines.com\/lycee\/wp-json\/wp\/v2\/users\/2"}],"replies":[{"embeddable":true,"href":"http:\/\/www.scolaire-collines.com\/lycee\/wp-json\/wp\/v2\/comments?post=609"}],"version-history":[{"count":4,"href":"http:\/\/www.scolaire-collines.com\/lycee\/wp-json\/wp\/v2\/pages\/609\/revisions"}],"predecessor-version":[{"id":668,"href":"http:\/\/www.scolaire-collines.com\/lycee\/wp-json\/wp\/v2\/pages\/609\/revisions\/668"}],"wp:attachment":[{"href":"http:\/\/www.scolaire-collines.com\/lycee\/wp-json\/wp\/v2\/media?parent=609"}],"curies":[{"name":"wp","href":"https:\/\/api.w.org\/{rel}","templated":true}]}}