{"id":42,"date":"2019-04-16T17:00:02","date_gmt":"2019-04-16T15:00:02","guid":{"rendered":"http:\/\/www.scolaire-collines.com\/lycee-ndc\/?page_id=42"},"modified":"2019-04-16T17:13:17","modified_gmt":"2019-04-16T15:13:17","slug":"secteur-pre-professionnel","status":"publish","type":"page","link":"http:\/\/www.scolaire-collines.com\/lycee\/secteur-pre-professionnel\/","title":{"rendered":"Secteur pr\u00e9-professionnel"},"content":{"rendered":"<div class=\"post-content clearfix\">\n<h3><span style=\"font-family: arial,helvetica,sans-serif; color: #3366ff;\"><strong>3<sup>\u00e8me<\/sup> pr\u00e9pa m\u00e9tiers <\/strong><\/span><\/h3>\n<h3><span style=\"color: #ffffff;\">.<\/span><\/h3>\n<h3><span style=\"color: #3366ff;\"><span style=\"font-family: arial,helvetica,sans-serif;\">\u00a0<\/span><span style=\"font-family: arial,helvetica,sans-serif;\"><strong>Profil<\/strong> :<\/span><\/span><\/h3>\n<p><span style=\"font-family: arial,helvetica,sans-serif;\">Jeunes ayant un niveau 4<sup>e <\/sup>souhaitant s\u2019orienter vers un enseignement plus concret. Cette formation s\u2019adresse \u00e0 des jeunes qui manifestent de l\u2019int\u00e9r\u00eat pour une formation en alternance avec le milieu professionnel.<\/span><\/p>\n<p><span style=\"color: #ffffff;\">.<\/span><\/p>\n<p><span style=\"font-family: arial,helvetica,sans-serif; color: #3366ff;\"><strong>Objectifs<\/strong><strong> :<\/strong><\/span><\/p>\n<ul>\n<li><span style=\"font-family: arial,helvetica,sans-serif;\">Reprendre confiance<\/span><\/li>\n<li><span style=\"font-family: arial,helvetica,sans-serif;\">Se remotiver<\/span><\/li>\n<li><span style=\"font-family: arial,helvetica,sans-serif;\">Approfondir ses connaissances en travaillant autrement (petits groupes)<\/span><\/li>\n<li><span style=\"font-family: arial,helvetica,sans-serif;\">Finaliser une orientation vers la voie professionnelle (Parcours Avenir).<\/span><\/li>\n<\/ul>\n<p><span style=\"font-family: arial,helvetica,sans-serif; color: #3366ff;\"><strong>D\u00e9roulement de la formation :<\/strong><\/span><\/p>\n<\/div>\n<div class=\"post-content clearfix\"><\/div>\n<div class=\"post-content clearfix\">\n<p style=\"padding-left: 30px;\"><span style=\"font-family: arial,helvetica,sans-serif;\">o <strong>Enseignement g\u00e9n\u00e9ral<\/strong>, dont<\/span><\/p>\n<p style=\"padding-left: 30px;\"><span style=\"font-family: arial,helvetica,sans-serif;\">\u00a0\u00a0 1 h 30 de LV2 (Espagnol ou Italien)<\/span><\/p>\n<p style=\"padding-left: 30px;\"><span style=\"font-family: arial,helvetica,sans-serif;\">\u00a0\u00a0 3 h d\u2019accompagnement personnalis\u00e9<\/span><\/p>\n<p style=\"padding-left: 30px;\"><span style=\"font-family: arial,helvetica,sans-serif;\">o <strong>Enseignement professionnel\u00a0:<\/strong><\/span><\/p>\n<p style=\"padding-left: 30px;\"><span style=\"font-family: arial,helvetica,sans-serif;\">\u00a0\u00a0 3 h de d\u00e9couverte professionnelle<\/span><\/p>\n<p style=\"padding-left: 30px;\"><span style=\"font-family: arial,helvetica,sans-serif;\">\u00a0\u00a0 4 h 30 de Technologie, Sciences et SVT<\/span><\/p>\n<p style=\"padding-left: 30px;\"><span style=\"font-family: arial,helvetica,sans-serif;\">o <strong>Stages\u00a0: 3 semaines sur l\u2019ann\u00e9e<\/strong><\/span><\/p>\n<p style=\"padding-left: 30px;\"><span style=\"font-family: arial,helvetica,sans-serif;\">\u00a0\u00a0 1 semaine en octobre, 1 semaine en d\u00e9cembre et 1 semaine en\u00a0 janvier<\/span><\/p>\n<p style=\"padding-left: 30px;\"><span style=\"font-family: arial,helvetica,sans-serif;\">o <strong>Visites d\u2019entreprises<\/strong> et participation \u00e0 divers<strong> forums d\u2019orientation.<\/strong><\/span><\/p>\n<p style=\"padding-left: 30px;\"><span style=\"color: #ffffff;\">.<\/span><\/p>\n<\/div>\n<div class=\"post-content clearfix\"><span style=\"font-family: arial,helvetica,sans-serif; color: #3366ff;\"><strong>Dipl\u00f4mes pr\u00e9par\u00e9s :<br \/>\n<\/strong><\/span><\/p>\n<ul>\n<li><span style=\"font-family: arial,helvetica,sans-serif;\">Dipl\u00f4me National du Brevet<\/span><\/li>\n<li><span style=\"font-family: arial,helvetica,sans-serif;\">Certificat de Formation G\u00e9n\u00e9rale.<\/span><\/li>\n<\/ul>\n<p><span style=\"color: #3366ff; font-family: arial,helvetica,sans-serif;\"><strong>Poursuite d\u2019\u00e9tudes\u00a0: <\/strong><span style=\"color: #000000;\">Voie professionnelle\u00a0(CAP ou Bac Pro).<\/span><strong><br \/>\n<\/strong><\/span><\/p>\n<\/div>\n","protected":false},"excerpt":{"rendered":"<p>3\u00e8me pr\u00e9pa m\u00e9tiers . \u00a0Profil : Jeunes ayant un niveau 4e souhaitant s\u2019orienter vers un enseignement plus concret. Cette formation s\u2019adresse \u00e0 des jeunes qui manifestent de l\u2019int\u00e9r\u00eat pour une [&hellip;]<\/p>\n","protected":false},"author":2,"featured_media":0,"parent":0,"menu_order":0,"comment_status":"closed","ping_status":"closed","template":"","meta":{"_acf_changed":false,"jetpack_post_was_ever_published":false,"footnotes":""},"class_list":["post-42","page","type-page","status-publish","hentry"],"acf":[],"yoast_head":"<!-- This site is optimized with the Yoast SEO plugin v24.2 - https:\/\/yoast.com\/wordpress\/plugins\/seo\/ -->\n<title>Secteur pr\u00e9-professionnel - Lyc\u00e9e Notre Dame des Collines<\/title>\n<meta name=\"robots\" content=\"index, follow, max-snippet:-1, max-image-preview:large, max-video-preview:-1\" \/>\n<link rel=\"canonical\" href=\"http:\/\/www.scolaire-collines.com\/lycee\/secteur-pre-professionnel\/\" \/>\n<meta property=\"og:locale\" content=\"fr_FR\" \/>\n<meta property=\"og:type\" content=\"article\" \/>\n<meta property=\"og:title\" content=\"Secteur pr\u00e9-professionnel - Lyc\u00e9e Notre Dame des Collines\" \/>\n<meta property=\"og:description\" content=\"3\u00e8me pr\u00e9pa m\u00e9tiers . \u00a0Profil : Jeunes ayant un niveau 4e souhaitant s\u2019orienter vers un enseignement plus concret. Cette formation s\u2019adresse \u00e0 des jeunes qui manifestent de l\u2019int\u00e9r\u00eat pour une [&hellip;]\" \/>\n<meta property=\"og:url\" content=\"http:\/\/www.scolaire-collines.com\/lycee\/secteur-pre-professionnel\/\" \/>\n<meta property=\"og:site_name\" content=\"Lyc\u00e9e Notre Dame des Collines\" \/>\n<meta property=\"article:modified_time\" content=\"2019-04-16T15:13:17+00:00\" \/>\n<meta name=\"twitter:card\" content=\"summary_large_image\" \/>\n<meta name=\"twitter:label1\" content=\"Dur\u00e9e de lecture estim\u00e9e\" \/>\n\t<meta name=\"twitter:data1\" content=\"1 minute\" \/>\n<script type=\"application\/ld+json\" class=\"yoast-schema-graph\">{\"@context\":\"https:\/\/schema.org\",\"@graph\":[{\"@type\":\"WebPage\",\"@id\":\"http:\/\/www.scolaire-collines.com\/lycee\/secteur-pre-professionnel\/\",\"url\":\"http:\/\/www.scolaire-collines.com\/lycee\/secteur-pre-professionnel\/\",\"name\":\"Secteur pr\u00e9-professionnel - Lyc\u00e9e Notre Dame des Collines\",\"isPartOf\":{\"@id\":\"https:\/\/www.scolaire-collines.com\/lycee\/#website\"},\"datePublished\":\"2019-04-16T15:00:02+00:00\",\"dateModified\":\"2019-04-16T15:13:17+00:00\",\"breadcrumb\":{\"@id\":\"http:\/\/www.scolaire-collines.com\/lycee\/secteur-pre-professionnel\/#breadcrumb\"},\"inLanguage\":\"fr-FR\",\"potentialAction\":[{\"@type\":\"ReadAction\",\"target\":[\"http:\/\/www.scolaire-collines.com\/lycee\/secteur-pre-professionnel\/\"]}]},{\"@type\":\"BreadcrumbList\",\"@id\":\"http:\/\/www.scolaire-collines.com\/lycee\/secteur-pre-professionnel\/#breadcrumb\",\"itemListElement\":[{\"@type\":\"ListItem\",\"position\":1,\"name\":\"Accueil\",\"item\":\"https:\/\/www.scolaire-collines.com\/lycee\/\"},{\"@type\":\"ListItem\",\"position\":2,\"name\":\"Secteur pr\u00e9-professionnel\"}]},{\"@type\":\"WebSite\",\"@id\":\"https:\/\/www.scolaire-collines.com\/lycee\/#website\",\"url\":\"https:\/\/www.scolaire-collines.com\/lycee\/\",\"name\":\"Lyc\u00e9e Notre Dame des Collines\",\"description\":\"Un lyc\u00e9e pour apprendre et s&#039;\u00e9panouir\",\"potentialAction\":[{\"@type\":\"SearchAction\",\"target\":{\"@type\":\"EntryPoint\",\"urlTemplate\":\"https:\/\/www.scolaire-collines.com\/lycee\/?s={search_term_string}\"},\"query-input\":{\"@type\":\"PropertyValueSpecification\",\"valueRequired\":true,\"valueName\":\"search_term_string\"}}],\"inLanguage\":\"fr-FR\"}]}<\/script>\n<!-- \/ Yoast SEO plugin. -->","yoast_head_json":{"title":"Secteur pr\u00e9-professionnel - Lyc\u00e9e Notre Dame des Collines","robots":{"index":"index","follow":"follow","max-snippet":"max-snippet:-1","max-image-preview":"max-image-preview:large","max-video-preview":"max-video-preview:-1"},"canonical":"http:\/\/www.scolaire-collines.com\/lycee\/secteur-pre-professionnel\/","og_locale":"fr_FR","og_type":"article","og_title":"Secteur pr\u00e9-professionnel - Lyc\u00e9e Notre Dame des Collines","og_description":"3\u00e8me pr\u00e9pa m\u00e9tiers . \u00a0Profil : Jeunes ayant un niveau 4e souhaitant s\u2019orienter vers un enseignement plus concret. Cette formation s\u2019adresse \u00e0 des jeunes qui manifestent de l\u2019int\u00e9r\u00eat pour une [&hellip;]","og_url":"http:\/\/www.scolaire-collines.com\/lycee\/secteur-pre-professionnel\/","og_site_name":"Lyc\u00e9e Notre Dame des Collines","article_modified_time":"2019-04-16T15:13:17+00:00","twitter_card":"summary_large_image","twitter_misc":{"Dur\u00e9e de lecture estim\u00e9e":"1 minute"},"schema":{"@context":"https:\/\/schema.org","@graph":[{"@type":"WebPage","@id":"http:\/\/www.scolaire-collines.com\/lycee\/secteur-pre-professionnel\/","url":"http:\/\/www.scolaire-collines.com\/lycee\/secteur-pre-professionnel\/","name":"Secteur pr\u00e9-professionnel - Lyc\u00e9e Notre Dame des Collines","isPartOf":{"@id":"https:\/\/www.scolaire-collines.com\/lycee\/#website"},"datePublished":"2019-04-16T15:00:02+00:00","dateModified":"2019-04-16T15:13:17+00:00","breadcrumb":{"@id":"http:\/\/www.scolaire-collines.com\/lycee\/secteur-pre-professionnel\/#breadcrumb"},"inLanguage":"fr-FR","potentialAction":[{"@type":"ReadAction","target":["http:\/\/www.scolaire-collines.com\/lycee\/secteur-pre-professionnel\/"]}]},{"@type":"BreadcrumbList","@id":"http:\/\/www.scolaire-collines.com\/lycee\/secteur-pre-professionnel\/#breadcrumb","itemListElement":[{"@type":"ListItem","position":1,"name":"Accueil","item":"https:\/\/www.scolaire-collines.com\/lycee\/"},{"@type":"ListItem","position":2,"name":"Secteur pr\u00e9-professionnel"}]},{"@type":"WebSite","@id":"https:\/\/www.scolaire-collines.com\/lycee\/#website","url":"https:\/\/www.scolaire-collines.com\/lycee\/","name":"Lyc\u00e9e Notre Dame des Collines","description":"Un lyc\u00e9e pour apprendre et s&#039;\u00e9panouir","potentialAction":[{"@type":"SearchAction","target":{"@type":"EntryPoint","urlTemplate":"https:\/\/www.scolaire-collines.com\/lycee\/?s={search_term_string}"},"query-input":{"@type":"PropertyValueSpecification","valueRequired":true,"valueName":"search_term_string"}}],"inLanguage":"fr-FR"}]}},"jetpack_sharing_enabled":true,"jetpack_shortlink":"https:\/\/wp.me\/P9EMeB-G","jetpack-related-posts":[],"_links":{"self":[{"href":"http:\/\/www.scolaire-collines.com\/lycee\/wp-json\/wp\/v2\/pages\/42","targetHints":{"allow":["GET"]}}],"collection":[{"href":"http:\/\/www.scolaire-collines.com\/lycee\/wp-json\/wp\/v2\/pages"}],"about":[{"href":"http:\/\/www.scolaire-collines.com\/lycee\/wp-json\/wp\/v2\/types\/page"}],"author":[{"embeddable":true,"href":"http:\/\/www.scolaire-collines.com\/lycee\/wp-json\/wp\/v2\/users\/2"}],"replies":[{"embeddable":true,"href":"http:\/\/www.scolaire-collines.com\/lycee\/wp-json\/wp\/v2\/comments?post=42"}],"version-history":[{"count":4,"href":"http:\/\/www.scolaire-collines.com\/lycee\/wp-json\/wp\/v2\/pages\/42\/revisions"}],"predecessor-version":[{"id":553,"href":"http:\/\/www.scolaire-collines.com\/lycee\/wp-json\/wp\/v2\/pages\/42\/revisions\/553"}],"wp:attachment":[{"href":"http:\/\/www.scolaire-collines.com\/lycee\/wp-json\/wp\/v2\/media?parent=42"}],"curies":[{"name":"wp","href":"https:\/\/api.w.org\/{rel}","templated":true}]}}