{"id":21,"date":"2019-04-16T16:00:06","date_gmt":"2019-04-16T14:00:06","guid":{"rendered":"http:\/\/www.scolaire-collines.com\/lycee-ndc\/?page_id=21"},"modified":"2022-02-01T20:50:57","modified_gmt":"2022-02-01T19:50:57","slug":"structure-pedagogique","status":"publish","type":"page","link":"http:\/\/www.scolaire-collines.com\/lycee\/structure-pedagogique\/","title":{"rendered":"Structure p\u00e9dagogique"},"content":{"rendered":"<h3 style=\"text-align: center;\"><em><span style=\"color: #3366ff; font-size: 14pt;\"><strong><span style=\"font-family: arial, helvetica, sans-serif;\">Chef d\u2019\u00e9tablissement <\/span><\/strong><\/span><\/em><\/h3>\n<h3 style=\"text-align: center;\"><span style=\"color: #0000ff; font-size: 14pt;\"><strong><span style=\"font-family: arial, helvetica, sans-serif;\">M. Florent HASSLER<\/span><\/strong><\/span><\/h3>\n<h3 style=\"text-align: left;\"><span style=\"color: #0000ff;\">\u00a0 \u00a0 \u00a0 \u00a0 \u00a0 \u00a0 \u00a0 \u00a0 \u00a0 \u00a0 \u00a0 \u00a0 \u00a0 \u00a0 <span style=\"font-family: arial, helvetica, sans-serif; font-size: 12pt;\">\u00a0 \u00a0 \u00a0 \u00a0 \u00a0 \u00a0 \u00a0 \u00a0 \u00a0 \u00a0 <span style=\"font-size: 14pt;\">\u00a0 Directrice d\u00e9l\u00e9gu\u00e9e aux Formations\u00a0 \u00a0 \u00a0 \u00a0 \u00a0 \u00a0 \u00a0 \u00a0 \u00a0 \u00a0 \u00a0 \u00a0 \u00a0 \u00a0 \u00a0 \u00a0 \u00a0 \u00a0 \u00a0 \u00a0 \u00a0 \u00a0 \u00a0 \u00a0Responsable de l&rsquo;Apprentissage<\/span><\/span><\/span><\/h3>\n<p><span style=\"font-family: arial, helvetica, sans-serif; font-size: 12pt; color: #0000ff;\">\u00a0 \u00a0 \u00a0 \u00a0 \u00a0 \u00a0 \u00a0 \u00a0 \u00a0 \u00a0 \u00a0 \u00a0 \u00a0 \u00a0 \u00a0 \u00a0 \u00a0 \u00a0 \u00a0 \u00a0 \u00a0 \u00a0 \u00a0 \u00a0 \u00a0 \u00a0 \u00a0 \u00a0 \u00a0 \u00a0 \u00a0 \u00a0 \u00a0 \u00a0 \u00a0 Madame Val\u00e9rie Villemagne\u00a0 \u00a0 \u00a0 \u00a0 \u00a0 \u00a0 \u00a0 \u00a0 \u00a0 \u00a0 \u00a0 \u00a0 \u00a0 \u00a0 \u00a0 \u00a0 \u00a0 \u00a0 \u00a0 \u00a0 \u00a0 \u00a0 \u00a0 \u00a0 \u00a0 \u00a0 \u00a0 \u00a0 \u00a0 \u00a0 \u00a0 \u00a0 \u00a0 \u00a0 \u00a0 \u00a0 \u00a0 \u00a0 \u00a0 Monsieur Fabien Mazenod<\/span><\/p>\n","protected":false},"excerpt":{"rendered":"<p>Chef d\u2019\u00e9tablissement M. Florent HASSLER \u00a0 \u00a0 \u00a0 \u00a0 \u00a0 \u00a0 \u00a0 \u00a0 \u00a0 \u00a0 \u00a0 \u00a0 \u00a0 \u00a0 \u00a0 \u00a0 \u00a0 \u00a0 \u00a0 \u00a0 \u00a0 \u00a0 \u00a0 \u00a0 \u00a0 [&hellip;]<\/p>\n","protected":false},"author":2,"featured_media":0,"parent":0,"menu_order":0,"comment_status":"closed","ping_status":"closed","template":"","meta":{"_acf_changed":false,"jetpack_post_was_ever_published":false,"footnotes":""},"class_list":["post-21","page","type-page","status-publish","hentry"],"acf":[],"yoast_head":"<!-- This site is optimized with the Yoast SEO plugin v24.2 - https:\/\/yoast.com\/wordpress\/plugins\/seo\/ -->\n<title>Structure p\u00e9dagogique - Lyc\u00e9e Notre Dame des Collines<\/title>\n<meta name=\"robots\" content=\"index, follow, max-snippet:-1, max-image-preview:large, max-video-preview:-1\" \/>\n<link rel=\"canonical\" href=\"https:\/\/www.scolaire-collines.com\/lycee\/structure-pedagogique\/\" \/>\n<meta property=\"og:locale\" content=\"fr_FR\" \/>\n<meta property=\"og:type\" content=\"article\" \/>\n<meta property=\"og:title\" content=\"Structure p\u00e9dagogique - Lyc\u00e9e Notre Dame des Collines\" \/>\n<meta property=\"og:description\" content=\"Chef d\u2019\u00e9tablissement M. Florent HASSLER \u00a0 \u00a0 \u00a0 \u00a0 \u00a0 \u00a0 \u00a0 \u00a0 \u00a0 \u00a0 \u00a0 \u00a0 \u00a0 \u00a0 \u00a0 \u00a0 \u00a0 \u00a0 \u00a0 \u00a0 \u00a0 \u00a0 \u00a0 \u00a0 \u00a0 [&hellip;]\" \/>\n<meta property=\"og:url\" content=\"https:\/\/www.scolaire-collines.com\/lycee\/structure-pedagogique\/\" \/>\n<meta property=\"og:site_name\" content=\"Lyc\u00e9e Notre Dame des Collines\" \/>\n<meta property=\"article:modified_time\" content=\"2022-02-01T19:50:57+00:00\" \/>\n<meta name=\"twitter:card\" content=\"summary_large_image\" \/>\n<script type=\"application\/ld+json\" class=\"yoast-schema-graph\">{\"@context\":\"https:\/\/schema.org\",\"@graph\":[{\"@type\":\"WebPage\",\"@id\":\"https:\/\/www.scolaire-collines.com\/lycee\/structure-pedagogique\/\",\"url\":\"https:\/\/www.scolaire-collines.com\/lycee\/structure-pedagogique\/\",\"name\":\"Structure p\u00e9dagogique - Lyc\u00e9e Notre Dame des Collines\",\"isPartOf\":{\"@id\":\"http:\/\/www.scolaire-collines.com\/lycee\/#website\"},\"datePublished\":\"2019-04-16T14:00:06+00:00\",\"dateModified\":\"2022-02-01T19:50:57+00:00\",\"breadcrumb\":{\"@id\":\"https:\/\/www.scolaire-collines.com\/lycee\/structure-pedagogique\/#breadcrumb\"},\"inLanguage\":\"fr-FR\",\"potentialAction\":[{\"@type\":\"ReadAction\",\"target\":[\"https:\/\/www.scolaire-collines.com\/lycee\/structure-pedagogique\/\"]}]},{\"@type\":\"BreadcrumbList\",\"@id\":\"https:\/\/www.scolaire-collines.com\/lycee\/structure-pedagogique\/#breadcrumb\",\"itemListElement\":[{\"@type\":\"ListItem\",\"position\":1,\"name\":\"Accueil\",\"item\":\"http:\/\/www.scolaire-collines.com\/lycee\/\"},{\"@type\":\"ListItem\",\"position\":2,\"name\":\"Structure p\u00e9dagogique\"}]},{\"@type\":\"WebSite\",\"@id\":\"http:\/\/www.scolaire-collines.com\/lycee\/#website\",\"url\":\"http:\/\/www.scolaire-collines.com\/lycee\/\",\"name\":\"Lyc\u00e9e Notre Dame des Collines\",\"description\":\"Un lyc\u00e9e pour apprendre et s&#039;\u00e9panouir\",\"potentialAction\":[{\"@type\":\"SearchAction\",\"target\":{\"@type\":\"EntryPoint\",\"urlTemplate\":\"http:\/\/www.scolaire-collines.com\/lycee\/?s={search_term_string}\"},\"query-input\":{\"@type\":\"PropertyValueSpecification\",\"valueRequired\":true,\"valueName\":\"search_term_string\"}}],\"inLanguage\":\"fr-FR\"}]}<\/script>\n<!-- \/ Yoast SEO plugin. -->","yoast_head_json":{"title":"Structure p\u00e9dagogique - Lyc\u00e9e Notre Dame des Collines","robots":{"index":"index","follow":"follow","max-snippet":"max-snippet:-1","max-image-preview":"max-image-preview:large","max-video-preview":"max-video-preview:-1"},"canonical":"https:\/\/www.scolaire-collines.com\/lycee\/structure-pedagogique\/","og_locale":"fr_FR","og_type":"article","og_title":"Structure p\u00e9dagogique - Lyc\u00e9e Notre Dame des Collines","og_description":"Chef d\u2019\u00e9tablissement M. Florent HASSLER \u00a0 \u00a0 \u00a0 \u00a0 \u00a0 \u00a0 \u00a0 \u00a0 \u00a0 \u00a0 \u00a0 \u00a0 \u00a0 \u00a0 \u00a0 \u00a0 \u00a0 \u00a0 \u00a0 \u00a0 \u00a0 \u00a0 \u00a0 \u00a0 \u00a0 [&hellip;]","og_url":"https:\/\/www.scolaire-collines.com\/lycee\/structure-pedagogique\/","og_site_name":"Lyc\u00e9e Notre Dame des Collines","article_modified_time":"2022-02-01T19:50:57+00:00","twitter_card":"summary_large_image","schema":{"@context":"https:\/\/schema.org","@graph":[{"@type":"WebPage","@id":"https:\/\/www.scolaire-collines.com\/lycee\/structure-pedagogique\/","url":"https:\/\/www.scolaire-collines.com\/lycee\/structure-pedagogique\/","name":"Structure p\u00e9dagogique - Lyc\u00e9e Notre Dame des Collines","isPartOf":{"@id":"http:\/\/www.scolaire-collines.com\/lycee\/#website"},"datePublished":"2019-04-16T14:00:06+00:00","dateModified":"2022-02-01T19:50:57+00:00","breadcrumb":{"@id":"https:\/\/www.scolaire-collines.com\/lycee\/structure-pedagogique\/#breadcrumb"},"inLanguage":"fr-FR","potentialAction":[{"@type":"ReadAction","target":["https:\/\/www.scolaire-collines.com\/lycee\/structure-pedagogique\/"]}]},{"@type":"BreadcrumbList","@id":"https:\/\/www.scolaire-collines.com\/lycee\/structure-pedagogique\/#breadcrumb","itemListElement":[{"@type":"ListItem","position":1,"name":"Accueil","item":"http:\/\/www.scolaire-collines.com\/lycee\/"},{"@type":"ListItem","position":2,"name":"Structure p\u00e9dagogique"}]},{"@type":"WebSite","@id":"http:\/\/www.scolaire-collines.com\/lycee\/#website","url":"http:\/\/www.scolaire-collines.com\/lycee\/","name":"Lyc\u00e9e Notre Dame des Collines","description":"Un lyc\u00e9e pour apprendre et s&#039;\u00e9panouir","potentialAction":[{"@type":"SearchAction","target":{"@type":"EntryPoint","urlTemplate":"http:\/\/www.scolaire-collines.com\/lycee\/?s={search_term_string}"},"query-input":{"@type":"PropertyValueSpecification","valueRequired":true,"valueName":"search_term_string"}}],"inLanguage":"fr-FR"}]}},"jetpack_sharing_enabled":true,"jetpack_shortlink":"https:\/\/wp.me\/P9EMeB-l","jetpack-related-posts":[],"_links":{"self":[{"href":"http:\/\/www.scolaire-collines.com\/lycee\/wp-json\/wp\/v2\/pages\/21","targetHints":{"allow":["GET"]}}],"collection":[{"href":"http:\/\/www.scolaire-collines.com\/lycee\/wp-json\/wp\/v2\/pages"}],"about":[{"href":"http:\/\/www.scolaire-collines.com\/lycee\/wp-json\/wp\/v2\/types\/page"}],"author":[{"embeddable":true,"href":"http:\/\/www.scolaire-collines.com\/lycee\/wp-json\/wp\/v2\/users\/2"}],"replies":[{"embeddable":true,"href":"http:\/\/www.scolaire-collines.com\/lycee\/wp-json\/wp\/v2\/comments?post=21"}],"version-history":[{"count":25,"href":"http:\/\/www.scolaire-collines.com\/lycee\/wp-json\/wp\/v2\/pages\/21\/revisions"}],"predecessor-version":[{"id":625,"href":"http:\/\/www.scolaire-collines.com\/lycee\/wp-json\/wp\/v2\/pages\/21\/revisions\/625"}],"wp:attachment":[{"href":"http:\/\/www.scolaire-collines.com\/lycee\/wp-json\/wp\/v2\/media?parent=21"}],"curies":[{"name":"wp","href":"https:\/\/api.w.org\/{rel}","templated":true}]}}

Structure pédagogique

<h3 style="text-align: center;"><em><span style="color: #3366ff; font-size: 14pt;"><strong><span style="font-family: arial, helvetica, sans-serif;">Chef d’établissement </span></strong></span></em></h3>
<h3 style="text-align: center;"><span style="color: #0000ff; font-size: 14pt;"><strong><span style="font-family: arial, helvetica, sans-serif;">M. Florent HASSLER</span></strong></span></h3>
<h3 style="text-align: left;"><span style="color: #0000ff;">                            <span style="font-family: arial, helvetica, sans-serif; font-size: 12pt;">                    <span style="font-size: 14pt;">  Directrice déléguée aux Formations                                               Responsable de l&rsquo;Apprentissage</span></span></span></h3>
<p><span style="font-family: arial, helvetica, sans-serif; font-size: 12pt; color: #0000ff;">                                                                      Madame Valérie Villemagne                                                                              Monsieur Fabien Mazenod</span></p>

<p>Chef d’établissement M. Florent HASSLER                                                   [&hellip;]</p>

<!-- This site is optimized with the Yoast SEO plugin v24.2 - https://yoast.com/wordpress/plugins/seo/ -->
<title>Structure pédagogique - Lycée Notre Dame des Collines</title>
<meta name="robots" content="index, follow, max-snippet:-1, max-image-preview:large, max-video-preview:-1" />
<link rel="canonical" href="https://www.scolaire-collines.com/lycee/structure-pedagogique/" />
<meta property="og:locale" content="fr_FR" />
<meta property="og:type" content="article" />
<meta property="og:title" content="Structure pédagogique - Lycée Notre Dame des Collines" />
<meta property="og:description" content="Chef d’établissement M. Florent HASSLER                                                   [&hellip;]" />
<meta property="og:url" content="https://www.scolaire-collines.com/lycee/structure-pedagogique/" />
<meta property="og:site_name" content="Lycée Notre Dame des Collines" />
<meta property="article:modified_time" content="2022-02-01T19:50:57+00:00" />
<meta name="twitter:card" content="summary_large_image" />
<script type="application/ld+json" class="yoast-schema-graph">{"@context":"https://schema.org","@graph":[{"@type":"WebPage","@id":"https://www.scolaire-collines.com/lycee/structure-pedagogique/","url":"https://www.scolaire-collines.com/lycee/structure-pedagogique/","name":"Structure pédagogique - Lycée Notre Dame des Collines","isPartOf":{"@id":"http://www.scolaire-collines.com/lycee/#website"},"datePublished":"2019-04-16T14:00:06+00:00","dateModified":"2022-02-01T19:50:57+00:00","breadcrumb":{"@id":"https://www.scolaire-collines.com/lycee/structure-pedagogique/#breadcrumb"},"inLanguage":"fr-FR","potentialAction":[{"@type":"ReadAction","target":["https://www.scolaire-collines.com/lycee/structure-pedagogique/"]}]},{"@type":"BreadcrumbList","@id":"https://www.scolaire-collines.com/lycee/structure-pedagogique/#breadcrumb","itemListElement":[{"@type":"ListItem","position":1,"name":"Accueil","item":"http://www.scolaire-collines.com/lycee/"},{"@type":"ListItem","position":2,"name":"Structure pédagogique"}]},{"@type":"WebSite","@id":"http://www.scolaire-collines.com/lycee/#website","url":"http://www.scolaire-collines.com/lycee/","name":"Lycée Notre Dame des Collines","description":"Un lycée pour apprendre et s&#039;épanouir","potentialAction":[{"@type":"SearchAction","target":{"@type":"EntryPoint","urlTemplate":"http://www.scolaire-collines.com/lycee/?s={search_term_string}"},"query-input":{"@type":"PropertyValueSpecification","valueRequired":true,"valueName":"search_term_string"}}],"inLanguage":"fr-FR"}]}</script>
<!-- / Yoast SEO plugin. -->

Structure pédagogique - Lycée Notre Dame des Collines

Chef d’établissement M. Florent HASSLER                                                   [&hellip;]

Lycée Notre Dame des Collines

Un lycée pour apprendre et s&#039;épanouir
