{"id":346,"date":"2019-01-21T08:00:31","date_gmt":"2019-01-21T07:00:31","guid":{"rendered":"http:\/\/www.scolaire-collines.com\/college\/?page_id=346"},"modified":"2022-11-17T11:28:20","modified_gmt":"2022-11-17T10:28:20","slug":"cinquiemes","status":"publish","type":"page","link":"http:\/\/www.scolaire-collines.com\/college\/a-propos\/cinquiemes\/","title":{"rendered":"Cinqui\u00e8mes"},"content":{"rendered":"<h3><span style=\"color: #0000ff; font-family: arial, helvetica, sans-serif;\"><strong><span style=\"color: #99cc00;\">5\u00e8me A<\/span> <\/strong><\/span><\/h3>\n<p><span style=\"font-family: arial, helvetica, sans-serif;\">25\u00a0 \u00e9l\u00e8ves<\/span><\/p>\n<p><span style=\"font-family: arial, helvetica, sans-serif;\"><strong>professeur principal : DI FALCO Dylan<br \/>\n<\/strong><\/span><\/p>\n<p><span style=\"font-family: arial, helvetica, sans-serif;\"><strong>options Espagnol, Allemand, Italien, Latin, Arts plastiques<br \/>\n<\/strong><\/span><\/p>\n<p><span style=\"font-family: arial, helvetica, sans-serif;\"><strong>\u00a0<\/strong><\/span><\/p>\n<h3><span style=\"color: #99cc00; font-family: arial, helvetica, sans-serif;\"><strong>5\u00e8me B<\/strong><\/span><\/h3>\n<p><span style=\"font-family: arial, helvetica, sans-serif;\">27\u00a0 \u00e9l\u00e8ves<\/span><\/p>\n<p><span style=\"font-family: arial, helvetica, sans-serif;\"><strong>professeur principal : RABKA Edith<br \/>\n<\/strong><\/span><\/p>\n<p><span style=\"font-family: arial, helvetica, sans-serif;\"><strong>\u00a0options Espagnol, Allemand, Italien, Latin, Arts plastiques<br \/>\n<\/strong><\/span><\/p>\n<p><span style=\"font-family: arial, helvetica, sans-serif;\"><strong>\u00a0<\/strong><\/span><\/p>\n<h3><span style=\"color: #99cc00; font-family: arial, helvetica, sans-serif;\"><strong>5\u00e8me C<\/strong><\/span><\/h3>\n<p><span style=\"font-family: arial, helvetica, sans-serif;\">26\u00a0 \u00e9l\u00e8ves<\/span><\/p>\n<p><span style=\"font-family: arial, helvetica, sans-serif;\"><strong>professeur principal : MAURICE Nathalie<br \/>\n<\/strong><\/span><\/p>\n<p><span style=\"font-family: arial, helvetica, sans-serif;\"><strong>\u00a0options Espagnol, Allemand, Italien, Latin, Arts plastiques<\/strong><\/span><\/p>\n<h3><span style=\"color: #99cc00; font-family: arial, helvetica, sans-serif;\"><strong>5\u00e8me D<\/strong><\/span><\/h3>\n<p><span style=\"font-family: arial, helvetica, sans-serif;\">28\u00a0 \u00e9l\u00e8ves<\/span><\/p>\n<p><span style=\"font-family: arial, helvetica, sans-serif;\"><strong>professeur principal :\u00a0<span style=\"font-size: 12pt;\">DAVEY Marie-Rapha\u00eble<br \/>\n<\/span><\/strong><\/span><\/p>\n<p><strong><span style=\"font-family: arial, helvetica, sans-serif;\">\u00a0options Espagnol, Allemand, Italien, Latin, Arts plastiques<\/span><\/strong><\/p>\n<h3><strong><span style=\"font-family: arial, helvetica, sans-serif;\"><span style=\"color: #0000ff;\">\u00a0<\/span><\/span><\/strong><\/h3>\n<h3><span style=\"color: #99cc00; font-family: arial, helvetica, sans-serif;\"><strong>5\u00e8me E<\/strong><\/span><\/h3>\n<p><span style=\"font-family: arial, helvetica, sans-serif;\">26 \u00e9l\u00e8ves<\/span><\/p>\n<p><span style=\"font-family: arial, helvetica, sans-serif;\"><strong>professeur principal : ENHARI S\u00e9verine<br \/>\n<\/strong><\/span><\/p>\n<p><span style=\"font-family: arial, helvetica, sans-serif;\"><strong>\u00a0options Espagnol, Allemand, Italien, Latin, Arts plastiques<\/strong><\/span><\/p>\n","protected":false},"excerpt":{"rendered":"<p>5\u00e8me A 25\u00a0 \u00e9l\u00e8ves professeur principal : DI FALCO Dylan options Espagnol, Allemand, Italien, Latin, Arts plastiques \u00a0 5\u00e8me B 27\u00a0 \u00e9l\u00e8ves professeur principal : RABKA Edith \u00a0options Espagnol, Allemand, Italien, Latin, Arts plastiques \u00a0 5\u00e8me C 26\u00a0 \u00e9l\u00e8ves professeur principal : MAURICE Nathalie \u00a0options Espagnol, Allemand, Italien, Latin, Arts plastiques 5\u00e8me D 28\u00a0 \u00e9l\u00e8ves [&hellip;]<\/p>\n","protected":false},"author":1,"featured_media":0,"parent":521,"menu_order":2,"comment_status":"closed","ping_status":"closed","template":"","meta":{"_acf_changed":false,"_et_pb_use_builder":"","_et_pb_old_content":"","_et_gb_content_width":"","footnotes":""},"class_list":["post-346","page","type-page","status-publish","hentry"],"acf":[],"yoast_head":"<!-- This site is optimized with the Yoast SEO plugin v27.4 - https:\/\/yoast.com\/product\/yoast-seo-wordpress\/ -->\n<title>Cinqui\u00e8mes - Coll\u00e8ge Notre-Dame des Collines<\/title>\n<meta name=\"robots\" content=\"index, follow, max-snippet:-1, max-image-preview:large, max-video-preview:-1\" \/>\n<link rel=\"canonical\" href=\"https:\/\/www.scolaire-collines.com\/college\/a-propos\/cinquiemes\/\" \/>\n<meta property=\"og:locale\" content=\"fr_FR\" \/>\n<meta property=\"og:type\" content=\"article\" \/>\n<meta property=\"og:title\" content=\"Cinqui\u00e8mes - Coll\u00e8ge Notre-Dame des Collines\" \/>\n<meta property=\"og:description\" content=\"5\u00e8me A 25\u00a0 \u00e9l\u00e8ves professeur principal : DI FALCO Dylan options Espagnol, Allemand, Italien, Latin, Arts plastiques \u00a0 5\u00e8me B 27\u00a0 \u00e9l\u00e8ves professeur principal : RABKA Edith \u00a0options Espagnol, Allemand, Italien, Latin, Arts plastiques \u00a0 5\u00e8me C 26\u00a0 \u00e9l\u00e8ves professeur principal : MAURICE Nathalie \u00a0options Espagnol, Allemand, Italien, Latin, Arts plastiques 5\u00e8me D 28\u00a0 \u00e9l\u00e8ves [&hellip;]\" \/>\n<meta property=\"og:url\" content=\"https:\/\/www.scolaire-collines.com\/college\/a-propos\/cinquiemes\/\" \/>\n<meta property=\"og:site_name\" content=\"Coll\u00e8ge Notre-Dame des Collines\" \/>\n<meta property=\"article:modified_time\" content=\"2022-11-17T10:28:20+00:00\" \/>\n<meta name=\"twitter:card\" content=\"summary_large_image\" \/>\n<script type=\"application\/ld+json\" class=\"yoast-schema-graph\">{\"@context\":\"https:\\\/\\\/schema.org\",\"@graph\":[{\"@type\":\"WebPage\",\"@id\":\"https:\\\/\\\/www.scolaire-collines.com\\\/college\\\/a-propos\\\/cinquiemes\\\/\",\"url\":\"https:\\\/\\\/www.scolaire-collines.com\\\/college\\\/a-propos\\\/cinquiemes\\\/\",\"name\":\"Cinqui\u00e8mes - Coll\u00e8ge Notre-Dame des Collines\",\"isPartOf\":{\"@id\":\"https:\\\/\\\/www.scolaire-collines.com\\\/college\\\/#website\"},\"datePublished\":\"2019-01-21T07:00:31+00:00\",\"dateModified\":\"2022-11-17T10:28:20+00:00\",\"breadcrumb\":{\"@id\":\"https:\\\/\\\/www.scolaire-collines.com\\\/college\\\/a-propos\\\/cinquiemes\\\/#breadcrumb\"},\"inLanguage\":\"fr-FR\",\"potentialAction\":[{\"@type\":\"ReadAction\",\"target\":[\"https:\\\/\\\/www.scolaire-collines.com\\\/college\\\/a-propos\\\/cinquiemes\\\/\"]}]},{\"@type\":\"BreadcrumbList\",\"@id\":\"https:\\\/\\\/www.scolaire-collines.com\\\/college\\\/a-propos\\\/cinquiemes\\\/#breadcrumb\",\"itemListElement\":[{\"@type\":\"ListItem\",\"position\":1,\"name\":\"Accueil\",\"item\":\"https:\\\/\\\/www.scolaire-collines.com\\\/college\\\/\"},{\"@type\":\"ListItem\",\"position\":2,\"name\":\"Les classes\",\"item\":\"https:\\\/\\\/www.scolaire-collines.com\\\/college\\\/a-propos\\\/\"},{\"@type\":\"ListItem\",\"position\":3,\"name\":\"Cinqui\u00e8mes\"}]},{\"@type\":\"WebSite\",\"@id\":\"https:\\\/\\\/www.scolaire-collines.com\\\/college\\\/#website\",\"url\":\"https:\\\/\\\/www.scolaire-collines.com\\\/college\\\/\",\"name\":\"Coll\u00e8ge Notre-Dame des Collines\",\"description\":\"Un coll\u00e8ge qui fait grandir\",\"potentialAction\":[{\"@type\":\"SearchAction\",\"target\":{\"@type\":\"EntryPoint\",\"urlTemplate\":\"https:\\\/\\\/www.scolaire-collines.com\\\/college\\\/?s={search_term_string}\"},\"query-input\":{\"@type\":\"PropertyValueSpecification\",\"valueRequired\":true,\"valueName\":\"search_term_string\"}}],\"inLanguage\":\"fr-FR\"}]}<\/script>\n<!-- \/ Yoast SEO plugin. -->","yoast_head_json":{"title":"Cinqui\u00e8mes - Coll\u00e8ge Notre-Dame des Collines","robots":{"index":"index","follow":"follow","max-snippet":"max-snippet:-1","max-image-preview":"max-image-preview:large","max-video-preview":"max-video-preview:-1"},"canonical":"https:\/\/www.scolaire-collines.com\/college\/a-propos\/cinquiemes\/","og_locale":"fr_FR","og_type":"article","og_title":"Cinqui\u00e8mes - Coll\u00e8ge Notre-Dame des Collines","og_description":"5\u00e8me A 25\u00a0 \u00e9l\u00e8ves professeur principal : DI FALCO Dylan options Espagnol, Allemand, Italien, Latin, Arts plastiques \u00a0 5\u00e8me B 27\u00a0 \u00e9l\u00e8ves professeur principal : RABKA Edith \u00a0options Espagnol, Allemand, Italien, Latin, Arts plastiques \u00a0 5\u00e8me C 26\u00a0 \u00e9l\u00e8ves professeur principal : MAURICE Nathalie \u00a0options Espagnol, Allemand, Italien, Latin, Arts plastiques 5\u00e8me D 28\u00a0 \u00e9l\u00e8ves [&hellip;]","og_url":"https:\/\/www.scolaire-collines.com\/college\/a-propos\/cinquiemes\/","og_site_name":"Coll\u00e8ge Notre-Dame des Collines","article_modified_time":"2022-11-17T10:28:20+00:00","twitter_card":"summary_large_image","schema":{"@context":"https:\/\/schema.org","@graph":[{"@type":"WebPage","@id":"https:\/\/www.scolaire-collines.com\/college\/a-propos\/cinquiemes\/","url":"https:\/\/www.scolaire-collines.com\/college\/a-propos\/cinquiemes\/","name":"Cinqui\u00e8mes - Coll\u00e8ge Notre-Dame des Collines","isPartOf":{"@id":"https:\/\/www.scolaire-collines.com\/college\/#website"},"datePublished":"2019-01-21T07:00:31+00:00","dateModified":"2022-11-17T10:28:20+00:00","breadcrumb":{"@id":"https:\/\/www.scolaire-collines.com\/college\/a-propos\/cinquiemes\/#breadcrumb"},"inLanguage":"fr-FR","potentialAction":[{"@type":"ReadAction","target":["https:\/\/www.scolaire-collines.com\/college\/a-propos\/cinquiemes\/"]}]},{"@type":"BreadcrumbList","@id":"https:\/\/www.scolaire-collines.com\/college\/a-propos\/cinquiemes\/#breadcrumb","itemListElement":[{"@type":"ListItem","position":1,"name":"Accueil","item":"https:\/\/www.scolaire-collines.com\/college\/"},{"@type":"ListItem","position":2,"name":"Les classes","item":"https:\/\/www.scolaire-collines.com\/college\/a-propos\/"},{"@type":"ListItem","position":3,"name":"Cinqui\u00e8mes"}]},{"@type":"WebSite","@id":"https:\/\/www.scolaire-collines.com\/college\/#website","url":"https:\/\/www.scolaire-collines.com\/college\/","name":"Coll\u00e8ge Notre-Dame des Collines","description":"Un coll\u00e8ge qui fait grandir","potentialAction":[{"@type":"SearchAction","target":{"@type":"EntryPoint","urlTemplate":"https:\/\/www.scolaire-collines.com\/college\/?s={search_term_string}"},"query-input":{"@type":"PropertyValueSpecification","valueRequired":true,"valueName":"search_term_string"}}],"inLanguage":"fr-FR"}]}},"_links":{"self":[{"href":"http:\/\/www.scolaire-collines.com\/college\/wp-json\/wp\/v2\/pages\/346","targetHints":{"allow":["GET"]}}],"collection":[{"href":"http:\/\/www.scolaire-collines.com\/college\/wp-json\/wp\/v2\/pages"}],"about":[{"href":"http:\/\/www.scolaire-collines.com\/college\/wp-json\/wp\/v2\/types\/page"}],"author":[{"embeddable":true,"href":"http:\/\/www.scolaire-collines.com\/college\/wp-json\/wp\/v2\/users\/1"}],"replies":[{"embeddable":true,"href":"http:\/\/www.scolaire-collines.com\/college\/wp-json\/wp\/v2\/comments?post=346"}],"version-history":[{"count":9,"href":"http:\/\/www.scolaire-collines.com\/college\/wp-json\/wp\/v2\/pages\/346\/revisions"}],"predecessor-version":[{"id":2753,"href":"http:\/\/www.scolaire-collines.com\/college\/wp-json\/wp\/v2\/pages\/346\/revisions\/2753"}],"up":[{"embeddable":true,"href":"http:\/\/www.scolaire-collines.com\/college\/wp-json\/wp\/v2\/pages\/521"}],"wp:attachment":[{"href":"http:\/\/www.scolaire-collines.com\/college\/wp-json\/wp\/v2\/media?parent=346"}],"curies":[{"name":"wp","href":"https:\/\/api.w.org\/{rel}","templated":true}]}}

Cinquièmes

<h3><span style="color: #0000ff; font-family: arial, helvetica, sans-serif;"><strong><span style="color: #99cc00;">5ème A</span> </strong></span></h3>
<p><span style="font-family: arial, helvetica, sans-serif;">25  élèves</span></p>
<p><span style="font-family: arial, helvetica, sans-serif;"><strong>professeur principal : DI FALCO Dylan<br />
</strong></span></p>
<p><span style="font-family: arial, helvetica, sans-serif;"><strong>options Espagnol, Allemand, Italien, Latin, Arts plastiques<br />
</strong></span></p>
<p><span style="font-family: arial, helvetica, sans-serif;"><strong> </strong></span></p>
<h3><span style="color: #99cc00; font-family: arial, helvetica, sans-serif;"><strong>5ème B</strong></span></h3>
<p><span style="font-family: arial, helvetica, sans-serif;">27  élèves</span></p>
<p><span style="font-family: arial, helvetica, sans-serif;"><strong>professeur principal : RABKA Edith<br />
</strong></span></p>
<p><span style="font-family: arial, helvetica, sans-serif;"><strong> options Espagnol, Allemand, Italien, Latin, Arts plastiques<br />
</strong></span></p>
<p><span style="font-family: arial, helvetica, sans-serif;"><strong> </strong></span></p>
<h3><span style="color: #99cc00; font-family: arial, helvetica, sans-serif;"><strong>5ème C</strong></span></h3>
<p><span style="font-family: arial, helvetica, sans-serif;">26  élèves</span></p>
<p><span style="font-family: arial, helvetica, sans-serif;"><strong>professeur principal : MAURICE Nathalie<br />
</strong></span></p>
<p><span style="font-family: arial, helvetica, sans-serif;"><strong> options Espagnol, Allemand, Italien, Latin, Arts plastiques</strong></span></p>
<h3><span style="color: #99cc00; font-family: arial, helvetica, sans-serif;"><strong>5ème D</strong></span></h3>
<p><span style="font-family: arial, helvetica, sans-serif;">28  élèves</span></p>
<p><span style="font-family: arial, helvetica, sans-serif;"><strong>professeur principal : <span style="font-size: 12pt;">DAVEY Marie-Raphaële<br />
</span></strong></span></p>
<p><strong><span style="font-family: arial, helvetica, sans-serif;"> options Espagnol, Allemand, Italien, Latin, Arts plastiques</span></strong></p>
<h3><strong><span style="font-family: arial, helvetica, sans-serif;"><span style="color: #0000ff;"> </span></span></strong></h3>
<h3><span style="color: #99cc00; font-family: arial, helvetica, sans-serif;"><strong>5ème E</strong></span></h3>
<p><span style="font-family: arial, helvetica, sans-serif;">26 élèves</span></p>
<p><span style="font-family: arial, helvetica, sans-serif;"><strong>professeur principal : ENHARI Séverine<br />
</strong></span></p>
<p><span style="font-family: arial, helvetica, sans-serif;"><strong> options Espagnol, Allemand, Italien, Latin, Arts plastiques</strong></span></p>

<p>5ème A 25  élèves professeur principal : DI FALCO Dylan options Espagnol, Allemand, Italien, Latin, Arts plastiques   5ème B 27  élèves professeur principal : RABKA Edith  options Espagnol, Allemand, Italien, Latin, Arts plastiques   5ème C 26  élèves professeur principal : MAURICE Nathalie  options Espagnol, Allemand, Italien, Latin, Arts plastiques 5ème D 28  élèves [&hellip;]</p>

<!-- This site is optimized with the Yoast SEO plugin v27.4 - https://yoast.com/product/yoast-seo-wordpress/ -->
<title>Cinquièmes - Collège Notre-Dame des Collines</title>
<meta name="robots" content="index, follow, max-snippet:-1, max-image-preview:large, max-video-preview:-1" />
<link rel="canonical" href="https://www.scolaire-collines.com/college/a-propos/cinquiemes/" />
<meta property="og:locale" content="fr_FR" />
<meta property="og:type" content="article" />
<meta property="og:title" content="Cinquièmes - Collège Notre-Dame des Collines" />
<meta property="og:description" content="5ème A 25  élèves professeur principal : DI FALCO Dylan options Espagnol, Allemand, Italien, Latin, Arts plastiques   5ème B 27  élèves professeur principal : RABKA Edith  options Espagnol, Allemand, Italien, Latin, Arts plastiques   5ème C 26  élèves professeur principal : MAURICE Nathalie  options Espagnol, Allemand, Italien, Latin, Arts plastiques 5ème D 28  élèves [&hellip;]" />
<meta property="og:url" content="https://www.scolaire-collines.com/college/a-propos/cinquiemes/" />
<meta property="og:site_name" content="Collège Notre-Dame des Collines" />
<meta property="article:modified_time" content="2022-11-17T10:28:20+00:00" />
<meta name="twitter:card" content="summary_large_image" />
<script type="application/ld+json" class="yoast-schema-graph">{"@context":"https:\/\/schema.org","@graph":[{"@type":"WebPage","@id":"https:\/\/www.scolaire-collines.com\/college\/a-propos\/cinquiemes\/","url":"https:\/\/www.scolaire-collines.com\/college\/a-propos\/cinquiemes\/","name":"Cinquièmes - Collège Notre-Dame des Collines","isPartOf":{"@id":"https:\/\/www.scolaire-collines.com\/college\/#website"},"datePublished":"2019-01-21T07:00:31+00:00","dateModified":"2022-11-17T10:28:20+00:00","breadcrumb":{"@id":"https:\/\/www.scolaire-collines.com\/college\/a-propos\/cinquiemes\/#breadcrumb"},"inLanguage":"fr-FR","potentialAction":[{"@type":"ReadAction","target":["https:\/\/www.scolaire-collines.com\/college\/a-propos\/cinquiemes\/"]}]},{"@type":"BreadcrumbList","@id":"https:\/\/www.scolaire-collines.com\/college\/a-propos\/cinquiemes\/#breadcrumb","itemListElement":[{"@type":"ListItem","position":1,"name":"Accueil","item":"https:\/\/www.scolaire-collines.com\/college\/"},{"@type":"ListItem","position":2,"name":"Les classes","item":"https:\/\/www.scolaire-collines.com\/college\/a-propos\/"},{"@type":"ListItem","position":3,"name":"Cinquièmes"}]},{"@type":"WebSite","@id":"https:\/\/www.scolaire-collines.com\/college\/#website","url":"https:\/\/www.scolaire-collines.com\/college\/","name":"Collège Notre-Dame des Collines","description":"Un collège qui fait grandir","potentialAction":[{"@type":"SearchAction","target":{"@type":"EntryPoint","urlTemplate":"https:\/\/www.scolaire-collines.com\/college\/?s={search_term_string}"},"query-input":{"@type":"PropertyValueSpecification","valueRequired":true,"valueName":"search_term_string"}}],"inLanguage":"fr-FR"}]}</script>
<!-- / Yoast SEO plugin. -->

Cinquièmes - Collège Notre-Dame des Collines

5ème A 25  élèves professeur principal : DI FALCO Dylan options Espagnol, Allemand, Italien, Latin, Arts plastiques   5ème B 27  élèves professeur principal : RABKA Edith  options Espagnol, Allemand, Italien, Latin, Arts plastiques   5ème C 26  élèves professeur principal : MAURICE Nathalie  options Espagnol, Allemand, Italien, Latin, Arts plastiques 5ème D 28  élèves [&hellip;]

Collège Notre-Dame des Collines

Un collège qui fait grandir
